Nov 12 06:33:59 cirrus-task-4556465673863168 docker-registry[832]: time="2024-11-12T06:33:59.784143149-06:00" level=info msg="response completed" go.version=go1.19.9 http.request.host="127.0.0.1:60333" http.request.id=3c4737c8-c536-4ba1-9728-0db60759eed6 http.request.method=GET http.request.remoteaddr="127.0.0.1:56928" http.request.uri="/v2/libpod/testimage/blobs/sha256:b12a2464d6ddf7ea48c8a95f4da7f96ce144c5276bbeebf602d5d5d0592e4bd2" http.request.useragent="containers/5.33.0-dev (github.com/containers/image)" http.response.contenttype="application/octet-stream" http.response.duration=72.019222ms http.response.status=200 http.response.written=828417
Nov 12 06:33:59 cirrus-task-4556465673863168 docker-registry[832]: 127.0.0.1 - - [12/Nov/2024:06:33:59 -0600] "GET /v2/libpod/testimage/blobs/sha256:b12a2464d6ddf7ea48c8a95f4da7f96ce144c5276bbeebf602d5d5d0592e4bd2 HTTP/1.1" 200 828417 "" "containers/5.33.0-dev (github.com/containers/image)"
Nov 12 06:33:59 cirrus-task-4556465673863168 systemd[1]: tmp-CI_F1d6-podman\x2de2e\x2d2142878116-subtest\x2d4249676845-root-overlay.mount: Deactivated successfully.
Nov 12 06:33:59 cirrus-task-4556465673863168 systemd[1]: tmp-CI_F1d6-podman\x2de2e\x2d2142878116-subtest\x2d2359008315-root-overlay.mount: Deactivated successfully.
Nov 12 06:33:59 cirrus-task-4556465673863168 docker-registry[832]: time="2024-11-12T06:33:59.810483564-06:00" level=info msg="response completed" go.version=go1.19.9 http.request.host="127.0.0.1:60333" http.request.id=6c78a96e-5308-400a-a8dc-f010b0de318e http.request.method=GET http.request.remoteaddr="127.0.0.1:56928" http.request.uri="/v2/libpod/testimage/blobs/sha256:ca9d74fb2502b1562d286fe580a20614571f2bad81654181bc35121b7869c010" http.request.useragent="containers/5.33.0-dev (github.com/containers/image)" http.response.contenttype="application/octet-stream" http.response.duration=13.036243ms http.response.status=200 http.response.written=1472
Nov 12 06:33:59 cirrus-task-4556465673863168 docker-registry[832]: 127.0.0.1 - - [12/Nov/2024:06:33:59 -0600] "GET /v2/libpod/testimage/blobs/sha256:ca9d74fb2502b1562d286fe580a20614571f2bad81654181bc35121b7869c010 HTTP/1.1" 200 1472 "" "containers/5.33.0-dev (github.com/containers/image)"
Nov 12 06:33:59 cirrus-task-4556465673863168 docker-registry[832]: time="2024-11-12T06:33:59.816995064-06:00" level=info msg="response completed" go.version=go1.19.9 http.request.host="127.0.0.1:60333" http.request.id=6aa2996d-a4a5-4884-b7aa-173b2b13787c http.request.method=GET http.request.remoteaddr="127.0.0.1:57000" http.request.uri="/v2/libpod/testimage/blobs/sha256:ca9d74fb2502b1562d286fe580a20614571f2bad81654181bc35121b7869c010" http.request.useragent="containers/5.33.0-dev (github.com/containers/image)" http.response.contenttype="application/octet-stream" http.response.duration=14.963174ms http.response.status=200 http.response.written=1472
Nov 12 06:33:59 cirrus-task-4556465673863168 docker-registry[832]: 127.0.0.1 - - [12/Nov/2024:06:33:59 -0600] "GET /v2/libpod/testimage/blobs/sha256:ca9d74fb2502b1562d286fe580a20614571f2bad81654181bc35121b7869c010 HTTP/1.1" 200 1472 "" "containers/5.33.0-dev (github.com/containers/image)"
Nov 12 06:33:59 cirrus-task-4556465673863168 docker-registry[832]: time="2024-11-12T06:33:59.81968305-06:00" level=info msg="response completed" go.version=go1.19.9 http.request.host="127.0.0.1:60333" http.request.id=6cd96ce9-00b6-40cb-8540-c37206bde7dd http.request.method=GET http.request.remoteaddr="127.0.0.1:56928" http.request.uri="/v2/libpod/testimage/manifests/sha256:9b7c3300f5f7cfe94e3101a28d1f0a28728f8dbc854fb16dd545b7e5aa351785" http.request.useragent="containers/5.33.0-dev (github.com/containers/image)" http.response.contenttype="application/vnd.docker.distribution.manifest.v2+json" http.response.duration=4.768798ms http.response.status=200 http.response.written=528
Nov 12 06:33:59 cirrus-task-4556465673863168 docker-registry[832]: 127.0.0.1 - - [12/Nov/2024:06:33:59 -0600] "GET /v2/libpod/testimage/manifests/sha256:9b7c3300f5f7cfe94e3101a28d1f0a28728f8dbc854fb16dd545b7e5aa351785 HTTP/1.1" 200 528 "" "containers/5.33.0-dev (github.com/containers/image)"
Nov 12 06:33:59 cirrus-task-4556465673863168 docker-registry[832]: time="2024-11-12T06:33:59.825575813-06:00" level=info msg="response completed" go.version=go1.19.9 http.request.host="127.0.0.1:60333" http.request.id=271bf302-a938-4c8f-92eb-d6debc1eb33f http.request.method=GET http.request.remoteaddr="127.0.0.1:57000" http.request.uri="/v2/libpod/testimage/manifests/sha256:9b7c3300f5f7cfe94e3101a28d1f0a28728f8dbc854fb16dd545b7e5aa351785" http.request.useragent="containers/5.33.0-dev (github.com/containers/image)" http.response.contenttype="application/vnd.docker.distribution.manifest.v2+json" http.response.duration=6.953456ms http.response.status=200 http.response.written=528
Nov 12 06:33:59 cirrus-task-4556465673863168 docker-registry[832]: 127.0.0.1 - - [12/Nov/2024:06:33:59 -0600] "GET /v2/libpod/testimage/manifests/sha256:9b7c3300f5f7cfe94e3101a28d1f0a28728f8dbc854fb16dd545b7e5aa351785 HTTP/1.1" 200 528 "" "containers/5.33.0-dev (github.com/containers/image)"
Nov 12 06:33:59 cirrus-task-4556465673863168 registry[26571]: time="2024-11-12T12:33:59.916172703Z" level=info msg="response completed" go.version=go1.19.9 http.request.contenttype="application/octet-stream" http.request.host="localhost:5007" http.request.id=dfac6826-c240-423b-a3b5-09526b3c87e0 http.request.method=PATCH http.request.remoteaddr="10.88.0.1:53034" http.request.uri="/v2/list/blobs/uploads/7f13f2c3-b3d4-4003-b072-3af820cd6a58?_state=BiebgeSzINBx5K-t1tXVyEW4_D60iSeGS5e-_EGumSd7Ik5hbWUiOiJsaXN0IiwiVVVJRCI6IjdmMTNmMmMzLWIzZDQtNDAwMy1iMDcyLTNhZjgyMGNkNmE1OCIsIk9mZnNldCI6MCwiU3RhcnRlZEF0IjoiMjAyNC0xMS0xMlQxMjozMzo1OS43NzE2ODE3OTdaIn0%3D" http.request.useragent="containers/5.33.0-dev (github.com/containers/image)" http.response.duration=143.061232ms http.response.status=202 http.response.written=0
Nov 12 06:33:59 cirrus-task-4556465673863168 registry[26571]: 10.88.0.1 - - [12/Nov/2024:12:33:59 +0000] "PATCH /v2/list/blobs/uploads/7f13f2c3-b3d4-4003-b072-3af820cd6a58?_state=BiebgeSzINBx5K-t1tXVyEW4_D60iSeGS5e-_EGumSd7Ik5hbWUiOiJsaXN0IiwiVVVJRCI6IjdmMTNmMmMzLWIzZDQtNDAwMy1iMDcyLTNhZjgyMGNkNmE1OCIsIk9mZnNldCI6MCwiU3RhcnRlZEF0IjoiMjAyNC0xMS0xMlQxMjozMzo1OS43NzE2ODE3OTdaIn0%3D HTTP/1.1" 202 0 "" "containers/5.33.0-dev (github.com/containers/image)"
Nov 12 06:33:59 cirrus-task-4556465673863168 docker-registry[832]: time="2024-11-12T06:33:59.917891493-06:00" level=info msg="response completed" go.version=go1.19.9 http.request.host="127.0.0.1:60333" http.request.id=56d4afc1-ae5f-4052-bebc-9d2543a0ce91 http.request.method=GET http.request.remoteaddr="127.0.0.1:57000" http.request.uri="/v2/libpod/testimage/blobs/sha256:ab2e5f71a4d6151a9bb1a817127668f0e66550791deb8463e1c6276c049d58ab" http.request.useragent="containers/5.33.0-dev (github.com/containers/image)" http.response.contenttype="application/octet-stream" http.response.duration=89.995625ms http.response.status=200 http.response.written=2484109
Nov 12 06:33:59 cirrus-task-4556465673863168 docker-registry[832]: 127.0.0.1 - - [12/Nov/2024:06:33:59 -0600] "GET /v2/libpod/testimage/blobs/sha256:ab2e5f71a4d6151a9bb1a817127668f0e66550791deb8463e1c6276c049d58ab HTTP/1.1" 200 2484109 "" "containers/5.33.0-dev (github.com/containers/image)"
Nov 12 06:33:59 cirrus-task-4556465673863168 registry[26571]: 10.88.0.1 - - [12/Nov/2024:12:33:59 +0000] "PUT /v2/list/blobs/uploads/7f13f2c3-b3d4-4003-b072-3af820cd6a58?_state=WnLecVBd7ikelmMbyAvyf9rKtPWnL6dLUioc-5rOjTt7Ik5hbWUiOiJsaXN0IiwiVVVJRCI6IjdmMTNmMmMzLWIzZDQtNDAwMy1iMDcyLTNhZjgyMGNkNmE1OCIsIk9mZnNldCI6Mjg4NjU5NCwiU3RhcnRlZEF0IjoiMjAyNC0xMS0xMlQxMjozMzo1OVoifQ%3D%3D&digest=sha256%3Abb6b46d16e58dbf20dacaeae92aa0d7418ef71a3f80de2b812b3ebf5318b7071 HTTP/1.1" 201 0 "" "containers/5.33.0-dev (github.com/containers/image)"
Nov 12 06:33:59 cirrus-task-4556465673863168 registry[26571]: time="2024-11-12T12:33:59.921308766Z" level=info msg="response completed" go.version=go1.19.9 http.request.contenttype="application/octet-stream" http.request.host="localhost:5007" http.request.id=12d86c5d-0932-415a-8ccd-c2a2f6129d34 http.request.method=PUT http.request.remoteaddr="10.88.0.1:53034" http.request.uri="/v2/list/blobs/uploads/7f13f2c3-b3d4-4003-b072-3af820cd6a58?_state=WnLecVBd7ikelmMbyAvyf9rKtPWnL6dLUioc-5rOjTt7Ik5hbWUiOiJsaXN0IiwiVVVJRCI6IjdmMTNmMmMzLWIzZDQtNDAwMy1iMDcyLTNhZjgyMGNkNmE1OCIsIk9mZnNldCI6Mjg4NjU5NCwiU3RhcnRlZEF0IjoiMjAyNC0xMS0xMlQxMjozMzo1OVoifQ%3D%3D&digest=sha256%3Abb6b46d16e58dbf20dacaeae92aa0d7418ef71a3f80de2b812b3ebf5318b7071" http.request.useragent="containers/5.33.0-dev (github.com/containers/image)" http.response.duration=3.423891ms http.response.status=201 http.response.written=0
Nov 12 06:33:59 cirrus-task-4556465673863168 docker-registry[832]: time="2024-11-12T06:33:59.927195353-06:00" level=info msg="response completed" go.version=go1.19.9 http.request.host="127.0.0.1:60333" http.request.id=efb81110-fdf8-4c44-9e9f-f2a39c73e1c6 http.request.method=GET http.request.remoteaddr="127.0.0.1:56928" http.request.uri="/v2/libpod/testimage/blobs/sha256:ab2e5f71a4d6151a9bb1a817127668f0e66550791deb8463e1c6276c049d58ab" http.request.useragent="containers/5.33.0-dev (github.com/containers/image)" http.response.contenttype="application/octet-stream" http.response.duration=103.811611ms http.response.status=200 http.response.written=2484109
Nov 12 06:33:59 cirrus-task-4556465673863168 docker-registry[832]: 127.0.0.1 - - [12/Nov/2024:06:33:59 -0600] "GET /v2/libpod/testimage/blobs/sha256:ab2e5f71a4d6151a9bb1a817127668f0e66550791deb8463e1c6276c049d58ab HTTP/1.1" 200 2484109 "" "containers/5.33.0-dev (github.com/containers/image)"
Nov 12 06:33:59 cirrus-task-4556465673863168 registry[26571]: 10.88.0.1 - - [12/Nov/2024:12:33:59 +0000] "HEAD /v2/list/blobs/sha256:961769676411f082461f9ef46626dd7a2d1e2b2a38e6a44364bcbecf51e66dd4 HTTP/1.1" 404 157 "" "containers/5.33.0-dev (github.com/containers/image)"
Nov 12 06:33:59 cirrus-task-4556465673863168 registry[26571]: time="2024-11-12T12:33:59.933719854Z" level=error msg="response completed with error" err.code="blob unknown" err.detail=sha256:961769676411f082461f9ef46626dd7a2d1e2b2a38e6a44364bcbecf51e66dd4 err.message="blob unknown to registry" go.version=go1.19.9 http.request.host="localhost:5007" http.request.id=de33874a-f2ea-411c-bc59-81d54ab78cf8 http.request.method=HEAD http.request.remoteaddr="10.88.0.1:53034" http.request.uri="/v2/list/blobs/sha256:961769676411f082461f9ef46626dd7a2d1e2b2a38e6a44364bcbecf51e66dd4" http.request.useragent="containers/5.33.0-dev (github.com/containers/image)" http.response.contenttype="application/json; charset=utf-8" http.response.duration=4.794056ms http.response.status=404 http.response.written=157 vars.digest="sha256:961769676411f082461f9ef46626dd7a2d1e2b2a38e6a44364bcbecf51e66dd4" vars.name=list
Nov 12 06:33:59 cirrus-task-4556465673863168 registry[26571]: 10.88.0.1 - - [12/Nov/2024:12:33:59 +0000] "POST /v2/list/blobs/uploads/ HTTP/1.1" 202 0 "" "containers/5.33.0-dev (github.com/containers/image)"
Nov 12 06:33:59 cirrus-task-4556465673863168 registry[26571]: time="2024-11-12T12:33:59.937209011Z" level=info msg="response completed" go.version=go1.19.9 http.request.host="localhost:5007" http.request.id=e95a99cf-f81f-4ee9-94ad-c4e8094913f2 http.request.method=POST http.request.remoteaddr="10.88.0.1:53034" http.request.uri="/v2/list/blobs/uploads/" http.request.useragent="containers/5.33.0-dev (github.com/containers/image)" http.response.duration=2.084028ms http.response.status=202 http.response.written=0
Nov 12 06:33:59 cirrus-task-4556465673863168 registry[26571]: 10.88.0.1 - - [12/Nov/2024:12:33:59 +0000] "PATCH /v2/list/blobs/uploads/b82d2382-87a7-4ed4-a592-04684a743469?_state=WTUhQtZ0GlGGzbgVrIYuKE0HV15bxWshCC9ukAof8nN7Ik5hbWUiOiJsaXN0IiwiVVVJRCI6ImI4MmQyMzgyLTg3YTctNGVkNC1hNTkyLTA0Njg0YTc0MzQ2OSIsIk9mZnNldCI6MCwiU3RhcnRlZEF0IjoiMjAyNC0xMS0xMlQxMjozMzo1OS45MzY2ODA5MzhaIn0%3D HTTP/1.1" 202 0 "" "containers/5.33.0-dev (github.com/containers/image)"
Nov 12 06:33:59 cirrus-task-4556465673863168 registry[26571]: time="2024-11-12T12:33:59.940226072Z" level=info msg="response completed" go.version=go1.19.9 http.request.contenttype="application/octet-stream" http.request.host="localhost:5007" http.request.id=85fe42cd-8b9d-4b63-aacc-417adbb16880 http.request.method=PATCH http.request.remoteaddr="10.88.0.1:53034" http.request.uri="/v2/list/blobs/uploads/b82d2382-87a7-4ed4-a592-04684a743469?_state=WTUhQtZ0GlGGzbgVrIYuKE0HV15bxWshCC9ukAof8nN7Ik5hbWUiOiJsaXN0IiwiVVVJRCI6ImI4MmQyMzgyLTg3YTctNGVkNC1hNTkyLTA0Njg0YTc0MzQ2OSIsIk9mZnNldCI6MCwiU3RhcnRlZEF0IjoiMjAyNC0xMS0xMlQxMjozMzo1OS45MzY2ODA5MzhaIn0%3D" http.request.useragent="containers/5.33.0-dev (github.com/containers/image)" http.response.duration=2.579661ms http.response.status=202 http.response.written=0
Nov 12 06:33:59 cirrus-task-4556465673863168 registry[26571]: time="2024-11-12T12:33:59.946189874Z" level=info msg="response completed" go.version=go1.19.9 http.request.contenttype="application/octet-stream" http.request.host="localhost:5007" http.request.id=ac465a79-5e2b-4f3e-aaf0-159d6c9c690f http.request.method=PUT http.request.remoteaddr="10.88.0.1:53034" http.request.uri="/v2/list/blobs/uploads/b82d2382-87a7-4ed4-a592-04684a743469?_state=mPigBiO9Rq9hOhK-hbsCvmvlbf71xUV91Kv-vA5uSQ17Ik5hbWUiOiJsaXN0IiwiVVVJRCI6ImI4MmQyMzgyLTg3YTctNGVkNC1hNTkyLTA0Njg0YTc0MzQ2OSIsIk9mZnNldCI6MTUxMiwiU3RhcnRlZEF0IjoiMjAyNC0xMS0xMlQxMjozMzo1OVoifQ%3D%3D&digest=sha256%3A961769676411f082461f9ef46626dd7a2d1e2b2a38e6a44364bcbecf51e66dd4" http.request.useragent="containers/5.33.0-dev (github.com/containers/image)" http.response.duration=4.542281ms http.response.status=201 http.response.written=0
Nov 12 06:33:59 cirrus-task-4556465673863168 registry[26571]: 10.88.0.1 - - [12/Nov/2024:12:33:59 +0000] "PUT /v2/list/blobs/uploads/b82d2382-87a7-4ed4-a592-04684a743469?_state=mPigBiO9Rq9hOhK-hbsCvmvlbf71xUV91Kv-vA5uSQ17Ik5hbWUiOiJsaXN0IiwiVVVJRCI6ImI4MmQyMzgyLTg3YTctNGVkNC1hNTkyLTA0Njg0YTc0MzQ2OSIsIk9mZnNldCI6MTUxMiwiU3RhcnRlZEF0IjoiMjAyNC0xMS0xMlQxMjozMzo1OVoifQ%3D%3D&digest=sha256%3A961769676411f082461f9ef46626dd7a2d1e2b2a38e6a44364bcbecf51e66dd4 HTTP/1.1" 201 0 "" "containers/5.33.0-dev (github.com/containers/image)"
Nov 12 06:33:59 cirrus-task-4556465673863168 docker-registry[832]: time="2024-11-12T06:33:59.949085174-06:00" level=info msg="response completed" go.version=go1.19.9 http.request.host="127.0.0.1:60333" http.request.id=537cfeed-c1ac-4741-b2f6-1a8b19ca793b http.request.method=GET http.request.remoteaddr="127.0.0.1:57000" http.request.uri="/v2/libpod/testimage/blobs/sha256:c8144b74d2570955931866eba4a0d1fdaf9a4a4adf48ded35d5a3ca8075a35df" http.request.useragent="containers/5.33.0-dev (github.com/containers/image)" http.response.contenttype="application/octet-stream" http.response.duration=4.914988ms http.response.status=200 http.response.written=1458
Nov 12 06:33:59 cirrus-task-4556465673863168 docker-registry[832]: 127.0.0.1 - - [12/Nov/2024:06:33:59 -0600] "GET /v2/libpod/testimage/blobs/sha256:c8144b74d2570955931866eba4a0d1fdaf9a4a4adf48ded35d5a3ca8075a35df HTTP/1.1" 200 1458 "" "containers/5.33.0-dev (github.com/containers/image)"
Nov 12 06:33:59 cirrus-task-4556465673863168 docker-registry[832]: time="2024-11-12T06:33:59.953283792-06:00" level=info msg="response completed" go.version=go1.19.9 http.request.host="127.0.0.1:60333" http.request.id=a81ccbce-cd7d-48a7-9c52-efa91aae26e7 http.request.method=GET http.request.remoteaddr="127.0.0.1:57000" http.request.uri="/v2/libpod/testimage/manifests/sha256:cb68b7bfd2f4f7d36006efbe3bef04b57a343e0839588476ca336d9ff9240dbf" http.request.useragent="containers/5.33.0-dev (github.com/containers/image)" http.response.contenttype="application/vnd.docker.distribution.manifest.v2+json" http.response.duration=2.671059ms http.response.status=200 http.response.written=528
Nov 12 06:33:59 cirrus-task-4556465673863168 docker-registry[832]: 127.0.0.1 - - [12/Nov/2024:06:33:59 -0600] "GET /v2/libpod/testimage/manifests/sha256:cb68b7bfd2f4f7d36006efbe3bef04b57a343e0839588476ca336d9ff9240dbf HTTP/1.1" 200 528 "" "containers/5.33.0-dev (github.com/containers/image)"
Nov 12 06:33:59 cirrus-task-4556465673863168 registry[26571]: 10.88.0.1 - - [12/Nov/2024:12:33:59 +0000] "PUT /v2/list/manifests/sha256:aeaa685034b386fe90ac983ff14af965366c8bd3e79cb047fc1a01efb087c054 HTTP/1.1" 201 0 "" "containers/5.33.0-dev (github.com/containers/image)"
Nov 12 06:33:59 cirrus-task-4556465673863168 registry[26571]: time="2024-11-12T12:33:59.953411846Z" level=info msg="response completed" go.version=go1.19.9 http.request.contenttype="application/vnd.docker.distribution.manifest.v2+json" http.request.host="localhost:5007" http.request.id=3bc0e5fd-6d01-4663-84e2-c8e9f5240f2f http.request.method=PUT http.request.remoteaddr="10.88.0.1:53034" http.request.uri="/v2/list/manifests/sha256:aeaa685034b386fe90ac983ff14af965366c8bd3e79cb047fc1a01efb087c054" http.request.useragent="containers/5.33.0-dev (github.com/containers/image)" http.response.duration=3.870569ms http.response.status=201 http.response.written=0
Nov 12 06:33:59 cirrus-task-4556465673863168 docker-registry[832]: time="2024-11-12T06:33:59.961662605-06:00" level=info msg="response completed" go.version=go1.19.9 http.request.host="127.0.0.1:60333" http.request.id=e60c45e7-9d09-40e6-a652-4f85dfde38b2 http.request.method=GET http.request.remoteaddr="127.0.0.1:56928" http.request.uri="/v2/libpod/testimage/blobs/sha256:c8144b74d2570955931866eba4a0d1fdaf9a4a4adf48ded35d5a3ca8075a35df" http.request.useragent="containers/5.33.0-dev (github.com/containers/image)" http.response.contenttype="application/octet-stream" http.response.duration=6.734612ms http.response.status=200 http.response.written=1458
Nov 12 06:33:59 cirrus-task-4556465673863168 docker-registry[832]: 127.0.0.1 - - [12/Nov/2024:06:33:59 -0600] "GET /v2/libpod/testimage/blobs/sha256:c8144b74d2570955931866eba4a0d1fdaf9a4a4adf48ded35d5a3ca8075a35df HTTP/1.1" 200 1458 "" "containers/5.33.0-dev (github.com/containers/image)"
Nov 12 06:33:59 cirrus-task-4556465673863168 docker-registry[832]: time="2024-11-12T06:33:59.965046112-06:00" level=info msg="response completed" go.version=go1.19.9 http.request.host="127.0.0.1:60333" http.request.id=abd0d738-2947-4f4d-9ff0-47e924a0731b http.request.method=GET http.request.remoteaddr="127.0.0.1:56928" http.request.uri="/v2/libpod/testimage/manifests/sha256:cb68b7bfd2f4f7d36006efbe3bef04b57a343e0839588476ca336d9ff9240dbf" http.request.useragent="containers/5.33.0-dev (github.com/containers/image)" http.response.contenttype="application/vnd.docker.distribution.manifest.v2+json" http.response.duration=1.860389ms http.response.status=200 http.response.written=528
Nov 12 06:33:59 cirrus-task-4556465673863168 docker-registry[832]: 127.0.0.1 - - [12/Nov/2024:06:33:59 -0600] "GET /v2/libpod/testimage/manifests/sha256:cb68b7bfd2f4f7d36006efbe3bef04b57a343e0839588476ca336d9ff9240dbf HTTP/1.1" 200 528 "" "containers/5.33.0-dev (github.com/containers/image)"
Nov 12 06:33:59 cirrus-task-4556465673863168 kernel: loop7: detected capacity change from 0 to 160
Nov 12 06:33:59 cirrus-task-4556465673863168 kernel: erofs: (device loop7): mounted with root inode @ nid 36.
Nov 12 06:33:59 cirrus-task-4556465673863168 audit: BPF prog-id=418 op=LOAD
Nov 12 06:33:59 cirrus-task-4556465673863168 systemd[1]: Started crun-buildah-buildah2800489806.scope - libcrun container.
Nov 12 06:33:59 cirrus-task-4556465673863168 audit: BPF prog-id=419 op=LOAD
Nov 12 06:33:59 cirrus-task-4556465673863168 audit: BPF prog-id=265 op=UNLOAD
Nov 12 06:33:59 cirrus-task-4556465673863168 audit: BPF prog-id=420 op=LOAD
Nov 12 06:33:59 cirrus-task-4556465673863168 audit: BPF prog-id=421 op=LOAD
Nov 12 06:33:59 cirrus-task-4556465673863168 audit: BPF prog-id=422 op=LOAD
Nov 12 06:33:59 cirrus-task-4556465673863168 audit: BPF prog-id=266 op=UNLOAD
Nov 12 06:33:59 cirrus-task-4556465673863168 audit: BPF prog-id=267 op=UNLOAD
Nov 12 06:33:59 cirrus-task-4556465673863168 audit: BPF prog-id=423 op=LOAD
Nov 12 06:33:59 cirrus-task-4556465673863168 audit: BPF prog-id=424 op=LOAD
Nov 12 06:33:59 cirrus-task-4556465673863168 audit: BPF prog-id=268 op=UNLOAD
Nov 12 06:33:59 cirrus-task-4556465673863168 audit: BPF prog-id=269 op=UNLOAD
Nov 12 06:33:59 cirrus-task-4556465673863168 audit: BPF prog-id=425 op=LOAD
Nov 12 06:33:59 cirrus-task-4556465673863168 audit: BPF prog-id=270 op=UNLOAD
Nov 12 06:33:59 cirrus-task-4556465673863168 audit: BPF prog-id=426 op=LOAD
Nov 12 06:33:59 cirrus-task-4556465673863168 audit: BPF prog-id=427 op=LOAD
Nov 12 06:33:59 cirrus-task-4556465673863168 audit: BPF prog-id=271 op=UNLOAD
Nov 12 06:33:59 cirrus-task-4556465673863168 audit: BPF prog-id=272 op=UNLOAD
Nov 12 06:33:59 cirrus-task-4556465673863168 audit: BPF prog-id=428 op=LOAD
Nov 12 06:33:59 cirrus-task-4556465673863168 audit: BPF prog-id=273 op=UNLOAD
Nov 12 06:33:59 cirrus-task-4556465673863168 audit: BPF prog-id=429 op=LOAD
Nov 12 06:33:59 cirrus-task-4556465673863168 audit: BPF prog-id=430 op=LOAD
Nov 12 06:33:59 cirrus-task-4556465673863168 audit: BPF prog-id=274 op=UNLOAD
Nov 12 06:33:59 cirrus-task-4556465673863168 audit: BPF prog-id=275 op=UNLOAD
Nov 12 06:34:00 cirrus-task-4556465673863168 audit: BPF prog-id=431 op=LOAD
Nov 12 06:34:00 cirrus-task-4556465673863168 audit: BPF prog-id=276 op=UNLOAD
Nov 12 06:34:00 cirrus-task-4556465673863168 audit: BPF prog-id=432 op=LOAD
Nov 12 06:34:00 cirrus-task-4556465673863168 audit: BPF prog-id=433 op=LOAD
Nov 12 06:34:00 cirrus-task-4556465673863168 audit: BPF prog-id=277 op=UNLOAD
Nov 12 06:34:00 cirrus-task-4556465673863168 audit: BPF prog-id=278 op=UNLOAD
Nov 12 06:34:00 cirrus-task-4556465673863168 audit: BPF prog-id=434 op=LOAD
Nov 12 06:34:00 cirrus-task-4556465673863168 audit: BPF prog-id=279 op=UNLOAD
Nov 12 06:34:00 cirrus-task-4556465673863168 audit: BPF prog-id=435 op=LOAD
Nov 12 06:34:00 cirrus-task-4556465673863168 audit: BPF prog-id=436 op=LOAD
Nov 12 06:34:00 cirrus-task-4556465673863168 audit: BPF prog-id=280 op=UNLOAD
Nov 12 06:34:00 cirrus-task-4556465673863168 audit: BPF prog-id=281 op=UNLOAD
Nov 12 06:34:00 cirrus-task-4556465673863168 audit: BPF prog-id=437 op=LOAD
Nov 12 06:34:00 cirrus-task-4556465673863168 audit: BPF prog-id=282 op=UNLOAD
Nov 12 06:34:00 cirrus-task-4556465673863168 audit: BPF prog-id=438 op=LOAD
Nov 12 06:34:00 cirrus-task-4556465673863168 audit: BPF prog-id=283 op=UNLOAD
Nov 12 06:34:00 cirrus-task-4556465673863168 audit: BPF prog-id=439 op=LOAD
Nov 12 06:34:00 cirrus-task-4556465673863168 audit: BPF prog-id=284 op=UNLOAD
Nov 12 06:34:00 cirrus-task-4556465673863168 audit: BPF prog-id=440 op=LOAD
Nov 12 06:34:00 cirrus-task-4556465673863168 audit: BPF prog-id=441 op=LOAD
Nov 12 06:34:00 cirrus-task-4556465673863168 audit: BPF prog-id=285 op=UNLOAD
Nov 12 06:34:00 cirrus-task-4556465673863168 audit: BPF prog-id=286 op=UNLOAD
Nov 12 06:34:00 cirrus-task-4556465673863168 kernel: podman0: port 2(veth1) entered blocking state
Nov 12 06:34:00 cirrus-task-4556465673863168 kernel: podman0: port 2(veth1) entered disabled state
Nov 12 06:34:00 cirrus-task-4556465673863168 kernel: veth1: entered allmulticast mode
Nov 12 06:34:00 cirrus-task-4556465673863168 kernel: veth1: entered promiscuous mode
Nov 12 06:34:00 cirrus-task-4556465673863168 audit: ANOM_PROMISCUOUS dev=veth1 prom=256 old_prom=0 auid=4294967295 uid=0 gid=0 ses=4294967295
Nov 12 06:34:00 cirrus-task-4556465673863168 NetworkManager[896]: [1731414840.0348] manager: (veth1): new Veth device (/org/freedesktop/NetworkManager/Devices/114)
Nov 12 06:34:00 cirrus-task-4556465673863168 kernel: podman0: port 2(veth1) entered blocking state
Nov 12 06:34:00 cirrus-task-4556465673863168 kernel: podman0: port 2(veth1) entered forwarding state
Nov 12 06:34:00 cirrus-task-4556465673863168 NetworkManager[896]: [1731414840.0517] device (veth1): carrier: link connected
Nov 12 06:34:00 cirrus-task-4556465673863168 registry[26571]: 10.88.0.1 - - [12/Nov/2024:12:34:00 +0000] "POST /v2/list/blobs/uploads/ HTTP/1.1" 202 0 "" "containers/5.33.0-dev (github.com/containers/image)"
Nov 12 06:34:00 cirrus-task-4556465673863168 registry[26571]: time="2024-11-12T12:34:00.054561933Z" level=info msg="response completed" go.version=go1.19.9 http.request.host="localhost:5007" http.request.id=6640e994-cfa8-432c-9220-935f9330da6a http.request.method=POST http.request.remoteaddr="10.88.0.1:53034" http.request.uri="/v2/list/blobs/uploads/" http.request.useragent="containers/5.33.0-dev (github.com/containers/image)" http.response.duration=1.74749ms http.response.status=202 http.response.written=0
Nov 12 06:34:00 cirrus-task-4556465673863168 docker-registry[832]: time="2024-11-12T06:34:00.064228252-06:00" level=info msg="response completed" go.version=go1.19.9 http.request.host="127.0.0.1:60333" http.request.id=4e59f519-6541-4fab-af67-89b32e4e97f9 http.request.method=GET http.request.remoteaddr="127.0.0.1:56928" http.request.uri="/v2/libpod/testimage/blobs/sha256:a2b63dd54b3be40c1c489ba648c26875b4fa20723b08158cce30784a6ecafdc0" http.request.useragent="containers/5.33.0-dev (github.com/containers/image)" http.response.contenttype="application/octet-stream" http.response.duration=98.325569ms http.response.status=200 http.response.written=2006977
Nov 12 06:34:00 cirrus-task-4556465673863168 docker-registry[832]: 127.0.0.1 - - [12/Nov/2024:06:33:59 -0600] "GET /v2/libpod/testimage/blobs/sha256:a2b63dd54b3be40c1c489ba648c26875b4fa20723b08158cce30784a6ecafdc0 HTTP/1.1" 200 2006977 "" "containers/5.33.0-dev (github.com/containers/image)"
Nov 12 06:34:00 cirrus-task-4556465673863168 docker-registry[832]: time="2024-11-12T06:34:00.067391028-06:00" level=info msg="response completed" go.version=go1.19.9 http.request.host="127.0.0.1:60333" http.request.id=6a85113b-b562-4bda-a79b-35e81165fd62 http.request.method=GET http.request.remoteaddr="127.0.0.1:57000" http.request.uri="/v2/libpod/testimage/blobs/sha256:a2b63dd54b3be40c1c489ba648c26875b4fa20723b08158cce30784a6ecafdc0" http.request.useragent="containers/5.33.0-dev (github.com/containers/image)" http.response.contenttype="application/octet-stream" http.response.duration=112.259208ms http.response.status=200 http.response.written=2006977
Nov 12 06:34:00 cirrus-task-4556465673863168 docker-registry[832]: 127.0.0.1 - - [12/Nov/2024:06:33:59 -0600] "GET /v2/libpod/testimage/blobs/sha256:a2b63dd54b3be40c1c489ba648c26875b4fa20723b08158cce30784a6ecafdc0 HTTP/1.1" 200 2006977 "" "containers/5.33.0-dev (github.com/containers/image)"
Nov 12 06:34:00 cirrus-task-4556465673863168 audit[27160]: NETFILTER_CFG table=netavark:123 family=1 entries=10 op=nft_register_chain pid=27160 subj=unconfined_u:unconfined_r:iptables_t:s0 comm="nft"
Nov 12 06:34:00 cirrus-task-4556465673863168 systemd[1]: crun-buildah-buildah2800489806.scope: Deactivated successfully.
Nov 12 06:34:00 cirrus-task-4556465673863168 audit: BPF prog-id=442 op=LOAD
Nov 12 06:34:00 cirrus-task-4556465673863168 audit: BPF prog-id=419 op=UNLOAD
Nov 12 06:34:00 cirrus-task-4556465673863168 audit: BPF prog-id=443 op=LOAD
Nov 12 06:34:00 cirrus-task-4556465673863168 audit: BPF prog-id=444 op=LOAD
Nov 12 06:34:00 cirrus-task-4556465673863168 audit: BPF prog-id=420 op=UNLOAD
Nov 12 06:34:00 cirrus-task-4556465673863168 audit: BPF prog-id=421 op=UNLOAD
Nov 12 06:34:00 cirrus-task-4556465673863168 audit: BPF prog-id=445 op=LOAD
Nov 12 06:34:00 cirrus-task-4556465673863168 audit: BPF prog-id=446 op=LOAD
Nov 12 06:34:00 cirrus-task-4556465673863168 audit: BPF prog-id=423 op=UNLOAD
Nov 12 06:34:00 cirrus-task-4556465673863168 audit: BPF prog-id=424 op=UNLOAD
Nov 12 06:34:00 cirrus-task-4556465673863168 audit: BPF prog-id=447 op=LOAD
Nov 12 06:34:00 cirrus-task-4556465673863168 docker-registry[832]: time="2024-11-12T06:34:00.107335546-06:00" level=info msg="response completed" go.version=go1.19.9 http.request.host="127.0.0.1:60333" http.request.id=992a5f60-ad39-4071-ac4b-9e60960cbdac http.request.method=GET http.request.remoteaddr="127.0.0.1:56928" http.request.uri="/v2/libpod/testimage/blobs/sha256:516b112c951d71b8fb87870d6199670e76d5848f3b2197693e3b789d6255f255" http.request.useragent="containers/5.33.0-dev (github.com/containers/image)" http.response.contenttype="application/octet-stream" http.response.duration=24.33256ms http.response.status=200 http.response.written=1455
Nov 12 06:34:00 cirrus-task-4556465673863168 audit: BPF prog-id=425 op=UNLOAD
Nov 12 06:34:00 cirrus-task-4556465673863168 docker-registry[832]: 127.0.0.1 - - [12/Nov/2024:06:34:00 -0600] "GET /v2/libpod/testimage/blobs/sha256:516b112c951d71b8fb87870d6199670e76d5848f3b2197693e3b789d6255f255 HTTP/1.1" 200 1455 "" "containers/5.33.0-dev (github.com/containers/image)"
Nov 12 06:34:00 cirrus-task-4556465673863168 audit: BPF prog-id=422 op=UNLOAD
Nov 12 06:34:00 cirrus-task-4556465673863168 audit: BPF prog-id=418 op=UNLOAD
Nov 12 06:34:00 cirrus-task-4556465673863168 audit: BPF prog-id=448 op=LOAD
Nov 12 06:34:00 cirrus-task-4556465673863168 audit: BPF prog-id=449 op=LOAD
Nov 12 06:34:00 cirrus-task-4556465673863168 audit: BPF prog-id=426 op=UNLOAD
Nov 12 06:34:00 cirrus-task-4556465673863168 audit: BPF prog-id=427 op=UNLOAD
Nov 12 06:34:00 cirrus-task-4556465673863168 audit: BPF prog-id=450 op=LOAD
Nov 12 06:34:00 cirrus-task-4556465673863168 audit: BPF prog-id=428 op=UNLOAD
Nov 12 06:34:00 cirrus-task-4556465673863168 audit: BPF prog-id=451 op=LOAD
Nov 12 06:34:00 cirrus-task-4556465673863168 audit: BPF prog-id=452 op=LOAD
Nov 12 06:34:00 cirrus-task-4556465673863168 docker-registry[832]: time="2024-11-12T06:34:00.114508732-06:00" level=info msg="response completed" go.version=go1.19.9 http.request.host="127.0.0.1:60333" http.request.id=74011945-effe-4c8c-b745-2995b2a72695 http.request.method=GET http.request.remoteaddr="127.0.0.1:57000" http.request.uri="/v2/libpod/testimage/blobs/sha256:516b112c951d71b8fb87870d6199670e76d5848f3b2197693e3b789d6255f255" http.request.useragent="containers/5.33.0-dev (github.com/containers/image)" http.response.contenttype="application/octet-stream" http.response.duration=27.305959ms http.response.status=200 http.response.written=1455
Nov 12 06:34:00 cirrus-task-4556465673863168 docker-registry[832]: 127.0.0.1 - - [12/Nov/2024:06:34:00 -0600] "GET /v2/libpod/testimage/blobs/sha256:516b112c951d71b8fb87870d6199670e76d5848f3b2197693e3b789d6255f255 HTTP/1.1" 200 1455 "" "containers/5.33.0-dev (github.com/containers/image)"
Nov 12 06:34:00 cirrus-task-4556465673863168 audit: BPF prog-id=429 op=UNLOAD
Nov 12 06:34:00 cirrus-task-4556465673863168 audit: BPF prog-id=430 op=UNLOAD
Nov 12 06:34:00 cirrus-task-4556465673863168 audit: BPF prog-id=453 op=LOAD
Nov 12 06:34:00 cirrus-task-4556465673863168 audit: BPF prog-id=431 op=UNLOAD
Nov 12 06:34:00 cirrus-task-4556465673863168 audit: BPF prog-id=454 op=LOAD
Nov 12 06:34:00 cirrus-task-4556465673863168 audit: BPF prog-id=455 op=LOAD
Nov 12 06:34:00 cirrus-task-4556465673863168 audit: BPF prog-id=432 op=UNLOAD
Nov 12 06:34:00 cirrus-task-4556465673863168 audit: BPF prog-id=433 op=UNLOAD
Nov 12 06:34:00 cirrus-task-4556465673863168 audit: BPF prog-id=456 op=LOAD
Nov 12 06:34:00 cirrus-task-4556465673863168 audit: BPF prog-id=434 op=UNLOAD
Nov 12 06:34:00 cirrus-task-4556465673863168 audit: BPF prog-id=457 op=LOAD
Nov 12 06:34:00 cirrus-task-4556465673863168 audit: BPF prog-id=458 op=LOAD
Nov 12 06:34:00 cirrus-task-4556465673863168 audit: BPF prog-id=435 op=UNLOAD
Nov 12 06:34:00 cirrus-task-4556465673863168 audit: BPF prog-id=436 op=UNLOAD
Nov 12 06:34:00 cirrus-task-4556465673863168 audit: BPF prog-id=459 op=LOAD
Nov 12 06:34:00 cirrus-task-4556465673863168 audit: BPF prog-id=437 op=UNLOAD
Nov 12 06:34:00 cirrus-task-4556465673863168 audit: BPF prog-id=460 op=LOAD
Nov 12 06:34:00 cirrus-task-4556465673863168 audit: BPF prog-id=438 op=UNLOAD
Nov 12 06:34:00 cirrus-task-4556465673863168 audit: BPF prog-id=461 op=LOAD
Nov 12 06:34:00 cirrus-task-4556465673863168 audit: BPF prog-id=439 op=UNLOAD
Nov 12 06:34:00 cirrus-task-4556465673863168 audit: BPF prog-id=462 op=LOAD
Nov 12 06:34:00 cirrus-task-4556465673863168 audit: BPF prog-id=463 op=LOAD
Nov 12 06:34:00 cirrus-task-4556465673863168 audit: BPF prog-id=440 op=UNLOAD
Nov 12 06:34:00 cirrus-task-4556465673863168 audit: BPF prog-id=441 op=UNLOAD
Nov 12 06:34:00 cirrus-task-4556465673863168 systemd[1]: tmp-CI_F1d6-podman\x2de2e\x2d2142878116-subtest\x2d100408444-root-overlay.mount: Deactivated successfully.
Nov 12 06:34:00 cirrus-task-4556465673863168 systemd[1]: tmp-CI_F1d6-podman\x2de2e\x2d2142878116-subtest\x2d659883972-root-overlay.mount: Deactivated successfully.
Nov 12 06:34:00 cirrus-task-4556465673863168 systemd[1]: tmp-CI_F1d6-podman\x2de2e\x2d2142878116-subtest\x2d659883972-root-overlay.mount: Deactivated successfully.
Nov 12 06:34:00 cirrus-task-4556465673863168 systemd[1]: tmp-CI_F1d6-podman\x2de2e\x2d2142878116-subtest\x2d100408444-root-overlay.mount: Deactivated successfully.
Nov 12 06:34:00 cirrus-task-4556465673863168 kernel: podman0: port 2(veth1) entered disabled state
Nov 12 06:34:00 cirrus-task-4556465673863168 kernel: veth1 (unregistering): left allmulticast mode
Nov 12 06:34:00 cirrus-task-4556465673863168 kernel: veth1 (unregistering): left promiscuous mode
Nov 12 06:34:00 cirrus-task-4556465673863168 audit: ANOM_PROMISCUOUS dev=veth1 prom=0 old_prom=256 auid=4294967295 uid=0 gid=0 ses=4294967295
Nov 12 06:34:00 cirrus-task-4556465673863168 kernel: podman0: port 2(veth1) entered disabled state
Nov 12 06:34:00 cirrus-task-4556465673863168 registry[26571]: 10.88.0.1 - - [12/Nov/2024:12:34:00 +0000] "PATCH /v2/list/blobs/uploads/2736345e-d07a-468e-aae8-8611437d743e?_state=UdQLRMl0H079tRES--4emWcZm60G71zwSpA9Z0_cXTx7Ik5hbWUiOiJsaXN0IiwiVVVJRCI6IjI3MzYzNDVlLWQwN2EtNDY4ZS1hYWU4LTg2MTE0MzdkNzQzZSIsIk9mZnNldCI6MCwiU3RhcnRlZEF0IjoiMjAyNC0xMS0xMlQxMjozNDowMC4wNTQwNDM5MTJaIn0%3D HTTP/1.1" 202 0 "" "containers/5.33.0-dev (github.com/containers/image)"
Nov 12 06:34:00 cirrus-task-4556465673863168 registry[26571]: time="2024-11-12T12:34:00.250221839Z" level=info msg="response completed" go.version=go1.19.9 http.request.contenttype="application/octet-stream" http.request.host="localhost:5007" http.request.id=82b42086-37b6-4873-8878-7a19b8aa2ba3 http.request.method=PATCH http.request.remoteaddr="10.88.0.1:53034" http.request.uri="/v2/list/blobs/uploads/2736345e-d07a-468e-aae8-8611437d743e?_state=UdQLRMl0H079tRES--4emWcZm60G71zwSpA9Z0_cXTx7Ik5hbWUiOiJsaXN0IiwiVVVJRCI6IjI3MzYzNDVlLWQwN2EtNDY4ZS1hYWU4LTg2MTE0MzdkNzQzZSIsIk9mZnNldCI6MCwiU3RhcnRlZEF0IjoiMjAyNC0xMS0xMlQxMjozNDowMC4wNTQwNDM5MTJaIn0%3D" http.request.useragent="containers/5.33.0-dev (github.com/containers/image)" http.response.duration=195.018476ms http.response.status=202 http.response.written=0
Nov 12 06:34:00 cirrus-task-4556465673863168 registry[26571]: 10.88.0.1 - - [12/Nov/2024:12:34:00 +0000] "PUT /v2/list/blobs/uploads/2736345e-d07a-468e-aae8-8611437d743e?_state=WvSO1IP9LuVRlWoJf7UOUd-zVuEDXHC0fHu66R6xYph7Ik5hbWUiOiJsaXN0IiwiVVVJRCI6IjI3MzYzNDVlLWQwN2EtNDY4ZS1hYWU4LTg2MTE0MzdkNzQzZSIsIk9mZnNldCI6Mjg1MjEzNiwiU3RhcnRlZEF0IjoiMjAyNC0xMS0xMlQxMjozNDowMFoifQ%3D%3D&digest=sha256%3A6554ea5f1e4ab40a511f1a1b88aaa2b7da12e1be67afbf03b23da0411026dea9 HTTP/1.1" 201 0 "" "containers/5.33.0-dev (github.com/containers/image)"
Nov 12 06:34:00 cirrus-task-4556465673863168 registry[26571]: time="2024-11-12T12:34:00.255923668Z" level=info msg="response completed" go.version=go1.19.9 http.request.contenttype="application/octet-stream" http.request.host="localhost:5007" http.request.id=cabfa13b-485f-4cca-95bb-0a99036e93da http.request.method=PUT http.request.remoteaddr="10.88.0.1:53034" http.request.uri="/v2/list/blobs/uploads/2736345e-d07a-468e-aae8-8611437d743e?_state=WvSO1IP9LuVRlWoJf7UOUd-zVuEDXHC0fHu66R6xYph7Ik5hbWUiOiJsaXN0IiwiVVVJRCI6IjI3MzYzNDVlLWQwN2EtNDY4ZS1hYWU4LTg2MTE0MzdkNzQzZSIsIk9mZnNldCI6Mjg1MjEzNiwiU3RhcnRlZEF0IjoiMjAyNC0xMS0xMlQxMjozNDowMFoifQ%3D%3D&digest=sha256%3A6554ea5f1e4ab40a511f1a1b88aaa2b7da12e1be67afbf03b23da0411026dea9" http.request.useragent="containers/5.33.0-dev (github.com/containers/image)" http.response.duration=5.098371ms http.response.status=201 http.response.written=0
Nov 12 06:34:00 cirrus-task-4556465673863168 registry[26571]: time="2024-11-12T12:34:00.261890909Z" level=error msg="response completed with error" err.code="blob unknown" err.detail=sha256:4819930274ea2bd6ab611972f9928e07b84edcbfe1d2462fb2941957308dfae2 err.message="blob unknown to registry" go.version=go1.19.9 http.request.host="localhost:5007" http.request.id=ec377f57-97e2-4792-b311-4fbc39c76e9e http.request.method=HEAD http.request.remoteaddr="10.88.0.1:53034" http.request.uri="/v2/list/blobs/sha256:4819930274ea2bd6ab611972f9928e07b84edcbfe1d2462fb2941957308dfae2" http.request.useragent="containers/5.33.0-dev (github.com/containers/image)" http.response.contenttype="application/json; charset=utf-8" http.response.duration=1.665096ms http.response.status=404 http.response.written=157 vars.digest="sha256:4819930274ea2bd6ab611972f9928e07b84edcbfe1d2462fb2941957308dfae2" vars.name=list
Nov 12 06:34:00 cirrus-task-4556465673863168 registry[26571]: 10.88.0.1 - - [12/Nov/2024:12:34:00 +0000] "HEAD /v2/list/blobs/sha256:4819930274ea2bd6ab611972f9928e07b84edcbfe1d2462fb2941957308dfae2 HTTP/1.1" 404 157 "" "containers/5.33.0-dev (github.com/containers/image)"
Nov 12 06:34:00 cirrus-task-4556465673863168 registry[26571]: 10.88.0.1 - - [12/Nov/2024:12:34:00 +0000] "POST /v2/list/blobs/uploads/ HTTP/1.1" 202 0 "" "containers/5.33.0-dev (github.com/containers/image)"
Nov 12 06:34:00 cirrus-task-4556465673863168 registry[26571]: time="2024-11-12T12:34:00.264573611Z" level=info msg="response completed" go.version=go1.19.9 http.request.host="localhost:5007" http.request.id=d97c5d39-bfe8-4b1a-9726-2c9e250f5fe5 http.request.method=POST http.request.remoteaddr="10.88.0.1:53034" http.request.uri="/v2/list/blobs/uploads/" http.request.useragent="containers/5.33.0-dev (github.com/containers/image)" http.response.duration=1.740726ms http.response.status=202 http.response.written=0
Nov 12 06:34:00 cirrus-task-4556465673863168 registry[26571]: time="2024-11-12T12:34:00.269057297Z" level=info msg="response completed" go.version=go1.19.9 http.request.contenttype="application/octet-stream" http.request.host="localhost:5007" http.request.id=8ad4f6e8-ed15-4dca-886f-c41bef1037c5 http.request.method=PATCH http.request.remoteaddr="10.88.0.1:53034" http.request.uri="/v2/list/blobs/uploads/55437709-964e-4020-8e55-3aeb9924fe40?_state=I1H3dpw8TqKVfr37B-fyfv4zKWedqz-roVhjR0Oo1EV7Ik5hbWUiOiJsaXN0IiwiVVVJRCI6IjU1NDM3NzA5LTk2NGUtNDAyMC04ZTU1LTNhZWI5OTI0ZmU0MCIsIk9mZnNldCI6MCwiU3RhcnRlZEF0IjoiMjAyNC0xMS0xMlQxMjozNDowMC4yNjQwNjE0OTRaIn0%3D" http.request.useragent="containers/5.33.0-dev (github.com/containers/image)" http.response.duration=3.957614ms http.response.status=202 http.response.written=0
Nov 12 06:34:00 cirrus-task-4556465673863168 registry[26571]: 10.88.0.1 - - [12/Nov/2024:12:34:00 +0000] "PATCH /v2/list/blobs/uploads/55437709-964e-4020-8e55-3aeb9924fe40?_state=I1H3dpw8TqKVfr37B-fyfv4zKWedqz-roVhjR0Oo1EV7Ik5hbWUiOiJsaXN0IiwiVVVJRCI6IjU1NDM3NzA5LTk2NGUtNDAyMC04ZTU1LTNhZWI5OTI0ZmU0MCIsIk9mZnNldCI6MCwiU3RhcnRlZEF0IjoiMjAyNC0xMS0xMlQxMjozNDowMC4yNjQwNjE0OTRaIn0%3D HTTP/1.1" 202 0 "" "containers/5.33.0-dev (github.com/containers/image)"
Nov 12 06:34:00 cirrus-task-4556465673863168 registry[26571]: 10.88.0.1 - - [12/Nov/2024:12:34:00 +0000] "PUT /v2/list/blobs/uploads/55437709-964e-4020-8e55-3aeb9924fe40?_state=4_QjCH2f_mdLN5mNDMN4IgrAvR5NjtQPff0e7iveGpJ7Ik5hbWUiOiJsaXN0IiwiVVVJRCI6IjU1NDM3NzA5LTk2NGUtNDAyMC04ZTU1LTNhZWI5OTI0ZmU0MCIsIk9mZnNldCI6NjA0LCJTdGFydGVkQXQiOiIyMDI0LTExLTEyVDEyOjM0OjAwWiJ9&digest=sha256%3A4819930274ea2bd6ab611972f9928e07b84edcbfe1d2462fb2941957308dfae2 HTTP/1.1" 201 0 "" "containers/5.33.0-dev (github.com/containers/image)"
Nov 12 06:34:00 cirrus-task-4556465673863168 registry[26571]: time="2024-11-12T12:34:00.273068751Z" level=info msg="response completed" go.version=go1.19.9 http.request.contenttype="application/octet-stream" http.request.host="localhost:5007" http.request.id=85bda210-9d9a-4a75-bc62-906ae542cff0 http.request.method=PUT http.request.remoteaddr="10.88.0.1:53034" http.request.uri="/v2/list/blobs/uploads/55437709-964e-4020-8e55-3aeb9924fe40?_state=4_QjCH2f_mdLN5mNDMN4IgrAvR5NjtQPff0e7iveGpJ7Ik5hbWUiOiJsaXN0IiwiVVVJRCI6IjU1NDM3NzA5LTk2NGUtNDAyMC04ZTU1LTNhZWI5OTI0ZmU0MCIsIk9mZnNldCI6NjA0LCJTdGFydGVkQXQiOiIyMDI0LTExLTEyVDEyOjM0OjAwWiJ9&digest=sha256%3A4819930274ea2bd6ab611972f9928e07b84edcbfe1d2462fb2941957308dfae2" http.request.useragent="containers/5.33.0-dev (github.com/containers/image)" http.response.duration=2.588359ms http.response.status=201 http.response.written=0
Nov 12 06:34:00 cirrus-task-4556465673863168 registry[26571]: time="2024-11-12T12:34:00.277177463Z" level=info msg="response completed" go.version=go1.19.9 http.request.contenttype="application/vnd.oci.image.manifest.v1+json" http.request.host="localhost:5007" http.request.id=a732e417-ccc8-4e89-812a-08c08f0a5e69 http.request.method=PUT http.request.remoteaddr="10.88.0.1:53034" http.request.uri="/v2/list/manifests/sha256:6b0dc7cfab8a6435dc5063cd775028b24b4a8d2a4b2a88675efbbf48d3bcfd9b" http.request.useragent="containers/5.33.0-dev (github.com/containers/image)" http.response.duration=2.606888ms http.response.status=201 http.response.written=0
Nov 12 06:34:00 cirrus-task-4556465673863168 registry[26571]: 10.88.0.1 - - [12/Nov/2024:12:34:00 +0000] "PUT /v2/list/manifests/sha256:6b0dc7cfab8a6435dc5063cd775028b24b4a8d2a4b2a88675efbbf48d3bcfd9b HTTP/1.1" 201 0 "" "containers/5.33.0-dev (github.com/containers/image)"
Nov 12 06:34:00 cirrus-task-4556465673863168 kernel: loop7: detected capacity change from 0 to 160
Nov 12 06:34:00 cirrus-task-4556465673863168 kernel: erofs: (device loop7): mounted with root inode @ nid 36.
Nov 12 06:34:00 cirrus-task-4556465673863168 registry[26571]: 10.88.0.1 - - [12/Nov/2024:12:34:00 +0000] "POST /v2/list/blobs/uploads/ HTTP/1.1" 202 0 "" "containers/5.33.0-dev (github.com/containers/image)"
Nov 12 06:34:00 cirrus-task-4556465673863168 registry[26571]: time="2024-11-12T12:34:00.353112212Z" level=info msg="response completed" go.version=go1.19.9 http.request.host="localhost:5007" http.request.id=22a38c6f-3622-4e1e-8e72-c91c61b79904 http.request.method=POST http.request.remoteaddr="10.88.0.1:53034" http.request.uri="/v2/list/blobs/uploads/" http.request.useragent="containers/5.33.0-dev (github.com/containers/image)" http.response.duration=4.988623ms http.response.status=202 http.response.written=0
Nov 12 06:34:00 cirrus-task-4556465673863168 kernel: loop7: detected capacity change from 0 to 32
Nov 12 06:34:00 cirrus-task-4556465673863168 docker-registry[832]: time="2024-11-12T06:34:00.41406882-06:00" level=info msg="response completed" go.version=go1.19.9 http.request.host="127.0.0.1:60333" http.request.id=866a5e95-d7ce-4488-b122-6ba718654b98 http.request.method=GET http.request.remoteaddr="127.0.0.1:57018" http.request.uri="/v2/" http.request.useragent="containers/5.33.0-dev (github.com/containers/image)" http.response.contenttype="application/json; charset=utf-8" http.response.duration=2.033151ms http.response.status=200 http.response.written=2
Nov 12 06:34:00 cirrus-task-4556465673863168 docker-registry[832]: 127.0.0.1 - - [12/Nov/2024:06:34:00 -0600] "GET /v2/ HTTP/1.1" 200 2 "" "containers/5.33.0-dev (github.com/containers/image)"
Nov 12 06:34:00 cirrus-task-4556465673863168 docker-registry[832]: time="2024-11-12T06:34:00.417856484-06:00" level=info msg="response completed" go.version=go1.19.9 http.request.host="127.0.0.1:60333" http.request.id=1a0b98f5-3e21-4589-804e-8031f095be1b http.request.method=GET http.request.remoteaddr="127.0.0.1:57028" http.request.uri="/v2/libpod/testimage/manifests/00000004" http.request.useragent="containers/5.33.0-dev (github.com/containers/image)" http.response.contenttype="application/vnd.docker.distribution.manifest.list.v2+json" http.response.duration=2.529202ms http.response.status=200 http.response.written=970
Nov 12 06:34:00 cirrus-task-4556465673863168 docker-registry[832]: 127.0.0.1 - - [12/Nov/2024:06:34:00 -0600] "GET /v2/libpod/testimage/manifests/00000004 HTTP/1.1" 200 970 "" "containers/5.33.0-dev (github.com/containers/image)"
Nov 12 06:34:00 cirrus-task-4556465673863168 docker-registry[832]: time="2024-11-12T06:34:00.420603567-06:00" level=info msg="response completed" go.version=go1.19.9 http.request.host="127.0.0.1:60333" http.request.id=fbc42913-d750-406a-a5e4-5c41a89c6208 http.request.method=GET http.request.remoteaddr="127.0.0.1:57028" http.request.uri="/v2/libpod/testimage/manifests/sha256:1462c8e885d567d534d82004656c764263f98deda813eb379689729658a133fb" http.request.useragent="containers/5.33.0-dev (github.com/containers/image)" http.response.contenttype="application/vnd.docker.distribution.manifest.v2+json" http.response.duration=1.470684ms http.response.status=200 http.response.written=527
Nov 12 06:34:00 cirrus-task-4556465673863168 docker-registry[832]: 127.0.0.1 - - [12/Nov/2024:06:34:00 -0600] "GET /v2/libpod/testimage/manifests/sha256:1462c8e885d567d534d82004656c764263f98deda813eb379689729658a133fb HTTP/1.1" 200 527 "" "containers/5.33.0-dev (github.com/containers/image)"
Nov 12 06:34:00 cirrus-task-4556465673863168 kernel: erofs: (device loop7): mounted with root inode @ nid 36.
Nov 12 06:34:00 cirrus-task-4556465673863168 kernel: loop8: detected capacity change from 0 to 216
Nov 12 06:34:00 cirrus-task-4556465673863168 kernel: erofs: (device loop8): mounted with root inode @ nid 36.
Nov 12 06:34:00 cirrus-task-4556465673863168 docker-registry[832]: time="2024-11-12T06:34:00.528435247-06:00" level=info msg="response completed" go.version=go1.19.9 http.request.host="127.0.0.1:60333" http.request.id=5d52a5e3-feea-45a2-a389-b43d8e2a5dbc http.request.method=GET http.request.remoteaddr="127.0.0.1:57050" http.request.uri="/v2/" http.request.useragent="containers/5.33.0-dev (github.com/containers/image)" http.response.contenttype="application/json; charset=utf-8" http.response.duration=3.681487ms http.response.status=200 http.response.written=2
Nov 12 06:34:00 cirrus-task-4556465673863168 docker-registry[832]: 127.0.0.1 - - [12/Nov/2024:06:34:00 -0600] "GET /v2/ HTTP/1.1" 200 2 "" "containers/5.33.0-dev (github.com/containers/image)"
Nov 12 06:34:00 cirrus-task-4556465673863168 docker-registry[832]: time="2024-11-12T06:34:00.53320169-06:00" level=info msg="response completed" go.version=go1.19.9 http.request.host="127.0.0.1:60333" http.request.id=97b7a1b8-fb45-4483-b204-087c12dbcaf2 http.request.method=GET http.request.remoteaddr="127.0.0.1:57064" http.request.uri="/v2/libpod/testimage/manifests/00000004" http.request.useragent="containers/5.33.0-dev (github.com/containers/image)" http.response.contenttype="application/vnd.docker.distribution.manifest.list.v2+json" http.response.duration=2.826833ms http.response.status=200 http.response.written=970
Nov 12 06:34:00 cirrus-task-4556465673863168 docker-registry[832]: 127.0.0.1 - - [12/Nov/2024:06:34:00 -0600] "GET /v2/libpod/testimage/manifests/00000004 HTTP/1.1" 200 970 "" "containers/5.33.0-dev (github.com/containers/image)"
Nov 12 06:34:00 cirrus-task-4556465673863168 docker-registry[832]: time="2024-11-12T06:34:00.53696562-06:00" level=info msg="response completed" go.version=go1.19.9 http.request.host="127.0.0.1:60333" http.request.id=0d845da9-3717-4c3e-a2ff-33476a7d8141 http.request.method=GET http.request.remoteaddr="127.0.0.1:57064" http.request.uri="/v2/libpod/testimage/manifests/sha256:1462c8e885d567d534d82004656c764263f98deda813eb379689729658a133fb" http.request.useragent="containers/5.33.0-dev (github.com/containers/image)" http.response.contenttype="application/vnd.docker.distribution.manifest.v2+json" http.response.duration=1.921706ms http.response.status=200 http.response.written=527
Nov 12 06:34:00 cirrus-task-4556465673863168 docker-registry[832]: 127.0.0.1 - - [12/Nov/2024:06:34:00 -0600] "GET /v2/libpod/testimage/manifests/sha256:1462c8e885d567d534d82004656c764263f98deda813eb379689729658a133fb HTTP/1.1" 200 527 "" "containers/5.33.0-dev (github.com/containers/image)"
Nov 12 06:34:00 cirrus-task-4556465673863168 registry[26571]: 10.88.0.1 - - [12/Nov/2024:12:34:00 +0000] "PATCH /v2/list/blobs/uploads/cacbc696-a3c1-4862-81d9-0a4d8ceba405?_state=DgXcau1emL1ZFlSxPcagEkH8zRqyxwJ3JAeITW3N1aN7Ik5hbWUiOiJsaXN0IiwiVVVJRCI6ImNhY2JjNjk2LWEzYzEtNDg2Mi04MWQ5LTBhNGQ4Y2ViYTQwNSIsIk9mZnNldCI6MCwiU3RhcnRlZEF0IjoiMjAyNC0xMS0xMlQxMjozNDowMC4zNTIwODU5NDhaIn0%3D HTTP/1.1" 202 0 "" "containers/5.33.0-dev (github.com/containers/image)"
Nov 12 06:34:00 cirrus-task-4556465673863168 registry[26571]: time="2024-11-12T12:34:00.542469975Z" level=info msg="response completed" go.version=go1.19.9 http.request.contenttype="application/octet-stream" http.request.host="localhost:5007" http.request.id=e20841c9-66fc-4c81-91cd-442da7bf1d68 http.request.method=PATCH http.request.remoteaddr="10.88.0.1:53034" http.request.uri="/v2/list/blobs/uploads/cacbc696-a3c1-4862-81d9-0a4d8ceba405?_state=DgXcau1emL1ZFlSxPcagEkH8zRqyxwJ3JAeITW3N1aN7Ik5hbWUiOiJsaXN0IiwiVVVJRCI6ImNhY2JjNjk2LWEzYzEtNDg2Mi04MWQ5LTBhNGQ4Y2ViYTQwNSIsIk9mZnNldCI6MCwiU3RhcnRlZEF0IjoiMjAyNC0xMS0xMlQxMjozNDowMC4zNTIwODU5NDhaIn0%3D" http.request.useragent="containers/5.33.0-dev (github.com/containers/image)" http.response.duration=187.62364ms http.response.status=202 http.response.written=0
