Jul 12 12:56:13 ip-172-31-31-174.ec2.internal audit[1]: SERVICE_START pid=1 uid=0 auid=4294967295 ses=4294967295 subj=system_u:system_r:init_t:s0 msg='unit=systemd-timedated comm="systemd" exe="/usr/lib/systemd/systemd" hostname=? addr=? terminal=? res=success'
Jul 12 12:56:14 ip-172-31-31-174.ec2.internal audit[28895]: CRYPTO_KEY_USER pid=28895 uid=0 auid=4294967295 ses=4294967295 subj=system_u:system_r:sshd_t:s0-s0:c0.c1023 msg='op=destroy kind=server fp=SHA256:18:92:4d:9f:63:53:7c:f0:56:89:07:73:00:0c:be:ea:cf:2e:ef:2d:2f:12:62:c9:2c:15:84:3e:2b:cd:74:8b direction=? spid=28895 suid=0 exe="/usr/sbin/sshd" hostname=? addr=103.93.248.247 terminal=? res=success'
Jul 12 12:56:15 ip-172-31-31-174.ec2.internal audit[28894]: CRYPTO_SESSION pid=28894 uid=0 auid=4294967295 ses=4294967295 subj=system_u:system_r:sshd_t:s0-s0:c0.c1023 msg='op=start direction=from-server cipher=aes256-gcm@openssh.com ksize=256 mac= pfs=curve25519-sha256 spid=28895 suid=74 rport=52586 laddr=172.31.31.174 lport=22 exe="/usr/sbin/sshd" hostname=? addr=103.93.248.247 terminal=? res=success'
Jul 12 12:56:15 ip-172-31-31-174.ec2.internal audit[28894]: CRYPTO_SESSION pid=28894 uid=0 auid=4294967295 ses=4294967295 subj=system_u:system_r:sshd_t:s0-s0:c0.c1023 msg='op=start direction=from-client cipher=aes256-gcm@openssh.com ksize=256 mac= pfs=curve25519-sha256 spid=28895 suid=74 rport=52586 laddr=172.31.31.174 lport=22 exe="/usr/sbin/sshd" hostname=? addr=103.93.248.247 terminal=? res=success'
Jul 12 12:56:16 ip-172-31-31-174.ec2.internal sshd[28894]: Received disconnect from 103.93.248.247 port 52586:11: Bye Bye [preauth]
Jul 12 12:56:16 ip-172-31-31-174.ec2.internal audit[28894]: CRYPTO_KEY_USER pid=28894 uid=0 auid=4294967295 ses=4294967295 subj=system_u:system_r:sshd_t:s0-s0:c0.c1023 msg='op=destroy kind=session fp=? direction=both spid=28895 suid=74 rport=52586 laddr=172.31.31.174 lport=22 exe="/usr/sbin/sshd" hostname=? addr=103.93.248.247 terminal=? res=success'
Jul 12 12:56:16 ip-172-31-31-174.ec2.internal audit[28894]: CRYPTO_KEY_USER pid=28894 uid=0 auid=4294967295 ses=4294967295 subj=system_u:system_r:sshd_t:s0-s0:c0.c1023 msg='op=destroy kind=server fp=SHA256:18:92:4d:9f:63:53:7c:f0:56:89:07:73:00:0c:be:ea:cf:2e:ef:2d:2f:12:62:c9:2c:15:84:3e:2b:cd:74:8b direction=? spid=28895 suid=74 exe="/usr/sbin/sshd" hostname=? addr=103.93.248.247 terminal=? res=success'
Jul 12 12:56:16 ip-172-31-31-174.ec2.internal sshd[28894]: Disconnected from authenticating user root 103.93.248.247 port 52586 [preauth]
Jul 12 12:56:16 ip-172-31-31-174.ec2.internal audit[28894]: USER_ERR pid=28894 uid=0 auid=4294967295 ses=4294967295 subj=system_u:system_r:sshd_t:s0-s0:c0.c1023 msg='op=PAM:bad_ident grantors=? acct="?" exe="/usr/sbin/sshd" hostname=103.93.248.247 addr=103.93.248.247 terminal=ssh res=failed'
Jul 12 12:56:16 ip-172-31-31-174.ec2.internal audit[28894]: CRYPTO_KEY_USER pid=28894 uid=0 auid=4294967295 ses=4294967295 subj=system_u:system_r:sshd_t:s0-s0:c0.c1023 msg='op=destroy kind=server fp=SHA256:18:92:4d:9f:63:53:7c:f0:56:89:07:73:00:0c:be:ea:cf:2e:ef:2d:2f:12:62:c9:2c:15:84:3e:2b:cd:74:8b direction=? spid=28894 suid=0 exe="/usr/sbin/sshd" hostname=? addr=103.93.248.247 terminal=? res=success'
Jul 12 12:56:16 ip-172-31-31-174.ec2.internal audit[28894]: USER_LOGIN pid=28894 uid=0 auid=4294967295 ses=4294967295 subj=system_u:system_r:sshd_t:s0-s0:c0.c1023 msg='op=login acct="root" exe="/usr/sbin/sshd" hostname=? addr=103.93.248.247 terminal=ssh res=failed'
Jul 12 12:56:17 ip-172-31-31-174.ec2.internal audit[28910]: CRYPTO_KEY_USER pid=28910 uid=0 auid=4294967295 ses=4294967295 subj=system_u:system_r:sshd_t:s0-s0:c0.c1023 msg='op=destroy kind=server fp=SHA256:18:92:4d:9f:63:53:7c:f0:56:89:07:73:00:0c:be:ea:cf:2e:ef:2d:2f:12:62:c9:2c:15:84:3e:2b:cd:74:8b direction=? spid=28910 suid=0 exe="/usr/sbin/sshd" hostname=? addr=43.155.176.172 terminal=? res=success'
Jul 12 12:56:18 ip-172-31-31-174.ec2.internal audit[28909]: CRYPTO_SESSION pid=28909 uid=0 auid=4294967295 ses=4294967295 subj=system_u:system_r:sshd_t:s0-s0:c0.c1023 msg='op=start direction=from-server cipher=aes256-gcm@openssh.com ksize=256 mac= pfs=curve25519-sha256 spid=28910 suid=74 rport=60706 laddr=172.31.31.174 lport=22 exe="/usr/sbin/sshd" hostname=? addr=43.155.176.172 terminal=? res=success'
Jul 12 12:56:18 ip-172-31-31-174.ec2.internal audit[28909]: CRYPTO_SESSION pid=28909 uid=0 auid=4294967295 ses=4294967295 subj=system_u:system_r:sshd_t:s0-s0:c0.c1023 msg='op=start direction=from-client cipher=aes256-gcm@openssh.com ksize=256 mac= pfs=curve25519-sha256 spid=28910 suid=74 rport=60706 laddr=172.31.31.174 lport=22 exe="/usr/sbin/sshd" hostname=? addr=43.155.176.172 terminal=? res=success'
Jul 12 12:56:19 ip-172-31-31-174.ec2.internal sshd[28909]: Received disconnect from 43.155.176.172 port 60706:11: Bye Bye [preauth]
Jul 12 12:56:19 ip-172-31-31-174.ec2.internal audit[28909]: CRYPTO_KEY_USER pid=28909 uid=0 auid=4294967295 ses=4294967295 subj=system_u:system_r:sshd_t:s0-s0:c0.c1023 msg='op=destroy kind=session fp=? direction=both spid=28910 suid=74 rport=60706 laddr=172.31.31.174 lport=22 exe="/usr/sbin/sshd" hostname=? addr=43.155.176.172 terminal=? res=success'
Jul 12 12:56:19 ip-172-31-31-174.ec2.internal audit[28909]: CRYPTO_KEY_USER pid=28909 uid=0 auid=4294967295 ses=4294967295 subj=system_u:system_r:sshd_t:s0-s0:c0.c1023 msg='op=destroy kind=server fp=SHA256:18:92:4d:9f:63:53:7c:f0:56:89:07:73:00:0c:be:ea:cf:2e:ef:2d:2f:12:62:c9:2c:15:84:3e:2b:cd:74:8b direction=? spid=28910 suid=74 exe="/usr/sbin/sshd" hostname=? addr=43.155.176.172 terminal=? res=success'
Jul 12 12:56:19 ip-172-31-31-174.ec2.internal sshd[28909]: Disconnected from authenticating user root 43.155.176.172 port 60706 [preauth]
Jul 12 12:56:19 ip-172-31-31-174.ec2.internal audit[28909]: USER_ERR pid=28909 uid=0 auid=4294967295 ses=4294967295 subj=system_u:system_r:sshd_t:s0-s0:c0.c1023 msg='op=PAM:bad_ident grantors=? acct="?" exe="/usr/sbin/sshd" hostname=43.155.176.172 addr=43.155.176.172 terminal=ssh res=failed'
Jul 12 12:56:19 ip-172-31-31-174.ec2.internal audit[28909]: CRYPTO_KEY_USER pid=28909 uid=0 auid=4294967295 ses=4294967295 subj=system_u:system_r:sshd_t:s0-s0:c0.c1023 msg='op=destroy kind=server fp=SHA256:18:92:4d:9f:63:53:7c:f0:56:89:07:73:00:0c:be:ea:cf:2e:ef:2d:2f:12:62:c9:2c:15:84:3e:2b:cd:74:8b direction=? spid=28909 suid=0 exe="/usr/sbin/sshd" hostname=? addr=43.155.176.172 terminal=? res=success'
Jul 12 12:56:19 ip-172-31-31-174.ec2.internal audit[28909]: USER_LOGIN pid=28909 uid=0 auid=4294967295 ses=4294967295 subj=system_u:system_r:sshd_t:s0-s0:c0.c1023 msg='op=login acct="root" exe="/usr/sbin/sshd" hostname=? addr=43.155.176.172 terminal=ssh res=failed'
Jul 12 12:56:24 ip-172-31-31-174.ec2.internal audit[28953]: CRYPTO_KEY_USER pid=28953 uid=0 auid=4294967295 ses=4294967295 subj=system_u:system_r:sshd_t:s0-s0:c0.c1023 msg='op=destroy kind=server fp=SHA256:18:92:4d:9f:63:53:7c:f0:56:89:07:73:00:0c:be:ea:cf:2e:ef:2d:2f:12:62:c9:2c:15:84:3e:2b:cd:74:8b direction=? spid=28953 suid=0 exe="/usr/sbin/sshd" hostname=? addr=143.110.250.108 terminal=? res=success'
Jul 12 12:56:24 ip-172-31-31-174.ec2.internal audit[28952]: CRYPTO_SESSION pid=28952 uid=0 auid=4294967295 ses=4294967295 subj=system_u:system_r:sshd_t:s0-s0:c0.c1023 msg='op=start direction=from-server cipher=aes256-gcm@openssh.com ksize=256 mac= pfs=curve25519-sha256 spid=28953 suid=74 rport=52712 laddr=172.31.31.174 lport=22 exe="/usr/sbin/sshd" hostname=? addr=143.110.250.108 terminal=? res=success'
Jul 12 12:56:24 ip-172-31-31-174.ec2.internal audit[28952]: CRYPTO_SESSION pid=28952 uid=0 auid=4294967295 ses=4294967295 subj=system_u:system_r:sshd_t:s0-s0:c0.c1023 msg='op=start direction=from-client cipher=aes256-gcm@openssh.com ksize=256 mac= pfs=curve25519-sha256 spid=28953 suid=74 rport=52712 laddr=172.31.31.174 lport=22 exe="/usr/sbin/sshd" hostname=? addr=143.110.250.108 terminal=? res=success'
Jul 12 12:56:25 ip-172-31-31-174.ec2.internal sshd[28952]: Received disconnect from 143.110.250.108 port 52712:11: Bye Bye [preauth]
Jul 12 12:56:25 ip-172-31-31-174.ec2.internal audit[28952]: CRYPTO_KEY_USER pid=28952 uid=0 auid=4294967295 ses=4294967295 subj=system_u:system_r:sshd_t:s0-s0:c0.c1023 msg='op=destroy kind=session fp=? direction=both spid=28953 suid=74 rport=52712 laddr=172.31.31.174 lport=22 exe="/usr/sbin/sshd" hostname=? addr=143.110.250.108 terminal=? res=success'
Jul 12 12:56:25 ip-172-31-31-174.ec2.internal audit[28952]: CRYPTO_KEY_USER pid=28952 uid=0 auid=4294967295 ses=4294967295 subj=system_u:system_r:sshd_t:s0-s0:c0.c1023 msg='op=destroy kind=server fp=SHA256:18:92:4d:9f:63:53:7c:f0:56:89:07:73:00:0c:be:ea:cf:2e:ef:2d:2f:12:62:c9:2c:15:84:3e:2b:cd:74:8b direction=? spid=28953 suid=74 exe="/usr/sbin/sshd" hostname=? addr=143.110.250.108 terminal=? res=success'
Jul 12 12:56:25 ip-172-31-31-174.ec2.internal sshd[28952]: Disconnected from authenticating user root 143.110.250.108 port 52712 [preauth]
Jul 12 12:56:25 ip-172-31-31-174.ec2.internal audit[28952]: USER_ERR pid=28952 uid=0 auid=4294967295 ses=4294967295 subj=system_u:system_r:sshd_t:s0-s0:c0.c1023 msg='op=PAM:bad_ident grantors=? acct="?" exe="/usr/sbin/sshd" hostname=143.110.250.108 addr=143.110.250.108 terminal=ssh res=failed'
Jul 12 12:56:25 ip-172-31-31-174.ec2.internal audit[28952]: CRYPTO_KEY_USER pid=28952 uid=0 auid=4294967295 ses=4294967295 subj=system_u:system_r:sshd_t:s0-s0:c0.c1023 msg='op=destroy kind=server fp=SHA256:18:92:4d:9f:63:53:7c:f0:56:89:07:73:00:0c:be:ea:cf:2e:ef:2d:2f:12:62:c9:2c:15:84:3e:2b:cd:74:8b direction=? spid=28952 suid=0 exe="/usr/sbin/sshd" hostname=? addr=143.110.250.108 terminal=? res=success'
Jul 12 12:56:25 ip-172-31-31-174.ec2.internal audit[28952]: USER_LOGIN pid=28952 uid=0 auid=4294967295 ses=4294967295 subj=system_u:system_r:sshd_t:s0-s0:c0.c1023 msg='op=login acct="root" exe="/usr/sbin/sshd" hostname=? addr=143.110.250.108 terminal=ssh res=failed'
Jul 12 12:56:46 ip-172-31-31-174.ec2.internal audit[29074]: CRYPTO_KEY_USER pid=29074 uid=0 auid=4294967295 ses=4294967295 subj=system_u:system_r:sshd_t:s0-s0:c0.c1023 msg='op=destroy kind=server fp=SHA256:18:92:4d:9f:63:53:7c:f0:56:89:07:73:00:0c:be:ea:cf:2e:ef:2d:2f:12:62:c9:2c:15:84:3e:2b:cd:74:8b direction=? spid=29074 suid=0 exe="/usr/sbin/sshd" hostname=? addr=181.188.147.10 terminal=? res=success'
Jul 12 12:56:47 ip-172-31-31-174.ec2.internal audit[29073]: CRYPTO_SESSION pid=29073 uid=0 auid=4294967295 ses=4294967295 subj=system_u:system_r:sshd_t:s0-s0:c0.c1023 msg='op=start direction=from-server cipher=aes256-gcm@openssh.com ksize=256 mac= pfs=curve25519-sha256 spid=29074 suid=74 rport=52381 laddr=172.31.31.174 lport=22 exe="/usr/sbin/sshd" hostname=? addr=181.188.147.10 terminal=? res=success'
Jul 12 12:56:47 ip-172-31-31-174.ec2.internal audit[29073]: CRYPTO_SESSION pid=29073 uid=0 auid=4294967295 ses=4294967295 subj=system_u:system_r:sshd_t:s0-s0:c0.c1023 msg='op=start direction=from-client cipher=aes256-gcm@openssh.com ksize=256 mac= pfs=curve25519-sha256 spid=29074 suid=74 rport=52381 laddr=172.31.31.174 lport=22 exe="/usr/sbin/sshd" hostname=? addr=181.188.147.10 terminal=? res=success'
Jul 12 12:56:47 ip-172-31-31-174.ec2.internal sshd[29073]: Received disconnect from 181.188.147.10 port 52381:11: Bye Bye [preauth]
Jul 12 12:56:47 ip-172-31-31-174.ec2.internal audit[29073]: CRYPTO_KEY_USER pid=29073 uid=0 auid=4294967295 ses=4294967295 subj=system_u:system_r:sshd_t:s0-s0:c0.c1023 msg='op=destroy kind=session fp=? direction=both spid=29074 suid=74 rport=52381 laddr=172.31.31.174 lport=22 exe="/usr/sbin/sshd" hostname=? addr=181.188.147.10 terminal=? res=success'
Jul 12 12:56:47 ip-172-31-31-174.ec2.internal audit[29073]: CRYPTO_KEY_USER pid=29073 uid=0 auid=4294967295 ses=4294967295 subj=system_u:system_r:sshd_t:s0-s0:c0.c1023 msg='op=destroy kind=server fp=SHA256:18:92:4d:9f:63:53:7c:f0:56:89:07:73:00:0c:be:ea:cf:2e:ef:2d:2f:12:62:c9:2c:15:84:3e:2b:cd:74:8b direction=? spid=29074 suid=74 exe="/usr/sbin/sshd" hostname=? addr=181.188.147.10 terminal=? res=success'
Jul 12 12:56:47 ip-172-31-31-174.ec2.internal sshd[29073]: Disconnected from authenticating user root 181.188.147.10 port 52381 [preauth]
Jul 12 12:56:47 ip-172-31-31-174.ec2.internal audit[29073]: USER_ERR pid=29073 uid=0 auid=4294967295 ses=4294967295 subj=system_u:system_r:sshd_t:s0-s0:c0.c1023 msg='op=PAM:bad_ident grantors=? acct="?" exe="/usr/sbin/sshd" hostname=181.188.147.10 addr=181.188.147.10 terminal=ssh res=failed'
Jul 12 12:56:47 ip-172-31-31-174.ec2.internal audit[29073]: CRYPTO_KEY_USER pid=29073 uid=0 auid=4294967295 ses=4294967295 subj=system_u:system_r:sshd_t:s0-s0:c0.c1023 msg='op=destroy kind=server fp=SHA256:18:92:4d:9f:63:53:7c:f0:56:89:07:73:00:0c:be:ea:cf:2e:ef:2d:2f:12:62:c9:2c:15:84:3e:2b:cd:74:8b direction=? spid=29073 suid=0 exe="/usr/sbin/sshd" hostname=? addr=181.188.147.10 terminal=? res=success'
Jul 12 12:56:47 ip-172-31-31-174.ec2.internal audit[29073]: USER_LOGIN pid=29073 uid=0 auid=4294967295 ses=4294967295 subj=system_u:system_r:sshd_t:s0-s0:c0.c1023 msg='op=login acct="root" exe="/usr/sbin/sshd" hostname=? addr=181.188.147.10 terminal=ssh res=failed'
Jul 12 12:56:47 ip-172-31-31-174.ec2.internal systemd[1]: systemd-timedated.service: Deactivated successfully.
Jul 12 12:56:47 ip-172-31-31-174.ec2.internal audit[1]: SERVICE_STOP pid=1 uid=0 auid=4294967295 ses=4294967295 subj=system_u:system_r:init_t:s0 msg='unit=systemd-timedated comm="systemd" exe="/usr/lib/systemd/systemd" hostname=? addr=? terminal=? res=success'
Jul 12 12:56:47 ip-172-31-31-174.ec2.internal audit: BPF prog-id=114 op=UNLOAD
Jul 12 12:56:47 ip-172-31-31-174.ec2.internal audit: BPF prog-id=113 op=UNLOAD
Jul 12 12:56:47 ip-172-31-31-174.ec2.internal audit: BPF prog-id=112 op=UNLOAD
Jul 12 12:56:50 ip-172-31-31-174.ec2.internal audit: BPF prog-id=115 op=LOAD
Jul 12 12:56:50 ip-172-31-31-174.ec2.internal audit: BPF prog-id=116 op=LOAD
Jul 12 12:56:50 ip-172-31-31-174.ec2.internal audit: BPF prog-id=117 op=LOAD
Jul 12 12:56:50 ip-172-31-31-174.ec2.internal systemd[1]: Starting systemd-timedated.service - Time & Date Service...
Jul 12 12:56:50 ip-172-31-31-174.ec2.internal systemd[1]: Started systemd-timedated.service - Time & Date Service.
Jul 12 12:56:50 ip-172-31-31-174.ec2.internal audit[1]: SERVICE_START pid=1 uid=0 auid=4294967295 ses=4294967295 subj=system_u:system_r:init_t:s0 msg='unit=systemd-timedated comm="systemd" exe="/usr/lib/systemd/systemd" hostname=? addr=? terminal=? res=success'
Jul 12 12:57:03 ip-172-31-31-174.ec2.internal audit[29255]: CRYPTO_KEY_USER pid=29255 uid=0 auid=4294967295 ses=4294967295 subj=system_u:system_r:sshd_t:s0-s0:c0.c1023 msg='op=destroy kind=server fp=SHA256:18:92:4d:9f:63:53:7c:f0:56:89:07:73:00:0c:be:ea:cf:2e:ef:2d:2f:12:62:c9:2c:15:84:3e:2b:cd:74:8b direction=? spid=29255 suid=0 exe="/usr/sbin/sshd" hostname=? addr=43.163.195.123 terminal=? res=success'
Jul 12 12:57:04 ip-172-31-31-174.ec2.internal audit[29254]: CRYPTO_SESSION pid=29254 uid=0 auid=4294967295 ses=4294967295 subj=system_u:system_r:sshd_t:s0-s0:c0.c1023 msg='op=start direction=from-server cipher=aes256-gcm@openssh.com ksize=256 mac= pfs=curve25519-sha256 spid=29255 suid=74 rport=55124 laddr=172.31.31.174 lport=22 exe="/usr/sbin/sshd" hostname=? addr=43.163.195.123 terminal=? res=success'
Jul 12 12:57:04 ip-172-31-31-174.ec2.internal audit[29254]: CRYPTO_SESSION pid=29254 uid=0 auid=4294967295 ses=4294967295 subj=system_u:system_r:sshd_t:s0-s0:c0.c1023 msg='op=start direction=from-client cipher=aes256-gcm@openssh.com ksize=256 mac= pfs=curve25519-sha256 spid=29255 suid=74 rport=55124 laddr=172.31.31.174 lport=22 exe="/usr/sbin/sshd" hostname=? addr=43.163.195.123 terminal=? res=success'
Jul 12 12:57:05 ip-172-31-31-174.ec2.internal sshd[29254]: Received disconnect from 43.163.195.123 port 55124:11: Bye Bye [preauth]
Jul 12 12:57:05 ip-172-31-31-174.ec2.internal audit[29254]: CRYPTO_KEY_USER pid=29254 uid=0 auid=4294967295 ses=4294967295 subj=system_u:system_r:sshd_t:s0-s0:c0.c1023 msg='op=destroy kind=session fp=? direction=both spid=29255 suid=74 rport=55124 laddr=172.31.31.174 lport=22 exe="/usr/sbin/sshd" hostname=? addr=43.163.195.123 terminal=? res=success'
Jul 12 12:57:05 ip-172-31-31-174.ec2.internal audit[29254]: CRYPTO_KEY_USER pid=29254 uid=0 auid=4294967295 ses=4294967295 subj=system_u:system_r:sshd_t:s0-s0:c0.c1023 msg='op=destroy kind=server fp=SHA256:18:92:4d:9f:63:53:7c:f0:56:89:07:73:00:0c:be:ea:cf:2e:ef:2d:2f:12:62:c9:2c:15:84:3e:2b:cd:74:8b direction=? spid=29255 suid=74 exe="/usr/sbin/sshd" hostname=? addr=43.163.195.123 terminal=? res=success'
Jul 12 12:57:05 ip-172-31-31-174.ec2.internal sshd[29254]: Disconnected from authenticating user root 43.163.195.123 port 55124 [preauth]
Jul 12 12:57:05 ip-172-31-31-174.ec2.internal audit[29254]: USER_ERR pid=29254 uid=0 auid=4294967295 ses=4294967295 subj=system_u:system_r:sshd_t:s0-s0:c0.c1023 msg='op=PAM:bad_ident grantors=? acct="?" exe="/usr/sbin/sshd" hostname=43.163.195.123 addr=43.163.195.123 terminal=ssh res=failed'
Jul 12 12:57:05 ip-172-31-31-174.ec2.internal audit[29254]: CRYPTO_KEY_USER pid=29254 uid=0 auid=4294967295 ses=4294967295 subj=system_u:system_r:sshd_t:s0-s0:c0.c1023 msg='op=destroy kind=server fp=SHA256:18:92:4d:9f:63:53:7c:f0:56:89:07:73:00:0c:be:ea:cf:2e:ef:2d:2f:12:62:c9:2c:15:84:3e:2b:cd:74:8b direction=? spid=29254 suid=0 exe="/usr/sbin/sshd" hostname=? addr=43.163.195.123 terminal=? res=success'
Jul 12 12:57:05 ip-172-31-31-174.ec2.internal audit[29254]: USER_LOGIN pid=29254 uid=0 auid=4294967295 ses=4294967295 subj=system_u:system_r:sshd_t:s0-s0:c0.c1023 msg='op=login acct="root" exe="/usr/sbin/sshd" hostname=? addr=43.163.195.123 terminal=ssh res=failed'
Jul 12 12:57:06 ip-172-31-31-174.ec2.internal cloud-init[1647]: 2024/07/12 12:57:06 Sending heartbeat...
Jul 12 12:57:06 ip-172-31-31-174.ec2.internal cloud-init[1647]: 2024/07/12 12:57:06 Sent heartbeat!
Jul 12 12:57:14 ip-172-31-31-174.ec2.internal audit[29403]: CRYPTO_KEY_USER pid=29403 uid=0 auid=4294967295 ses=4294967295 subj=system_u:system_r:sshd_t:s0-s0:c0.c1023 msg='op=destroy kind=server fp=SHA256:18:92:4d:9f:63:53:7c:f0:56:89:07:73:00:0c:be:ea:cf:2e:ef:2d:2f:12:62:c9:2c:15:84:3e:2b:cd:74:8b direction=? spid=29403 suid=0 exe="/usr/sbin/sshd" hostname=? addr=103.93.248.247 terminal=? res=success'
Jul 12 12:57:14 ip-172-31-31-174.ec2.internal audit[29402]: CRYPTO_SESSION pid=29402 uid=0 auid=4294967295 ses=4294967295 subj=system_u:system_r:sshd_t:s0-s0:c0.c1023 msg='op=start direction=from-server cipher=aes256-gcm@openssh.com ksize=256 mac= pfs=curve25519-sha256 spid=29403 suid=74 rport=49616 laddr=172.31.31.174 lport=22 exe="/usr/sbin/sshd" hostname=? addr=103.93.248.247 terminal=? res=success'
Jul 12 12:57:14 ip-172-31-31-174.ec2.internal audit[29402]: CRYPTO_SESSION pid=29402 uid=0 auid=4294967295 ses=4294967295 subj=system_u:system_r:sshd_t:s0-s0:c0.c1023 msg='op=start direction=from-client cipher=aes256-gcm@openssh.com ksize=256 mac= pfs=curve25519-sha256 spid=29403 suid=74 rport=49616 laddr=172.31.31.174 lport=22 exe="/usr/sbin/sshd" hostname=? addr=103.93.248.247 terminal=? res=success'
Jul 12 12:57:15 ip-172-31-31-174.ec2.internal sshd[29402]: Received disconnect from 103.93.248.247 port 49616:11: Bye Bye [preauth]
Jul 12 12:57:15 ip-172-31-31-174.ec2.internal audit[29402]: CRYPTO_KEY_USER pid=29402 uid=0 auid=4294967295 ses=4294967295 subj=system_u:system_r:sshd_t:s0-s0:c0.c1023 msg='op=destroy kind=session fp=? direction=both spid=29403 suid=74 rport=49616 laddr=172.31.31.174 lport=22 exe="/usr/sbin/sshd" hostname=? addr=103.93.248.247 terminal=? res=success'
Jul 12 12:57:15 ip-172-31-31-174.ec2.internal audit[29402]: CRYPTO_KEY_USER pid=29402 uid=0 auid=4294967295 ses=4294967295 subj=system_u:system_r:sshd_t:s0-s0:c0.c1023 msg='op=destroy kind=server fp=SHA256:18:92:4d:9f:63:53:7c:f0:56:89:07:73:00:0c:be:ea:cf:2e:ef:2d:2f:12:62:c9:2c:15:84:3e:2b:cd:74:8b direction=? spid=29403 suid=74 exe="/usr/sbin/sshd" hostname=? addr=103.93.248.247 terminal=? res=success'
Jul 12 12:57:15 ip-172-31-31-174.ec2.internal sshd[29402]: Disconnected from authenticating user root 103.93.248.247 port 49616 [preauth]
Jul 12 12:57:15 ip-172-31-31-174.ec2.internal audit[29402]: USER_ERR pid=29402 uid=0 auid=4294967295 ses=4294967295 subj=system_u:system_r:sshd_t:s0-s0:c0.c1023 msg='op=PAM:bad_ident grantors=? acct="?" exe="/usr/sbin/sshd" hostname=103.93.248.247 addr=103.93.248.247 terminal=ssh res=failed'
Jul 12 12:57:15 ip-172-31-31-174.ec2.internal audit[29402]: CRYPTO_KEY_USER pid=29402 uid=0 auid=4294967295 ses=4294967295 subj=system_u:system_r:sshd_t:s0-s0:c0.c1023 msg='op=destroy kind=server fp=SHA256:18:92:4d:9f:63:53:7c:f0:56:89:07:73:00:0c:be:ea:cf:2e:ef:2d:2f:12:62:c9:2c:15:84:3e:2b:cd:74:8b direction=? spid=29402 suid=0 exe="/usr/sbin/sshd" hostname=? addr=103.93.248.247 terminal=? res=success'
Jul 12 12:57:15 ip-172-31-31-174.ec2.internal audit[29402]: USER_LOGIN pid=29402 uid=0 auid=4294967295 ses=4294967295 subj=system_u:system_r:sshd_t:s0-s0:c0.c1023 msg='op=login acct="root" exe="/usr/sbin/sshd" hostname=? addr=103.93.248.247 terminal=ssh res=failed'
Jul 12 12:57:22 ip-172-31-31-174.ec2.internal audit[29442]: CRYPTO_KEY_USER pid=29442 uid=0 auid=4294967295 ses=4294967295 subj=system_u:system_r:sshd_t:s0-s0:c0.c1023 msg='op=destroy kind=server fp=SHA256:18:92:4d:9f:63:53:7c:f0:56:89:07:73:00:0c:be:ea:cf:2e:ef:2d:2f:12:62:c9:2c:15:84:3e:2b:cd:74:8b direction=? spid=29442 suid=0 exe="/usr/sbin/sshd" hostname=? addr=143.110.250.108 terminal=? res=success'
Jul 12 12:57:22 ip-172-31-31-174.ec2.internal audit[29441]: CRYPTO_SESSION pid=29441 uid=0 auid=4294967295 ses=4294967295 subj=system_u:system_r:sshd_t:s0-s0:c0.c1023 msg='op=start direction=from-server cipher=aes256-gcm@openssh.com ksize=256 mac= pfs=curve25519-sha256 spid=29442 suid=74 rport=52384 laddr=172.31.31.174 lport=22 exe="/usr/sbin/sshd" hostname=? addr=143.110.250.108 terminal=? res=success'
Jul 12 12:57:22 ip-172-31-31-174.ec2.internal audit[29441]: CRYPTO_SESSION pid=29441 uid=0 auid=4294967295 ses=4294967295 subj=system_u:system_r:sshd_t:s0-s0:c0.c1023 msg='op=start direction=from-client cipher=aes256-gcm@openssh.com ksize=256 mac= pfs=curve25519-sha256 spid=29442 suid=74 rport=52384 laddr=172.31.31.174 lport=22 exe="/usr/sbin/sshd" hostname=? addr=143.110.250.108 terminal=? res=success'
Jul 12 12:57:23 ip-172-31-31-174.ec2.internal sshd[29441]: Received disconnect from 143.110.250.108 port 52384:11: Bye Bye [preauth]
Jul 12 12:57:23 ip-172-31-31-174.ec2.internal audit[29441]: CRYPTO_KEY_USER pid=29441 uid=0 auid=4294967295 ses=4294967295 subj=system_u:system_r:sshd_t:s0-s0:c0.c1023 msg='op=destroy kind=session fp=? direction=both spid=29442 suid=74 rport=52384 laddr=172.31.31.174 lport=22 exe="/usr/sbin/sshd" hostname=? addr=143.110.250.108 terminal=? res=success'
Jul 12 12:57:23 ip-172-31-31-174.ec2.internal audit[29441]: CRYPTO_KEY_USER pid=29441 uid=0 auid=4294967295 ses=4294967295 subj=system_u:system_r:sshd_t:s0-s0:c0.c1023 msg='op=destroy kind=server fp=SHA256:18:92:4d:9f:63:53:7c:f0:56:89:07:73:00:0c:be:ea:cf:2e:ef:2d:2f:12:62:c9:2c:15:84:3e:2b:cd:74:8b direction=? spid=29442 suid=74 exe="/usr/sbin/sshd" hostname=? addr=143.110.250.108 terminal=? res=success'
Jul 12 12:57:23 ip-172-31-31-174.ec2.internal sshd[29441]: Disconnected from authenticating user root 143.110.250.108 port 52384 [preauth]
Jul 12 12:57:23 ip-172-31-31-174.ec2.internal audit[29441]: USER_ERR pid=29441 uid=0 auid=4294967295 ses=4294967295 subj=system_u:system_r:sshd_t:s0-s0:c0.c1023 msg='op=PAM:bad_ident grantors=? acct="?" exe="/usr/sbin/sshd" hostname=143.110.250.108 addr=143.110.250.108 terminal=ssh res=failed'
Jul 12 12:57:23 ip-172-31-31-174.ec2.internal audit[29441]: CRYPTO_KEY_USER pid=29441 uid=0 auid=4294967295 ses=4294967295 subj=system_u:system_r:sshd_t:s0-s0:c0.c1023 msg='op=destroy kind=server fp=SHA256:18:92:4d:9f:63:53:7c:f0:56:89:07:73:00:0c:be:ea:cf:2e:ef:2d:2f:12:62:c9:2c:15:84:3e:2b:cd:74:8b direction=? spid=29441 suid=0 exe="/usr/sbin/sshd" hostname=? addr=143.110.250.108 terminal=? res=success'
Jul 12 12:57:23 ip-172-31-31-174.ec2.internal audit[29441]: USER_LOGIN pid=29441 uid=0 auid=4294967295 ses=4294967295 subj=system_u:system_r:sshd_t:s0-s0:c0.c1023 msg='op=login acct="root" exe="/usr/sbin/sshd" hostname=? addr=143.110.250.108 terminal=ssh res=failed'
Jul 12 12:57:34 ip-172-31-31-174.ec2.internal systemd[1]: systemd-timedated.service: Deactivated successfully.
Jul 12 12:57:34 ip-172-31-31-174.ec2.internal audit[1]: SERVICE_STOP pid=1 uid=0 auid=4294967295 ses=4294967295 subj=system_u:system_r:init_t:s0 msg='unit=systemd-timedated comm="systemd" exe="/usr/lib/systemd/systemd" hostname=? addr=? terminal=? res=success'
Jul 12 12:57:34 ip-172-31-31-174.ec2.internal audit: BPF prog-id=117 op=UNLOAD
Jul 12 12:57:34 ip-172-31-31-174.ec2.internal audit: BPF prog-id=116 op=UNLOAD
Jul 12 12:57:34 ip-172-31-31-174.ec2.internal audit: BPF prog-id=115 op=UNLOAD
Jul 12 12:57:37 ip-172-31-31-174.ec2.internal audit: BPF prog-id=118 op=LOAD
Jul 12 12:57:37 ip-172-31-31-174.ec2.internal audit: BPF prog-id=119 op=LOAD
Jul 12 12:57:37 ip-172-31-31-174.ec2.internal audit: BPF prog-id=120 op=LOAD
Jul 12 12:57:37 ip-172-31-31-174.ec2.internal systemd[1]: Starting systemd-timedated.service - Time & Date Service...
Jul 12 12:57:37 ip-172-31-31-174.ec2.internal systemd[1]: Started systemd-timedated.service - Time & Date Service.
Jul 12 12:57:37 ip-172-31-31-174.ec2.internal audit[1]: SERVICE_START pid=1 uid=0 auid=4294967295 ses=4294967295 subj=system_u:system_r:init_t:s0 msg='unit=systemd-timedated comm="systemd" exe="/usr/lib/systemd/systemd" hostname=? addr=? terminal=? res=success'
Jul 12 12:57:45 ip-172-31-31-174.ec2.internal audit[29735]: CRYPTO_KEY_USER pid=29735 uid=0 auid=4294967295 ses=4294967295 subj=system_u:system_r:sshd_t:s0-s0:c0.c1023 msg='op=destroy kind=server fp=SHA256:18:92:4d:9f:63:53:7c:f0:56:89:07:73:00:0c:be:ea:cf:2e:ef:2d:2f:12:62:c9:2c:15:84:3e:2b:cd:74:8b direction=? spid=29735 suid=0 exe="/usr/sbin/sshd" hostname=? addr=181.188.147.10 terminal=? res=success'
Jul 12 12:57:45 ip-172-31-31-174.ec2.internal audit[29734]: CRYPTO_SESSION pid=29734 uid=0 auid=4294967295 ses=4294967295 subj=system_u:system_r:sshd_t:s0-s0:c0.c1023 msg='op=start direction=from-server cipher=aes256-gcm@openssh.com ksize=256 mac= pfs=curve25519-sha256 spid=29735 suid=74 rport=59320 laddr=172.31.31.174 lport=22 exe="/usr/sbin/sshd" hostname=? addr=181.188.147.10 terminal=? res=success'
Jul 12 12:57:45 ip-172-31-31-174.ec2.internal audit[29734]: CRYPTO_SESSION pid=29734 uid=0 auid=4294967295 ses=4294967295 subj=system_u:system_r:sshd_t:s0-s0:c0.c1023 msg='op=start direction=from-client cipher=aes256-gcm@openssh.com ksize=256 mac= pfs=curve25519-sha256 spid=29735 suid=74 rport=59320 laddr=172.31.31.174 lport=22 exe="/usr/sbin/sshd" hostname=? addr=181.188.147.10 terminal=? res=success'
Jul 12 12:57:46 ip-172-31-31-174.ec2.internal sshd[29734]: Received disconnect from 181.188.147.10 port 59320:11: Bye Bye [preauth]
Jul 12 12:57:46 ip-172-31-31-174.ec2.internal audit[29734]: CRYPTO_KEY_USER pid=29734 uid=0 auid=4294967295 ses=4294967295 subj=system_u:system_r:sshd_t:s0-s0:c0.c1023 msg='op=destroy kind=session fp=? direction=both spid=29735 suid=74 rport=59320 laddr=172.31.31.174 lport=22 exe="/usr/sbin/sshd" hostname=? addr=181.188.147.10 terminal=? res=success'
Jul 12 12:57:46 ip-172-31-31-174.ec2.internal audit[29734]: CRYPTO_KEY_USER pid=29734 uid=0 auid=4294967295 ses=4294967295 subj=system_u:system_r:sshd_t:s0-s0:c0.c1023 msg='op=destroy kind=server fp=SHA256:18:92:4d:9f:63:53:7c:f0:56:89:07:73:00:0c:be:ea:cf:2e:ef:2d:2f:12:62:c9:2c:15:84:3e:2b:cd:74:8b direction=? spid=29735 suid=74 exe="/usr/sbin/sshd" hostname=? addr=181.188.147.10 terminal=? res=success'
Jul 12 12:57:46 ip-172-31-31-174.ec2.internal sshd[29734]: Disconnected from authenticating user root 181.188.147.10 port 59320 [preauth]
Jul 12 12:57:46 ip-172-31-31-174.ec2.internal audit[29734]: USER_ERR pid=29734 uid=0 auid=4294967295 ses=4294967295 subj=system_u:system_r:sshd_t:s0-s0:c0.c1023 msg='op=PAM:bad_ident grantors=? acct="?" exe="/usr/sbin/sshd" hostname=181.188.147.10 addr=181.188.147.10 terminal=ssh res=failed'
Jul 12 12:57:46 ip-172-31-31-174.ec2.internal audit[29734]: CRYPTO_KEY_USER pid=29734 uid=0 auid=4294967295 ses=4294967295 subj=system_u:system_r:sshd_t:s0-s0:c0.c1023 msg='op=destroy kind=server fp=SHA256:18:92:4d:9f:63:53:7c:f0:56:89:07:73:00:0c:be:ea:cf:2e:ef:2d:2f:12:62:c9:2c:15:84:3e:2b:cd:74:8b direction=? spid=29734 suid=0 exe="/usr/sbin/sshd" hostname=? addr=181.188.147.10 terminal=? res=success'
Jul 12 12:57:46 ip-172-31-31-174.ec2.internal audit[29734]: USER_LOGIN pid=29734 uid=0 auid=4294967295 ses=4294967295 subj=system_u:system_r:sshd_t:s0-s0:c0.c1023 msg='op=login acct="root" exe="/usr/sbin/sshd" hostname=? addr=181.188.147.10 terminal=ssh res=failed'
Jul 12 12:58:00 ip-172-31-31-174.ec2.internal audit[30157]: CRYPTO_KEY_USER pid=30157 uid=0 auid=4294967295 ses=4294967295 subj=system_u:system_r:sshd_t:s0-s0:c0.c1023 msg='op=destroy kind=server fp=SHA256:18:92:4d:9f:63:53:7c:f0:56:89:07:73:00:0c:be:ea:cf:2e:ef:2d:2f:12:62:c9:2c:15:84:3e:2b:cd:74:8b direction=? spid=30157 suid=0 exe="/usr/sbin/sshd" hostname=? addr=43.163.195.123 terminal=? res=success'
Jul 12 12:58:00 ip-172-31-31-174.ec2.internal audit[30156]: CRYPTO_SESSION pid=30156 uid=0 auid=4294967295 ses=4294967295 subj=system_u:system_r:sshd_t:s0-s0:c0.c1023 msg='op=start direction=from-server cipher=aes256-gcm@openssh.com ksize=256 mac= pfs=curve25519-sha256 spid=30157 suid=74 rport=43940 laddr=172.31.31.174 lport=22 exe="/usr/sbin/sshd" hostname=? addr=43.163.195.123 terminal=? res=success'
Jul 12 12:58:00 ip-172-31-31-174.ec2.internal audit[30156]: CRYPTO_SESSION pid=30156 uid=0 auid=4294967295 ses=4294967295 subj=system_u:system_r:sshd_t:s0-s0:c0.c1023 msg='op=start direction=from-client cipher=aes256-gcm@openssh.com ksize=256 mac= pfs=curve25519-sha256 spid=30157 suid=74 rport=43940 laddr=172.31.31.174 lport=22 exe="/usr/sbin/sshd" hostname=? addr=43.163.195.123 terminal=? res=success'
Jul 12 12:58:01 ip-172-31-31-174.ec2.internal sshd[30156]: Received disconnect from 43.163.195.123 port 43940:11: Bye Bye [preauth]
Jul 12 12:58:01 ip-172-31-31-174.ec2.internal audit[30156]: CRYPTO_KEY_USER pid=30156 uid=0 auid=4294967295 ses=4294967295 subj=system_u:system_r:sshd_t:s0-s0:c0.c1023 msg='op=destroy kind=session fp=? direction=both spid=30157 suid=74 rport=43940 laddr=172.31.31.174 lport=22 exe="/usr/sbin/sshd" hostname=? addr=43.163.195.123 terminal=? res=success'
Jul 12 12:58:01 ip-172-31-31-174.ec2.internal audit[30156]: CRYPTO_KEY_USER pid=30156 uid=0 auid=4294967295 ses=4294967295 subj=system_u:system_r:sshd_t:s0-s0:c0.c1023 msg='op=destroy kind=server fp=SHA256:18:92:4d:9f:63:53:7c:f0:56:89:07:73:00:0c:be:ea:cf:2e:ef:2d:2f:12:62:c9:2c:15:84:3e:2b:cd:74:8b direction=? spid=30157 suid=74 exe="/usr/sbin/sshd" hostname=? addr=43.163.195.123 terminal=? res=success'
Jul 12 12:58:01 ip-172-31-31-174.ec2.internal sshd[30156]: Disconnected from authenticating user root 43.163.195.123 port 43940 [preauth]
Jul 12 12:58:01 ip-172-31-31-174.ec2.internal audit[30156]: USER_ERR pid=30156 uid=0 auid=4294967295 ses=4294967295 subj=system_u:system_r:sshd_t:s0-s0:c0.c1023 msg='op=PAM:bad_ident grantors=? acct="?" exe="/usr/sbin/sshd" hostname=43.163.195.123 addr=43.163.195.123 terminal=ssh res=failed'
Jul 12 12:58:01 ip-172-31-31-174.ec2.internal audit[30156]: CRYPTO_KEY_USER pid=30156 uid=0 auid=4294967295 ses=4294967295 subj=system_u:system_r:sshd_t:s0-s0:c0.c1023 msg='op=destroy kind=server fp=SHA256:18:92:4d:9f:63:53:7c:f0:56:89:07:73:00:0c:be:ea:cf:2e:ef:2d:2f:12:62:c9:2c:15:84:3e:2b:cd:74:8b direction=? spid=30156 suid=0 exe="/usr/sbin/sshd" hostname=? addr=43.163.195.123 terminal=? res=success'
Jul 12 12:58:01 ip-172-31-31-174.ec2.internal audit[30156]: USER_LOGIN pid=30156 uid=0 auid=4294967295 ses=4294967295 subj=system_u:system_r:sshd_t:s0-s0:c0.c1023 msg='op=login acct="root" exe="/usr/sbin/sshd" hostname=? addr=43.163.195.123 terminal=ssh res=failed'
Jul 12 12:58:06 ip-172-31-31-174.ec2.internal cloud-init[1647]: 2024/07/12 12:58:06 Sending heartbeat...
Jul 12 12:58:06 ip-172-31-31-174.ec2.internal cloud-init[1647]: 2024/07/12 12:58:06 Sent heartbeat!
Jul 12 12:58:18 ip-172-31-31-174.ec2.internal audit[30194]: CRYPTO_KEY_USER pid=30194 uid=0 auid=4294967295 ses=4294967295 subj=system_u:system_r:sshd_t:s0-s0:c0.c1023 msg='op=destroy kind=server fp=SHA256:18:92:4d:9f:63:53:7c:f0:56:89:07:73:00:0c:be:ea:cf:2e:ef:2d:2f:12:62:c9:2c:15:84:3e:2b:cd:74:8b direction=? spid=30194 suid=0 exe="/usr/sbin/sshd" hostname=? addr=103.93.248.247 terminal=? res=success'
Jul 12 12:58:18 ip-172-31-31-174.ec2.internal audit[30193]: CRYPTO_SESSION pid=30193 uid=0 auid=4294967295 ses=4294967295 subj=system_u:system_r:sshd_t:s0-s0:c0.c1023 msg='op=start direction=from-server cipher=aes256-gcm@openssh.com ksize=256 mac= pfs=curve25519-sha256 spid=30194 suid=74 rport=50846 laddr=172.31.31.174 lport=22 exe="/usr/sbin/sshd" hostname=? addr=103.93.248.247 terminal=? res=success'
Jul 12 12:58:18 ip-172-31-31-174.ec2.internal audit[30193]: CRYPTO_SESSION pid=30193 uid=0 auid=4294967295 ses=4294967295 subj=system_u:system_r:sshd_t:s0-s0:c0.c1023 msg='op=start direction=from-client cipher=aes256-gcm@openssh.com ksize=256 mac= pfs=curve25519-sha256 spid=30194 suid=74 rport=50846 laddr=172.31.31.174 lport=22 exe="/usr/sbin/sshd" hostname=? addr=103.93.248.247 terminal=? res=success'
Jul 12 12:58:19 ip-172-31-31-174.ec2.internal sshd[30193]: Received disconnect from 103.93.248.247 port 50846:11: Bye Bye [preauth]
Jul 12 12:58:19 ip-172-31-31-174.ec2.internal audit[30193]: CRYPTO_KEY_USER pid=30193 uid=0 auid=4294967295 ses=4294967295 subj=system_u:system_r:sshd_t:s0-s0:c0.c1023 msg='op=destroy kind=session fp=? direction=both spid=30194 suid=74 rport=50846 laddr=172.31.31.174 lport=22 exe="/usr/sbin/sshd" hostname=? addr=103.93.248.247 terminal=? res=success'
Jul 12 12:58:19 ip-172-31-31-174.ec2.internal audit[30193]: CRYPTO_KEY_USER pid=30193 uid=0 auid=4294967295 ses=4294967295 subj=system_u:system_r:sshd_t:s0-s0:c0.c1023 msg='op=destroy kind=server fp=SHA256:18:92:4d:9f:63:53:7c:f0:56:89:07:73:00:0c:be:ea:cf:2e:ef:2d:2f:12:62:c9:2c:15:84:3e:2b:cd:74:8b direction=? spid=30194 suid=74 exe="/usr/sbin/sshd" hostname=? addr=103.93.248.247 terminal=? res=success'
Jul 12 12:58:19 ip-172-31-31-174.ec2.internal sshd[30193]: Disconnected from authenticating user root 103.93.248.247 port 50846 [preauth]
Jul 12 12:58:19 ip-172-31-31-174.ec2.internal audit[30193]: USER_ERR pid=30193 uid=0 auid=4294967295 ses=4294967295 subj=system_u:system_r:sshd_t:s0-s0:c0.c1023 msg='op=PAM:bad_ident grantors=? acct="?" exe="/usr/sbin/sshd" hostname=103.93.248.247 addr=103.93.248.247 terminal=ssh res=failed'
Jul 12 12:58:19 ip-172-31-31-174.ec2.internal audit[30193]: CRYPTO_KEY_USER pid=30193 uid=0 auid=4294967295 ses=4294967295 subj=system_u:system_r:sshd_t:s0-s0:c0.c1023 msg='op=destroy kind=server fp=SHA256:18:92:4d:9f:63:53:7c:f0:56:89:07:73:00:0c:be:ea:cf:2e:ef:2d:2f:12:62:c9:2c:15:84:3e:2b:cd:74:8b direction=? spid=30193 suid=0 exe="/usr/sbin/sshd" hostname=? addr=103.93.248.247 terminal=? res=success'
Jul 12 12:58:19 ip-172-31-31-174.ec2.internal audit[30193]: USER_LOGIN pid=30193 uid=0 auid=4294967295 ses=4294967295 subj=system_u:system_r:sshd_t:s0-s0:c0.c1023 msg='op=login acct="root" exe="/usr/sbin/sshd" hostname=? addr=103.93.248.247 terminal=ssh res=failed'
Jul 12 12:58:22 ip-172-31-31-174.ec2.internal audit[30196]: CRYPTO_KEY_USER pid=30196 uid=0 auid=4294967295 ses=4294967295 subj=system_u:system_r:sshd_t:s0-s0:c0.c1023 msg='op=destroy kind=server fp=SHA256:18:92:4d:9f:63:53:7c:f0:56:89:07:73:00:0c:be:ea:cf:2e:ef:2d:2f:12:62:c9:2c:15:84:3e:2b:cd:74:8b direction=? spid=30196 suid=0 exe="/usr/sbin/sshd" hostname=? addr=143.110.250.108 terminal=? res=success'
Jul 12 12:58:22 ip-172-31-31-174.ec2.internal audit[30195]: CRYPTO_SESSION pid=30195 uid=0 auid=4294967295 ses=4294967295 subj=system_u:system_r:sshd_t:s0-s0:c0.c1023 msg='op=start direction=from-server cipher=aes256-gcm@openssh.com ksize=256 mac= pfs=curve25519-sha256 spid=30196 suid=74 rport=47700 laddr=172.31.31.174 lport=22 exe="/usr/sbin/sshd" hostname=? addr=143.110.250.108 terminal=? res=success'
Jul 12 12:58:22 ip-172-31-31-174.ec2.internal audit[30195]: CRYPTO_SESSION pid=30195 uid=0 auid=4294967295 ses=4294967295 subj=system_u:system_r:sshd_t:s0-s0:c0.c1023 msg='op=start direction=from-client cipher=aes256-gcm@openssh.com ksize=256 mac= pfs=curve25519-sha256 spid=30196 suid=74 rport=47700 laddr=172.31.31.174 lport=22 exe="/usr/sbin/sshd" hostname=? addr=143.110.250.108 terminal=? res=success'
Jul 12 12:58:23 ip-172-31-31-174.ec2.internal sshd[30195]: Invalid user git from 143.110.250.108 port 47700
Jul 12 12:58:23 ip-172-31-31-174.ec2.internal sshd[30195]: Received disconnect from 143.110.250.108 port 47700:11: Bye Bye [preauth]
Jul 12 12:58:23 ip-172-31-31-174.ec2.internal audit[30195]: CRYPTO_KEY_USER pid=30195 uid=0 auid=4294967295 ses=4294967295 subj=system_u:system_r:sshd_t:s0-s0:c0.c1023 msg='op=destroy kind=session fp=? direction=both spid=30196 suid=74 rport=47700 laddr=172.31.31.174 lport=22 exe="/usr/sbin/sshd" hostname=? addr=143.110.250.108 terminal=? res=success'
Jul 12 12:58:23 ip-172-31-31-174.ec2.internal audit[30195]: CRYPTO_KEY_USER pid=30195 uid=0 auid=4294967295 ses=4294967295 subj=system_u:system_r:sshd_t:s0-s0:c0.c1023 msg='op=destroy kind=server fp=SHA256:18:92:4d:9f:63:53:7c:f0:56:89:07:73:00:0c:be:ea:cf:2e:ef:2d:2f:12:62:c9:2c:15:84:3e:2b:cd:74:8b direction=? spid=30196 suid=74 exe="/usr/sbin/sshd" hostname=? addr=143.110.250.108 terminal=? res=success'
Jul 12 12:58:23 ip-172-31-31-174.ec2.internal sshd[30195]: Disconnected from invalid user git 143.110.250.108 port 47700 [preauth]
Jul 12 12:58:23 ip-172-31-31-174.ec2.internal audit[30195]: USER_ERR pid=30195 uid=0 auid=4294967295 ses=4294967295 subj=system_u:system_r:sshd_t:s0-s0:c0.c1023 msg='op=PAM:bad_ident grantors=? acct="?" exe="/usr/sbin/sshd" hostname=143.110.250.108 addr=143.110.250.108 terminal=ssh res=failed'
Jul 12 12:58:23 ip-172-31-31-174.ec2.internal audit[30195]: CRYPTO_KEY_USER pid=30195 uid=0 auid=4294967295 ses=4294967295 subj=system_u:system_r:sshd_t:s0-s0:c0.c1023 msg='op=destroy kind=server fp=SHA256:18:92:4d:9f:63:53:7c:f0:56:89:07:73:00:0c:be:ea:cf:2e:ef:2d:2f:12:62:c9:2c:15:84:3e:2b:cd:74:8b direction=? spid=30195 suid=0 exe="/usr/sbin/sshd" hostname=? addr=143.110.250.108 terminal=? res=success'
Jul 12 12:58:23 ip-172-31-31-174.ec2.internal audit[30195]: USER_LOGIN pid=30195 uid=0 auid=4294967295 ses=4294967295 subj=system_u:system_r:sshd_t:s0-s0:c0.c1023 msg='op=login acct="(unknown)" exe="/usr/sbin/sshd" hostname=? addr=143.110.250.108 terminal=ssh res=failed'
Jul 12 12:58:27 ip-172-31-31-174.ec2.internal systemd[1]: systemd-timedated.service: Deactivated successfully.
Jul 12 12:58:27 ip-172-31-31-174.ec2.internal audit[1]: SERVICE_STOP pid=1 uid=0 auid=4294967295 ses=4294967295 subj=system_u:system_r:init_t:s0 msg='unit=systemd-timedated comm="systemd" exe="/usr/lib/systemd/systemd" hostname=? addr=? terminal=? res=success'
Jul 12 12:58:27 ip-172-31-31-174.ec2.internal audit: BPF prog-id=120 op=UNLOAD
Jul 12 12:58:27 ip-172-31-31-174.ec2.internal audit: BPF prog-id=119 op=UNLOAD
Jul 12 12:58:27 ip-172-31-31-174.ec2.internal audit: BPF prog-id=118 op=UNLOAD
Jul 12 12:58:29 ip-172-31-31-174.ec2.internal audit: BPF prog-id=121 op=LOAD
Jul 12 12:58:29 ip-172-31-31-174.ec2.internal audit: BPF prog-id=122 op=LOAD
Jul 12 12:58:29 ip-172-31-31-174.ec2.internal audit: BPF prog-id=123 op=LOAD
Jul 12 12:58:29 ip-172-31-31-174.ec2.internal systemd[1]: Starting systemd-timedated.service - Time & Date Service...
Jul 12 12:58:29 ip-172-31-31-174.ec2.internal systemd[1]: Started systemd-timedated.service - Time & Date Service.
Jul 12 12:58:29 ip-172-31-31-174.ec2.internal audit[1]: SERVICE_START pid=1 uid=0 auid=4294967295 ses=4294967295 subj=system_u:system_r:init_t:s0 msg='unit=systemd-timedated comm="systemd" exe="/usr/lib/systemd/systemd" hostname=? addr=? terminal=? res=success'
Jul 12 12:58:42 ip-172-31-31-174.ec2.internal audit[30366]: CRYPTO_KEY_USER pid=30366 uid=0 auid=4294967295 ses=4294967295 subj=system_u:system_r:sshd_t:s0-s0:c0.c1023 msg='op=destroy kind=server fp=SHA256:18:92:4d:9f:63:53:7c:f0:56:89:07:73:00:0c:be:ea:cf:2e:ef:2d:2f:12:62:c9:2c:15:84:3e:2b:cd:74:8b direction=? spid=30366 suid=0 exe="/usr/sbin/sshd" hostname=? addr=152.32.156.127 terminal=? res=success'
Jul 12 12:58:42 ip-172-31-31-174.ec2.internal audit[30365]: CRYPTO_SESSION pid=30365 uid=0 auid=4294967295 ses=4294967295 subj=system_u:system_r:sshd_t:s0-s0:c0.c1023 msg='op=start direction=from-server cipher=aes256-gcm@openssh.com ksize=256 mac= pfs=curve25519-sha256 spid=30366 suid=74 rport=36302 laddr=172.31.31.174 lport=22 exe="/usr/sbin/sshd" hostname=? addr=152.32.156.127 terminal=? res=success'
Jul 12 12:58:42 ip-172-31-31-174.ec2.internal audit[30365]: CRYPTO_SESSION pid=30365 uid=0 auid=4294967295 ses=4294967295 subj=system_u:system_r:sshd_t:s0-s0:c0.c1023 msg='op=start direction=from-client cipher=aes256-gcm@openssh.com ksize=256 mac= pfs=curve25519-sha256 spid=30366 suid=74 rport=36302 laddr=172.31.31.174 lport=22 exe="/usr/sbin/sshd" hostname=? addr=152.32.156.127 terminal=? res=success'
Jul 12 12:58:43 ip-172-31-31-174.ec2.internal audit[30365]: CRYPTO_KEY_USER pid=30365 uid=0 auid=4294967295 ses=4294967295 subj=system_u:system_r:sshd_t:s0-s0:c0.c1023 msg='op=destroy kind=session fp=? direction=both spid=30366 suid=74 rport=36302 laddr=172.31.31.174 lport=22 exe="/usr/sbin/sshd" hostname=? addr=152.32.156.127 terminal=? res=success'
Jul 12 12:58:43 ip-172-31-31-174.ec2.internal sshd[30365]: Connection closed by 152.32.156.127 port 36302 [preauth]
Jul 12 12:58:43 ip-172-31-31-174.ec2.internal audit[30365]: CRYPTO_KEY_USER pid=30365 uid=0 auid=4294967295 ses=4294967295 subj=system_u:system_r:sshd_t:s0-s0:c0.c1023 msg='op=destroy kind=server fp=SHA256:18:92:4d:9f:63:53:7c:f0:56:89:07:73:00:0c:be:ea:cf:2e:ef:2d:2f:12:62:c9:2c:15:84:3e:2b:cd:74:8b direction=? spid=30366 suid=74 exe="/usr/sbin/sshd" hostname=? addr=152.32.156.127 terminal=? res=success'
Jul 12 12:58:43 ip-172-31-31-174.ec2.internal audit[30365]: CRYPTO_KEY_USER pid=30365 uid=0 auid=4294967295 ses=4294967295 subj=system_u:system_r:sshd_t:s0-s0:c0.c1023 msg='op=destroy kind=server fp=SHA256:18:92:4d:9f:63:53:7c:f0:56:89:07:73:00:0c:be:ea:cf:2e:ef:2d:2f:12:62:c9:2c:15:84:3e:2b:cd:74:8b direction=? spid=30365 suid=0 exe="/usr/sbin/sshd" hostname=? addr=152.32.156.127 terminal=? res=success'
Jul 12 12:58:43 ip-172-31-31-174.ec2.internal audit[30365]: USER_LOGIN pid=30365 uid=0 auid=4294967295 ses=4294967295 subj=system_u:system_r:sshd_t:s0-s0:c0.c1023 msg='op=login acct="(unknown)" exe="/usr/sbin/sshd" hostname=? addr=152.32.156.127 terminal=ssh res=failed'
Jul 12 12:58:47 ip-172-31-31-174.ec2.internal audit[30368]: CRYPTO_KEY_USER pid=30368 uid=0 auid=4294967295 ses=4294967295 subj=system_u:system_r:sshd_t:s0-s0:c0.c1023 msg='op=destroy kind=server fp=SHA256:18:92:4d:9f:63:53:7c:f0:56:89:07:73:00:0c:be:ea:cf:2e:ef:2d:2f:12:62:c9:2c:15:84:3e:2b:cd:74:8b direction=? spid=30368 suid=0 exe="/usr/sbin/sshd" hostname=? addr=181.188.147.10 terminal=? res=success'
Jul 12 12:58:47 ip-172-31-31-174.ec2.internal audit[30367]: CRYPTO_SESSION pid=30367 uid=0 auid=4294967295 ses=4294967295 subj=system_u:system_r:sshd_t:s0-s0:c0.c1023 msg='op=start direction=from-server cipher=aes256-gcm@openssh.com ksize=256 mac= pfs=curve25519-sha256 spid=30368 suid=74 rport=44025 laddr=172.31.31.174 lport=22 exe="/usr/sbin/sshd" hostname=? addr=181.188.147.10 terminal=? res=success'
Jul 12 12:58:47 ip-172-31-31-174.ec2.internal audit[30367]: CRYPTO_SESSION pid=30367 uid=0 auid=4294967295 ses=4294967295 subj=system_u:system_r:sshd_t:s0-s0:c0.c1023 msg='op=start direction=from-client cipher=aes256-gcm@openssh.com ksize=256 mac= pfs=curve25519-sha256 spid=30368 suid=74 rport=44025 laddr=172.31.31.174 lport=22 exe="/usr/sbin/sshd" hostname=? addr=181.188.147.10 terminal=? res=success'
Jul 12 12:58:47 ip-172-31-31-174.ec2.internal sshd[30367]: Received disconnect from 181.188.147.10 port 44025:11: Bye Bye [preauth]
Jul 12 12:58:47 ip-172-31-31-174.ec2.internal audit[30367]: CRYPTO_KEY_USER pid=30367 uid=0 auid=4294967295 ses=4294967295 subj=system_u:system_r:sshd_t:s0-s0:c0.c1023 msg='op=destroy kind=session fp=? direction=both spid=30368 suid=74 rport=44025 laddr=172.31.31.174 lport=22 exe="/usr/sbin/sshd" hostname=? addr=181.188.147.10 terminal=? res=success'
Jul 12 12:58:47 ip-172-31-31-174.ec2.internal audit[30367]: CRYPTO_KEY_USER pid=30367 uid=0 auid=4294967295 ses=4294967295 subj=system_u:system_r:sshd_t:s0-s0:c0.c1023 msg='op=destroy kind=server fp=SHA256:18:92:4d:9f:63:53:7c:f0:56:89:07:73:00:0c:be:ea:cf:2e:ef:2d:2f:12:62:c9:2c:15:84:3e:2b:cd:74:8b direction=? spid=30368 suid=74 exe="/usr/sbin/sshd" hostname=? addr=181.188.147.10 terminal=? res=success'
Jul 12 12:58:47 ip-172-31-31-174.ec2.internal sshd[30367]: Disconnected from authenticating user root 181.188.147.10 port 44025 [preauth]
Jul 12 12:58:47 ip-172-31-31-174.ec2.internal audit[30367]: USER_ERR pid=30367 uid=0 auid=4294967295 ses=4294967295 subj=system_u:system_r:sshd_t:s0-s0:c0.c1023 msg='op=PAM:bad_ident grantors=? acct="?" exe="/usr/sbin/sshd" hostname=181.188.147.10 addr=181.188.147.10 terminal=ssh res=failed'
Jul 12 12:58:47 ip-172-31-31-174.ec2.internal audit[30367]: CRYPTO_KEY_USER pid=30367 uid=0 auid=4294967295 ses=4294967295 subj=system_u:system_r:sshd_t:s0-s0:c0.c1023 msg='op=destroy kind=server fp=SHA256:18:92:4d:9f:63:53:7c:f0:56:89:07:73:00:0c:be:ea:cf:2e:ef:2d:2f:12:62:c9:2c:15:84:3e:2b:cd:74:8b direction=? spid=30367 suid=0 exe="/usr/sbin/sshd" hostname=? addr=181.188.147.10 terminal=? res=success'
Jul 12 12:58:47 ip-172-31-31-174.ec2.internal audit[30367]: USER_LOGIN pid=30367 uid=0 auid=4294967295 ses=4294967295 subj=system_u:system_r:sshd_t:s0-s0:c0.c1023 msg='op=login acct="root" exe="/usr/sbin/sshd" hostname=? addr=181.188.147.10 terminal=ssh res=failed'
Jul 12 12:58:56 ip-172-31-31-174.ec2.internal audit[30371]: CRYPTO_KEY_USER pid=30371 uid=0 auid=4294967295 ses=4294967295 subj=system_u:system_r:sshd_t:s0-s0:c0.c1023 msg='op=destroy kind=server fp=SHA256:18:92:4d:9f:63:53:7c:f0:56:89:07:73:00:0c:be:ea:cf:2e:ef:2d:2f:12:62:c9:2c:15:84:3e:2b:cd:74:8b direction=? spid=30371 suid=0 exe="/usr/sbin/sshd" hostname=? addr=43.163.195.123 terminal=? res=success'
Jul 12 12:58:56 ip-172-31-31-174.ec2.internal audit[30370]: CRYPTO_SESSION pid=30370 uid=0 auid=4294967295 ses=4294967295 subj=system_u:system_r:sshd_t:s0-s0:c0.c1023 msg='op=start direction=from-server cipher=aes256-gcm@openssh.com ksize=256 mac= pfs=curve25519-sha256 spid=30371 suid=74 rport=60986 laddr=172.31.31.174 lport=22 exe="/usr/sbin/sshd" hostname=? addr=43.163.195.123 terminal=? res=success'
Jul 12 12:58:56 ip-172-31-31-174.ec2.internal audit[30370]: CRYPTO_SESSION pid=30370 uid=0 auid=4294967295 ses=4294967295 subj=system_u:system_r:sshd_t:s0-s0:c0.c1023 msg='op=start direction=from-client cipher=aes256-gcm@openssh.com ksize=256 mac= pfs=curve25519-sha256 spid=30371 suid=74 rport=60986 laddr=172.31.31.174 lport=22 exe="/usr/sbin/sshd" hostname=? addr=43.163.195.123 terminal=? res=success'
Jul 12 12:58:57 ip-172-31-31-174.ec2.internal sshd[30370]: Received disconnect from 43.163.195.123 port 60986:11: Bye Bye [preauth]
Jul 12 12:58:57 ip-172-31-31-174.ec2.internal audit[30370]: CRYPTO_KEY_USER pid=30370 uid=0 auid=4294967295 ses=4294967295 subj=system_u:system_r:sshd_t:s0-s0:c0.c1023 msg='op=destroy kind=session fp=? direction=both spid=30371 suid=74 rport=60986 laddr=172.31.31.174 lport=22 exe="/usr/sbin/sshd" hostname=? addr=43.163.195.123 terminal=? res=success'
Jul 12 12:58:57 ip-172-31-31-174.ec2.internal audit[30370]: CRYPTO_KEY_USER pid=30370 uid=0 auid=4294967295 ses=4294967295 subj=system_u:system_r:sshd_t:s0-s0:c0.c1023 msg='op=destroy kind=server fp=SHA256:18:92:4d:9f:63:53:7c:f0:56:89:07:73:00:0c:be:ea:cf:2e:ef:2d:2f:12:62:c9:2c:15:84:3e:2b:cd:74:8b direction=? spid=30371 suid=74 exe="/usr/sbin/sshd" hostname=? addr=43.163.195.123 terminal=? res=success'
Jul 12 12:58:57 ip-172-31-31-174.ec2.internal sshd[30370]: Disconnected from authenticating user root 43.163.195.123 port 60986 [preauth]
Jul 12 12:58:57 ip-172-31-31-174.ec2.internal audit[30370]: USER_ERR pid=30370 uid=0 auid=4294967295 ses=4294967295 subj=system_u:system_r:sshd_t:s0-s0:c0.c1023 msg='op=PAM:bad_ident grantors=? acct="?" exe="/usr/sbin/sshd" hostname=43.163.195.123 addr=43.163.195.123 terminal=ssh res=failed'
Jul 12 12:58:57 ip-172-31-31-174.ec2.internal audit[30370]: CRYPTO_KEY_USER pid=30370 uid=0 auid=4294967295 ses=4294967295 subj=system_u:system_r:sshd_t:s0-s0:c0.c1023 msg='op=destroy kind=server fp=SHA256:18:92:4d:9f:63:53:7c:f0:56:89:07:73:00:0c:be:ea:cf:2e:ef:2d:2f:12:62:c9:2c:15:84:3e:2b:cd:74:8b direction=? spid=30370 suid=0 exe="/usr/sbin/sshd" hostname=? addr=43.163.195.123 terminal=? res=success'
Jul 12 12:58:57 ip-172-31-31-174.ec2.internal audit[30370]: USER_LOGIN pid=30370 uid=0 auid=4294967295 ses=4294967295 subj=system_u:system_r:sshd_t:s0-s0:c0.c1023 msg='op=login acct="root" exe="/usr/sbin/sshd" hostname=? addr=43.163.195.123 terminal=ssh res=failed'
Jul 12 12:58:59 ip-172-31-31-174.ec2.internal systemd[1]: systemd-timedated.service: Deactivated successfully.
Jul 12 12:58:59 ip-172-31-31-174.ec2.internal audit[1]: SERVICE_STOP pid=1 uid=0 auid=4294967295 ses=4294967295 subj=system_u:system_r:init_t:s0 msg='unit=systemd-timedated comm="systemd" exe="/usr/lib/systemd/systemd" hostname=? addr=? terminal=? res=success'
Jul 12 12:58:59 ip-172-31-31-174.ec2.internal audit: BPF prog-id=123 op=UNLOAD
Jul 12 12:58:59 ip-172-31-31-174.ec2.internal audit: BPF prog-id=122 op=UNLOAD
