Jul 12 12:53:34 ip-172-31-31-174.ec2.internal audit[27409]: CRYPTO_KEY_USER pid=27409 uid=0 auid=4294967295 ses=4294967295 subj=system_u:system_r:sshd_t:s0-s0:c0.c1023 msg='op=destroy kind=server fp=SHA256:18:92:4d:9f:63:53:7c:f0:56:89:07:73:00:0c:be:ea:cf:2e:ef:2d:2f:12:62:c9:2c:15:84:3e:2b:cd:74:8b direction=? spid=27410 suid=74 exe="/usr/sbin/sshd" hostname=? addr=143.110.250.108 terminal=? res=success'
Jul 12 12:53:34 ip-172-31-31-174.ec2.internal sshd[27409]: Disconnected from invalid user ubuntu 143.110.250.108 port 57082 [preauth]
Jul 12 12:53:34 ip-172-31-31-174.ec2.internal audit[27409]: USER_ERR pid=27409 uid=0 auid=4294967295 ses=4294967295 subj=system_u:system_r:sshd_t:s0-s0:c0.c1023 msg='op=PAM:bad_ident grantors=? acct="?" exe="/usr/sbin/sshd" hostname=143.110.250.108 addr=143.110.250.108 terminal=ssh res=failed'
Jul 12 12:53:34 ip-172-31-31-174.ec2.internal audit[27409]: CRYPTO_KEY_USER pid=27409 uid=0 auid=4294967295 ses=4294967295 subj=system_u:system_r:sshd_t:s0-s0:c0.c1023 msg='op=destroy kind=server fp=SHA256:18:92:4d:9f:63:53:7c:f0:56:89:07:73:00:0c:be:ea:cf:2e:ef:2d:2f:12:62:c9:2c:15:84:3e:2b:cd:74:8b direction=? spid=27409 suid=0 exe="/usr/sbin/sshd" hostname=? addr=143.110.250.108 terminal=? res=success'
Jul 12 12:53:34 ip-172-31-31-174.ec2.internal audit[27409]: USER_LOGIN pid=27409 uid=0 auid=4294967295 ses=4294967295 subj=system_u:system_r:sshd_t:s0-s0:c0.c1023 msg='op=login acct="(unknown)" exe="/usr/sbin/sshd" hostname=? addr=143.110.250.108 terminal=ssh res=failed'
Jul 12 12:53:45 ip-172-31-31-174.ec2.internal systemd[1]: systemd-timedated.service: Deactivated successfully.
Jul 12 12:53:45 ip-172-31-31-174.ec2.internal audit[1]: SERVICE_STOP pid=1 uid=0 auid=4294967295 ses=4294967295 subj=system_u:system_r:init_t:s0 msg='unit=systemd-timedated comm="systemd" exe="/usr/lib/systemd/systemd" hostname=? addr=? terminal=? res=success'
Jul 12 12:53:45 ip-172-31-31-174.ec2.internal audit: BPF prog-id=102 op=UNLOAD
Jul 12 12:53:45 ip-172-31-31-174.ec2.internal audit: BPF prog-id=101 op=UNLOAD
Jul 12 12:53:45 ip-172-31-31-174.ec2.internal audit: BPF prog-id=100 op=UNLOAD
Jul 12 12:53:47 ip-172-31-31-174.ec2.internal audit[27519]: CRYPTO_KEY_USER pid=27519 uid=0 auid=4294967295 ses=4294967295 subj=system_u:system_r:sshd_t:s0-s0:c0.c1023 msg='op=destroy kind=server fp=SHA256:18:92:4d:9f:63:53:7c:f0:56:89:07:73:00:0c:be:ea:cf:2e:ef:2d:2f:12:62:c9:2c:15:84:3e:2b:cd:74:8b direction=? spid=27519 suid=0 exe="/usr/sbin/sshd" hostname=? addr=152.32.156.127 terminal=? res=success'
Jul 12 12:53:48 ip-172-31-31-174.ec2.internal audit[27518]: CRYPTO_SESSION pid=27518 uid=0 auid=4294967295 ses=4294967295 subj=system_u:system_r:sshd_t:s0-s0:c0.c1023 msg='op=start direction=from-server cipher=aes256-gcm@openssh.com ksize=256 mac= pfs=curve25519-sha256 spid=27519 suid=74 rport=33810 laddr=172.31.31.174 lport=22 exe="/usr/sbin/sshd" hostname=? addr=152.32.156.127 terminal=? res=success'
Jul 12 12:53:48 ip-172-31-31-174.ec2.internal audit[27518]: CRYPTO_SESSION pid=27518 uid=0 auid=4294967295 ses=4294967295 subj=system_u:system_r:sshd_t:s0-s0:c0.c1023 msg='op=start direction=from-client cipher=aes256-gcm@openssh.com ksize=256 mac= pfs=curve25519-sha256 spid=27519 suid=74 rport=33810 laddr=172.31.31.174 lport=22 exe="/usr/sbin/sshd" hostname=? addr=152.32.156.127 terminal=? res=success'
Jul 12 12:53:48 ip-172-31-31-174.ec2.internal audit: BPF prog-id=103 op=LOAD
Jul 12 12:53:48 ip-172-31-31-174.ec2.internal audit: BPF prog-id=104 op=LOAD
Jul 12 12:53:48 ip-172-31-31-174.ec2.internal audit: BPF prog-id=105 op=LOAD
Jul 12 12:53:48 ip-172-31-31-174.ec2.internal systemd[1]: Starting systemd-timedated.service - Time & Date Service...
Jul 12 12:53:48 ip-172-31-31-174.ec2.internal systemd[1]: Started systemd-timedated.service - Time & Date Service.
Jul 12 12:53:48 ip-172-31-31-174.ec2.internal audit[1]: SERVICE_START pid=1 uid=0 auid=4294967295 ses=4294967295 subj=system_u:system_r:init_t:s0 msg='unit=systemd-timedated comm="systemd" exe="/usr/lib/systemd/systemd" hostname=? addr=? terminal=? res=success'
Jul 12 12:53:49 ip-172-31-31-174.ec2.internal sshd[27518]: Invalid user dspace from 152.32.156.127 port 33810
Jul 12 12:53:49 ip-172-31-31-174.ec2.internal sshd[27518]: Received disconnect from 152.32.156.127 port 33810:11: Bye Bye [preauth]
Jul 12 12:53:49 ip-172-31-31-174.ec2.internal audit[27518]: CRYPTO_KEY_USER pid=27518 uid=0 auid=4294967295 ses=4294967295 subj=system_u:system_r:sshd_t:s0-s0:c0.c1023 msg='op=destroy kind=session fp=? direction=both spid=27519 suid=74 rport=33810 laddr=172.31.31.174 lport=22 exe="/usr/sbin/sshd" hostname=? addr=152.32.156.127 terminal=? res=success'
Jul 12 12:53:49 ip-172-31-31-174.ec2.internal audit[27518]: CRYPTO_KEY_USER pid=27518 uid=0 auid=4294967295 ses=4294967295 subj=system_u:system_r:sshd_t:s0-s0:c0.c1023 msg='op=destroy kind=server fp=SHA256:18:92:4d:9f:63:53:7c:f0:56:89:07:73:00:0c:be:ea:cf:2e:ef:2d:2f:12:62:c9:2c:15:84:3e:2b:cd:74:8b direction=? spid=27519 suid=74 exe="/usr/sbin/sshd" hostname=? addr=152.32.156.127 terminal=? res=success'
Jul 12 12:53:49 ip-172-31-31-174.ec2.internal sshd[27518]: Disconnected from invalid user dspace 152.32.156.127 port 33810 [preauth]
Jul 12 12:53:49 ip-172-31-31-174.ec2.internal audit[27518]: USER_ERR pid=27518 uid=0 auid=4294967295 ses=4294967295 subj=system_u:system_r:sshd_t:s0-s0:c0.c1023 msg='op=PAM:bad_ident grantors=? acct="?" exe="/usr/sbin/sshd" hostname=152.32.156.127 addr=152.32.156.127 terminal=ssh res=failed'
Jul 12 12:53:49 ip-172-31-31-174.ec2.internal audit[27518]: CRYPTO_KEY_USER pid=27518 uid=0 auid=4294967295 ses=4294967295 subj=system_u:system_r:sshd_t:s0-s0:c0.c1023 msg='op=destroy kind=server fp=SHA256:18:92:4d:9f:63:53:7c:f0:56:89:07:73:00:0c:be:ea:cf:2e:ef:2d:2f:12:62:c9:2c:15:84:3e:2b:cd:74:8b direction=? spid=27518 suid=0 exe="/usr/sbin/sshd" hostname=? addr=152.32.156.127 terminal=? res=success'
Jul 12 12:53:49 ip-172-31-31-174.ec2.internal audit[27518]: USER_LOGIN pid=27518 uid=0 auid=4294967295 ses=4294967295 subj=system_u:system_r:sshd_t:s0-s0:c0.c1023 msg='op=login acct="(unknown)" exe="/usr/sbin/sshd" hostname=? addr=152.32.156.127 terminal=ssh res=failed'
Jul 12 12:53:58 ip-172-31-31-174.ec2.internal audit[27711]: CRYPTO_KEY_USER pid=27711 uid=0 auid=4294967295 ses=4294967295 subj=system_u:system_r:sshd_t:s0-s0:c0.c1023 msg='op=destroy kind=server fp=SHA256:18:92:4d:9f:63:53:7c:f0:56:89:07:73:00:0c:be:ea:cf:2e:ef:2d:2f:12:62:c9:2c:15:84:3e:2b:cd:74:8b direction=? spid=27711 suid=0 exe="/usr/sbin/sshd" hostname=? addr=181.188.147.10 terminal=? res=success'
Jul 12 12:53:58 ip-172-31-31-174.ec2.internal audit[27710]: CRYPTO_SESSION pid=27710 uid=0 auid=4294967295 ses=4294967295 subj=system_u:system_r:sshd_t:s0-s0:c0.c1023 msg='op=start direction=from-server cipher=aes256-gcm@openssh.com ksize=256 mac= pfs=curve25519-sha256 spid=27711 suid=74 rport=60741 laddr=172.31.31.174 lport=22 exe="/usr/sbin/sshd" hostname=? addr=181.188.147.10 terminal=? res=success'
Jul 12 12:53:58 ip-172-31-31-174.ec2.internal audit[27710]: CRYPTO_SESSION pid=27710 uid=0 auid=4294967295 ses=4294967295 subj=system_u:system_r:sshd_t:s0-s0:c0.c1023 msg='op=start direction=from-client cipher=aes256-gcm@openssh.com ksize=256 mac= pfs=curve25519-sha256 spid=27711 suid=74 rport=60741 laddr=172.31.31.174 lport=22 exe="/usr/sbin/sshd" hostname=? addr=181.188.147.10 terminal=? res=success'
Jul 12 12:53:59 ip-172-31-31-174.ec2.internal sshd[27710]: Invalid user admin from 181.188.147.10 port 60741
Jul 12 12:53:59 ip-172-31-31-174.ec2.internal sshd[27710]: Received disconnect from 181.188.147.10 port 60741:11: Bye Bye [preauth]
Jul 12 12:53:59 ip-172-31-31-174.ec2.internal audit[27710]: CRYPTO_KEY_USER pid=27710 uid=0 auid=4294967295 ses=4294967295 subj=system_u:system_r:sshd_t:s0-s0:c0.c1023 msg='op=destroy kind=session fp=? direction=both spid=27711 suid=74 rport=60741 laddr=172.31.31.174 lport=22 exe="/usr/sbin/sshd" hostname=? addr=181.188.147.10 terminal=? res=success'
Jul 12 12:53:59 ip-172-31-31-174.ec2.internal audit[27710]: CRYPTO_KEY_USER pid=27710 uid=0 auid=4294967295 ses=4294967295 subj=system_u:system_r:sshd_t:s0-s0:c0.c1023 msg='op=destroy kind=server fp=SHA256:18:92:4d:9f:63:53:7c:f0:56:89:07:73:00:0c:be:ea:cf:2e:ef:2d:2f:12:62:c9:2c:15:84:3e:2b:cd:74:8b direction=? spid=27711 suid=74 exe="/usr/sbin/sshd" hostname=? addr=181.188.147.10 terminal=? res=success'
Jul 12 12:53:59 ip-172-31-31-174.ec2.internal sshd[27710]: Disconnected from invalid user admin 181.188.147.10 port 60741 [preauth]
Jul 12 12:53:59 ip-172-31-31-174.ec2.internal audit[27710]: USER_ERR pid=27710 uid=0 auid=4294967295 ses=4294967295 subj=system_u:system_r:sshd_t:s0-s0:c0.c1023 msg='op=PAM:bad_ident grantors=? acct="?" exe="/usr/sbin/sshd" hostname=181.188.147.10 addr=181.188.147.10 terminal=ssh res=failed'
Jul 12 12:53:59 ip-172-31-31-174.ec2.internal audit[27710]: CRYPTO_KEY_USER pid=27710 uid=0 auid=4294967295 ses=4294967295 subj=system_u:system_r:sshd_t:s0-s0:c0.c1023 msg='op=destroy kind=server fp=SHA256:18:92:4d:9f:63:53:7c:f0:56:89:07:73:00:0c:be:ea:cf:2e:ef:2d:2f:12:62:c9:2c:15:84:3e:2b:cd:74:8b direction=? spid=27710 suid=0 exe="/usr/sbin/sshd" hostname=? addr=181.188.147.10 terminal=? res=success'
Jul 12 12:53:59 ip-172-31-31-174.ec2.internal audit[27710]: USER_LOGIN pid=27710 uid=0 auid=4294967295 ses=4294967295 subj=system_u:system_r:sshd_t:s0-s0:c0.c1023 msg='op=login acct="(unknown)" exe="/usr/sbin/sshd" hostname=? addr=181.188.147.10 terminal=ssh res=failed'
Jul 12 12:54:06 ip-172-31-31-174.ec2.internal cloud-init[1647]: 2024/07/12 12:54:06 Sending heartbeat...
Jul 12 12:54:06 ip-172-31-31-174.ec2.internal cloud-init[1647]: 2024/07/12 12:54:06 Sent heartbeat!
Jul 12 12:54:22 ip-172-31-31-174.ec2.internal audit[28036]: CRYPTO_KEY_USER pid=28036 uid=0 auid=4294967295 ses=4294967295 subj=system_u:system_r:sshd_t:s0-s0:c0.c1023 msg='op=destroy kind=server fp=SHA256:18:92:4d:9f:63:53:7c:f0:56:89:07:73:00:0c:be:ea:cf:2e:ef:2d:2f:12:62:c9:2c:15:84:3e:2b:cd:74:8b direction=? spid=28036 suid=0 exe="/usr/sbin/sshd" hostname=? addr=43.163.195.123 terminal=? res=success'
Jul 12 12:54:22 ip-172-31-31-174.ec2.internal audit[28035]: CRYPTO_SESSION pid=28035 uid=0 auid=4294967295 ses=4294967295 subj=system_u:system_r:sshd_t:s0-s0:c0.c1023 msg='op=start direction=from-server cipher=aes256-gcm@openssh.com ksize=256 mac= pfs=curve25519-sha256 spid=28036 suid=74 rport=60522 laddr=172.31.31.174 lport=22 exe="/usr/sbin/sshd" hostname=? addr=43.163.195.123 terminal=? res=success'
Jul 12 12:54:22 ip-172-31-31-174.ec2.internal audit[28035]: CRYPTO_SESSION pid=28035 uid=0 auid=4294967295 ses=4294967295 subj=system_u:system_r:sshd_t:s0-s0:c0.c1023 msg='op=start direction=from-client cipher=aes256-gcm@openssh.com ksize=256 mac= pfs=curve25519-sha256 spid=28036 suid=74 rport=60522 laddr=172.31.31.174 lport=22 exe="/usr/sbin/sshd" hostname=? addr=43.163.195.123 terminal=? res=success'
Jul 12 12:54:23 ip-172-31-31-174.ec2.internal sshd[28035]: Received disconnect from 43.163.195.123 port 60522:11: Bye Bye [preauth]
Jul 12 12:54:23 ip-172-31-31-174.ec2.internal audit[28035]: CRYPTO_KEY_USER pid=28035 uid=0 auid=4294967295 ses=4294967295 subj=system_u:system_r:sshd_t:s0-s0:c0.c1023 msg='op=destroy kind=session fp=? direction=both spid=28036 suid=74 rport=60522 laddr=172.31.31.174 lport=22 exe="/usr/sbin/sshd" hostname=? addr=43.163.195.123 terminal=? res=success'
Jul 12 12:54:23 ip-172-31-31-174.ec2.internal audit[28035]: CRYPTO_KEY_USER pid=28035 uid=0 auid=4294967295 ses=4294967295 subj=system_u:system_r:sshd_t:s0-s0:c0.c1023 msg='op=destroy kind=server fp=SHA256:18:92:4d:9f:63:53:7c:f0:56:89:07:73:00:0c:be:ea:cf:2e:ef:2d:2f:12:62:c9:2c:15:84:3e:2b:cd:74:8b direction=? spid=28036 suid=74 exe="/usr/sbin/sshd" hostname=? addr=43.163.195.123 terminal=? res=success'
Jul 12 12:54:23 ip-172-31-31-174.ec2.internal sshd[28035]: Disconnected from authenticating user root 43.163.195.123 port 60522 [preauth]
Jul 12 12:54:23 ip-172-31-31-174.ec2.internal audit[28035]: USER_ERR pid=28035 uid=0 auid=4294967295 ses=4294967295 subj=system_u:system_r:sshd_t:s0-s0:c0.c1023 msg='op=PAM:bad_ident grantors=? acct="?" exe="/usr/sbin/sshd" hostname=43.163.195.123 addr=43.163.195.123 terminal=ssh res=failed'
Jul 12 12:54:23 ip-172-31-31-174.ec2.internal audit[28035]: CRYPTO_KEY_USER pid=28035 uid=0 auid=4294967295 ses=4294967295 subj=system_u:system_r:sshd_t:s0-s0:c0.c1023 msg='op=destroy kind=server fp=SHA256:18:92:4d:9f:63:53:7c:f0:56:89:07:73:00:0c:be:ea:cf:2e:ef:2d:2f:12:62:c9:2c:15:84:3e:2b:cd:74:8b direction=? spid=28035 suid=0 exe="/usr/sbin/sshd" hostname=? addr=43.163.195.123 terminal=? res=success'
Jul 12 12:54:23 ip-172-31-31-174.ec2.internal audit[28035]: USER_LOGIN pid=28035 uid=0 auid=4294967295 ses=4294967295 subj=system_u:system_r:sshd_t:s0-s0:c0.c1023 msg='op=login acct="root" exe="/usr/sbin/sshd" hostname=? addr=43.163.195.123 terminal=ssh res=failed'
Jul 12 12:54:25 ip-172-31-31-174.ec2.internal audit[28080]: CRYPTO_KEY_USER pid=28080 uid=0 auid=4294967295 ses=4294967295 subj=system_u:system_r:sshd_t:s0-s0:c0.c1023 msg='op=destroy kind=server fp=SHA256:18:92:4d:9f:63:53:7c:f0:56:89:07:73:00:0c:be:ea:cf:2e:ef:2d:2f:12:62:c9:2c:15:84:3e:2b:cd:74:8b direction=? spid=28080 suid=0 exe="/usr/sbin/sshd" hostname=? addr=103.93.248.247 terminal=? res=success'
Jul 12 12:54:25 ip-172-31-31-174.ec2.internal audit[28079]: CRYPTO_SESSION pid=28079 uid=0 auid=4294967295 ses=4294967295 subj=system_u:system_r:sshd_t:s0-s0:c0.c1023 msg='op=start direction=from-server cipher=aes256-gcm@openssh.com ksize=256 mac= pfs=curve25519-sha256 spid=28080 suid=74 rport=50914 laddr=172.31.31.174 lport=22 exe="/usr/sbin/sshd" hostname=? addr=103.93.248.247 terminal=? res=success'
Jul 12 12:54:25 ip-172-31-31-174.ec2.internal audit[28079]: CRYPTO_SESSION pid=28079 uid=0 auid=4294967295 ses=4294967295 subj=system_u:system_r:sshd_t:s0-s0:c0.c1023 msg='op=start direction=from-client cipher=aes256-gcm@openssh.com ksize=256 mac= pfs=curve25519-sha256 spid=28080 suid=74 rport=50914 laddr=172.31.31.174 lport=22 exe="/usr/sbin/sshd" hostname=? addr=103.93.248.247 terminal=? res=success'
Jul 12 12:54:26 ip-172-31-31-174.ec2.internal sshd[28079]: Invalid user admin from 103.93.248.247 port 50914
Jul 12 12:54:27 ip-172-31-31-174.ec2.internal sshd[28079]: Received disconnect from 103.93.248.247 port 50914:11: Bye Bye [preauth]
Jul 12 12:54:27 ip-172-31-31-174.ec2.internal audit[28079]: CRYPTO_KEY_USER pid=28079 uid=0 auid=4294967295 ses=4294967295 subj=system_u:system_r:sshd_t:s0-s0:c0.c1023 msg='op=destroy kind=session fp=? direction=both spid=28080 suid=74 rport=50914 laddr=172.31.31.174 lport=22 exe="/usr/sbin/sshd" hostname=? addr=103.93.248.247 terminal=? res=success'
Jul 12 12:54:27 ip-172-31-31-174.ec2.internal audit[28079]: CRYPTO_KEY_USER pid=28079 uid=0 auid=4294967295 ses=4294967295 subj=system_u:system_r:sshd_t:s0-s0:c0.c1023 msg='op=destroy kind=server fp=SHA256:18:92:4d:9f:63:53:7c:f0:56:89:07:73:00:0c:be:ea:cf:2e:ef:2d:2f:12:62:c9:2c:15:84:3e:2b:cd:74:8b direction=? spid=28080 suid=74 exe="/usr/sbin/sshd" hostname=? addr=103.93.248.247 terminal=? res=success'
Jul 12 12:54:27 ip-172-31-31-174.ec2.internal sshd[28079]: Disconnected from invalid user admin 103.93.248.247 port 50914 [preauth]
Jul 12 12:54:27 ip-172-31-31-174.ec2.internal audit[28079]: USER_ERR pid=28079 uid=0 auid=4294967295 ses=4294967295 subj=system_u:system_r:sshd_t:s0-s0:c0.c1023 msg='op=PAM:bad_ident grantors=? acct="?" exe="/usr/sbin/sshd" hostname=103.93.248.247 addr=103.93.248.247 terminal=ssh res=failed'
Jul 12 12:54:27 ip-172-31-31-174.ec2.internal audit[28079]: CRYPTO_KEY_USER pid=28079 uid=0 auid=4294967295 ses=4294967295 subj=system_u:system_r:sshd_t:s0-s0:c0.c1023 msg='op=destroy kind=server fp=SHA256:18:92:4d:9f:63:53:7c:f0:56:89:07:73:00:0c:be:ea:cf:2e:ef:2d:2f:12:62:c9:2c:15:84:3e:2b:cd:74:8b direction=? spid=28079 suid=0 exe="/usr/sbin/sshd" hostname=? addr=103.93.248.247 terminal=? res=success'
Jul 12 12:54:27 ip-172-31-31-174.ec2.internal audit[28079]: USER_LOGIN pid=28079 uid=0 auid=4294967295 ses=4294967295 subj=system_u:system_r:sshd_t:s0-s0:c0.c1023 msg='op=login acct="(unknown)" exe="/usr/sbin/sshd" hostname=? addr=103.93.248.247 terminal=ssh res=failed'
Jul 12 12:54:27 ip-172-31-31-174.ec2.internal audit[28083]: CRYPTO_KEY_USER pid=28083 uid=0 auid=4294967295 ses=4294967295 subj=system_u:system_r:sshd_t:s0-s0:c0.c1023 msg='op=destroy kind=server fp=SHA256:18:92:4d:9f:63:53:7c:f0:56:89:07:73:00:0c:be:ea:cf:2e:ef:2d:2f:12:62:c9:2c:15:84:3e:2b:cd:74:8b direction=? spid=28083 suid=0 exe="/usr/sbin/sshd" hostname=? addr=143.110.250.108 terminal=? res=success'
Jul 12 12:54:27 ip-172-31-31-174.ec2.internal audit[28082]: CRYPTO_SESSION pid=28082 uid=0 auid=4294967295 ses=4294967295 subj=system_u:system_r:sshd_t:s0-s0:c0.c1023 msg='op=start direction=from-server cipher=aes256-gcm@openssh.com ksize=256 mac= pfs=curve25519-sha256 spid=28083 suid=74 rport=36816 laddr=172.31.31.174 lport=22 exe="/usr/sbin/sshd" hostname=? addr=143.110.250.108 terminal=? res=success'
Jul 12 12:54:27 ip-172-31-31-174.ec2.internal audit[28082]: CRYPTO_SESSION pid=28082 uid=0 auid=4294967295 ses=4294967295 subj=system_u:system_r:sshd_t:s0-s0:c0.c1023 msg='op=start direction=from-client cipher=aes256-gcm@openssh.com ksize=256 mac= pfs=curve25519-sha256 spid=28083 suid=74 rport=36816 laddr=172.31.31.174 lport=22 exe="/usr/sbin/sshd" hostname=? addr=143.110.250.108 terminal=? res=success'
Jul 12 12:54:28 ip-172-31-31-174.ec2.internal audit[28085]: CRYPTO_KEY_USER pid=28085 uid=0 auid=4294967295 ses=4294967295 subj=system_u:system_r:sshd_t:s0-s0:c0.c1023 msg='op=destroy kind=server fp=SHA256:18:92:4d:9f:63:53:7c:f0:56:89:07:73:00:0c:be:ea:cf:2e:ef:2d:2f:12:62:c9:2c:15:84:3e:2b:cd:74:8b direction=? spid=28085 suid=0 exe="/usr/sbin/sshd" hostname=? addr=128.201.78.253 terminal=? res=success'
Jul 12 12:54:28 ip-172-31-31-174.ec2.internal audit[28084]: CRYPTO_SESSION pid=28084 uid=0 auid=4294967295 ses=4294967295 subj=system_u:system_r:sshd_t:s0-s0:c0.c1023 msg='op=start direction=from-server cipher=aes256-gcm@openssh.com ksize=256 mac= pfs=curve25519-sha256 spid=28085 suid=74 rport=49994 laddr=172.31.31.174 lport=22 exe="/usr/sbin/sshd" hostname=? addr=128.201.78.253 terminal=? res=success'
Jul 12 12:54:28 ip-172-31-31-174.ec2.internal audit[28084]: CRYPTO_SESSION pid=28084 uid=0 auid=4294967295 ses=4294967295 subj=system_u:system_r:sshd_t:s0-s0:c0.c1023 msg='op=start direction=from-client cipher=aes256-gcm@openssh.com ksize=256 mac= pfs=curve25519-sha256 spid=28085 suid=74 rport=49994 laddr=172.31.31.174 lport=22 exe="/usr/sbin/sshd" hostname=? addr=128.201.78.253 terminal=? res=success'
Jul 12 12:54:28 ip-172-31-31-174.ec2.internal sshd[28082]: Received disconnect from 143.110.250.108 port 36816:11: Bye Bye [preauth]
Jul 12 12:54:28 ip-172-31-31-174.ec2.internal audit[28082]: CRYPTO_KEY_USER pid=28082 uid=0 auid=4294967295 ses=4294967295 subj=system_u:system_r:sshd_t:s0-s0:c0.c1023 msg='op=destroy kind=session fp=? direction=both spid=28083 suid=74 rport=36816 laddr=172.31.31.174 lport=22 exe="/usr/sbin/sshd" hostname=? addr=143.110.250.108 terminal=? res=success'
Jul 12 12:54:28 ip-172-31-31-174.ec2.internal audit[28082]: CRYPTO_KEY_USER pid=28082 uid=0 auid=4294967295 ses=4294967295 subj=system_u:system_r:sshd_t:s0-s0:c0.c1023 msg='op=destroy kind=server fp=SHA256:18:92:4d:9f:63:53:7c:f0:56:89:07:73:00:0c:be:ea:cf:2e:ef:2d:2f:12:62:c9:2c:15:84:3e:2b:cd:74:8b direction=? spid=28083 suid=74 exe="/usr/sbin/sshd" hostname=? addr=143.110.250.108 terminal=? res=success'
Jul 12 12:54:28 ip-172-31-31-174.ec2.internal sshd[28082]: Disconnected from authenticating user root 143.110.250.108 port 36816 [preauth]
Jul 12 12:54:28 ip-172-31-31-174.ec2.internal audit[28082]: USER_ERR pid=28082 uid=0 auid=4294967295 ses=4294967295 subj=system_u:system_r:sshd_t:s0-s0:c0.c1023 msg='op=PAM:bad_ident grantors=? acct="?" exe="/usr/sbin/sshd" hostname=143.110.250.108 addr=143.110.250.108 terminal=ssh res=failed'
Jul 12 12:54:28 ip-172-31-31-174.ec2.internal audit[28082]: CRYPTO_KEY_USER pid=28082 uid=0 auid=4294967295 ses=4294967295 subj=system_u:system_r:sshd_t:s0-s0:c0.c1023 msg='op=destroy kind=server fp=SHA256:18:92:4d:9f:63:53:7c:f0:56:89:07:73:00:0c:be:ea:cf:2e:ef:2d:2f:12:62:c9:2c:15:84:3e:2b:cd:74:8b direction=? spid=28082 suid=0 exe="/usr/sbin/sshd" hostname=? addr=143.110.250.108 terminal=? res=success'
Jul 12 12:54:28 ip-172-31-31-174.ec2.internal audit[28082]: USER_LOGIN pid=28082 uid=0 auid=4294967295 ses=4294967295 subj=system_u:system_r:sshd_t:s0-s0:c0.c1023 msg='op=login acct="root" exe="/usr/sbin/sshd" hostname=? addr=143.110.250.108 terminal=ssh res=failed'
Jul 12 12:54:28 ip-172-31-31-174.ec2.internal sshd[28084]: Received disconnect from 128.201.78.253 port 49994:11: Bye Bye [preauth]
Jul 12 12:54:28 ip-172-31-31-174.ec2.internal audit[28084]: CRYPTO_KEY_USER pid=28084 uid=0 auid=4294967295 ses=4294967295 subj=system_u:system_r:sshd_t:s0-s0:c0.c1023 msg='op=destroy kind=session fp=? direction=both spid=28085 suid=74 rport=49994 laddr=172.31.31.174 lport=22 exe="/usr/sbin/sshd" hostname=? addr=128.201.78.253 terminal=? res=success'
Jul 12 12:54:28 ip-172-31-31-174.ec2.internal audit[28084]: CRYPTO_KEY_USER pid=28084 uid=0 auid=4294967295 ses=4294967295 subj=system_u:system_r:sshd_t:s0-s0:c0.c1023 msg='op=destroy kind=server fp=SHA256:18:92:4d:9f:63:53:7c:f0:56:89:07:73:00:0c:be:ea:cf:2e:ef:2d:2f:12:62:c9:2c:15:84:3e:2b:cd:74:8b direction=? spid=28085 suid=74 exe="/usr/sbin/sshd" hostname=? addr=128.201.78.253 terminal=? res=success'
Jul 12 12:54:28 ip-172-31-31-174.ec2.internal sshd[28084]: Disconnected from authenticating user root 128.201.78.253 port 49994 [preauth]
Jul 12 12:54:28 ip-172-31-31-174.ec2.internal audit[28084]: USER_ERR pid=28084 uid=0 auid=4294967295 ses=4294967295 subj=system_u:system_r:sshd_t:s0-s0:c0.c1023 msg='op=PAM:bad_ident grantors=? acct="?" exe="/usr/sbin/sshd" hostname=128.201.78.253 addr=128.201.78.253 terminal=ssh res=failed'
Jul 12 12:54:28 ip-172-31-31-174.ec2.internal audit[28084]: CRYPTO_KEY_USER pid=28084 uid=0 auid=4294967295 ses=4294967295 subj=system_u:system_r:sshd_t:s0-s0:c0.c1023 msg='op=destroy kind=server fp=SHA256:18:92:4d:9f:63:53:7c:f0:56:89:07:73:00:0c:be:ea:cf:2e:ef:2d:2f:12:62:c9:2c:15:84:3e:2b:cd:74:8b direction=? spid=28084 suid=0 exe="/usr/sbin/sshd" hostname=? addr=128.201.78.253 terminal=? res=success'
Jul 12 12:54:28 ip-172-31-31-174.ec2.internal audit[28084]: USER_LOGIN pid=28084 uid=0 auid=4294967295 ses=4294967295 subj=system_u:system_r:sshd_t:s0-s0:c0.c1023 msg='op=login acct="root" exe="/usr/sbin/sshd" hostname=? addr=128.201.78.253 terminal=ssh res=failed'
Jul 12 12:54:52 ip-172-31-31-174.ec2.internal systemd[1]: systemd-timedated.service: Deactivated successfully.
Jul 12 12:54:52 ip-172-31-31-174.ec2.internal audit[1]: SERVICE_STOP pid=1 uid=0 auid=4294967295 ses=4294967295 subj=system_u:system_r:init_t:s0 msg='unit=systemd-timedated comm="systemd" exe="/usr/lib/systemd/systemd" hostname=? addr=? terminal=? res=success'
Jul 12 12:54:52 ip-172-31-31-174.ec2.internal audit: BPF prog-id=105 op=UNLOAD
Jul 12 12:54:52 ip-172-31-31-174.ec2.internal audit: BPF prog-id=104 op=UNLOAD
Jul 12 12:54:52 ip-172-31-31-174.ec2.internal audit: BPF prog-id=103 op=UNLOAD
Jul 12 12:54:53 ip-172-31-31-174.ec2.internal audit[28208]: CRYPTO_KEY_USER pid=28208 uid=0 auid=4294967295 ses=4294967295 subj=system_u:system_r:sshd_t:s0-s0:c0.c1023 msg='op=destroy kind=server fp=SHA256:18:92:4d:9f:63:53:7c:f0:56:89:07:73:00:0c:be:ea:cf:2e:ef:2d:2f:12:62:c9:2c:15:84:3e:2b:cd:74:8b direction=? spid=28208 suid=0 exe="/usr/sbin/sshd" hostname=? addr=181.188.147.10 terminal=? res=success'
Jul 12 12:54:53 ip-172-31-31-174.ec2.internal audit[28207]: CRYPTO_SESSION pid=28207 uid=0 auid=4294967295 ses=4294967295 subj=system_u:system_r:sshd_t:s0-s0:c0.c1023 msg='op=start direction=from-server cipher=aes256-gcm@openssh.com ksize=256 mac= pfs=curve25519-sha256 spid=28208 suid=74 rport=16748 laddr=172.31.31.174 lport=22 exe="/usr/sbin/sshd" hostname=? addr=181.188.147.10 terminal=? res=success'
Jul 12 12:54:53 ip-172-31-31-174.ec2.internal audit[28207]: CRYPTO_SESSION pid=28207 uid=0 auid=4294967295 ses=4294967295 subj=system_u:system_r:sshd_t:s0-s0:c0.c1023 msg='op=start direction=from-client cipher=aes256-gcm@openssh.com ksize=256 mac= pfs=curve25519-sha256 spid=28208 suid=74 rport=16748 laddr=172.31.31.174 lport=22 exe="/usr/sbin/sshd" hostname=? addr=181.188.147.10 terminal=? res=success'
Jul 12 12:54:53 ip-172-31-31-174.ec2.internal audit: BPF prog-id=106 op=LOAD
Jul 12 12:54:53 ip-172-31-31-174.ec2.internal audit: BPF prog-id=107 op=LOAD
Jul 12 12:54:53 ip-172-31-31-174.ec2.internal audit: BPF prog-id=108 op=LOAD
Jul 12 12:54:53 ip-172-31-31-174.ec2.internal systemd[1]: Starting systemd-timedated.service - Time & Date Service...
Jul 12 12:54:53 ip-172-31-31-174.ec2.internal systemd[1]: Started systemd-timedated.service - Time & Date Service.
Jul 12 12:54:53 ip-172-31-31-174.ec2.internal audit[1]: SERVICE_START pid=1 uid=0 auid=4294967295 ses=4294967295 subj=system_u:system_r:init_t:s0 msg='unit=systemd-timedated comm="systemd" exe="/usr/lib/systemd/systemd" hostname=? addr=? terminal=? res=success'
Jul 12 12:54:53 ip-172-31-31-174.ec2.internal sshd[28207]: Received disconnect from 181.188.147.10 port 16748:11: Bye Bye [preauth]
Jul 12 12:54:53 ip-172-31-31-174.ec2.internal audit[28207]: CRYPTO_KEY_USER pid=28207 uid=0 auid=4294967295 ses=4294967295 subj=system_u:system_r:sshd_t:s0-s0:c0.c1023 msg='op=destroy kind=session fp=? direction=both spid=28208 suid=74 rport=16748 laddr=172.31.31.174 lport=22 exe="/usr/sbin/sshd" hostname=? addr=181.188.147.10 terminal=? res=success'
Jul 12 12:54:53 ip-172-31-31-174.ec2.internal audit[28207]: CRYPTO_KEY_USER pid=28207 uid=0 auid=4294967295 ses=4294967295 subj=system_u:system_r:sshd_t:s0-s0:c0.c1023 msg='op=destroy kind=server fp=SHA256:18:92:4d:9f:63:53:7c:f0:56:89:07:73:00:0c:be:ea:cf:2e:ef:2d:2f:12:62:c9:2c:15:84:3e:2b:cd:74:8b direction=? spid=28208 suid=74 exe="/usr/sbin/sshd" hostname=? addr=181.188.147.10 terminal=? res=success'
Jul 12 12:54:53 ip-172-31-31-174.ec2.internal sshd[28207]: Disconnected from authenticating user root 181.188.147.10 port 16748 [preauth]
Jul 12 12:54:53 ip-172-31-31-174.ec2.internal audit[28207]: USER_ERR pid=28207 uid=0 auid=4294967295 ses=4294967295 subj=system_u:system_r:sshd_t:s0-s0:c0.c1023 msg='op=PAM:bad_ident grantors=? acct="?" exe="/usr/sbin/sshd" hostname=181.188.147.10 addr=181.188.147.10 terminal=ssh res=failed'
Jul 12 12:54:53 ip-172-31-31-174.ec2.internal audit[28207]: CRYPTO_KEY_USER pid=28207 uid=0 auid=4294967295 ses=4294967295 subj=system_u:system_r:sshd_t:s0-s0:c0.c1023 msg='op=destroy kind=server fp=SHA256:18:92:4d:9f:63:53:7c:f0:56:89:07:73:00:0c:be:ea:cf:2e:ef:2d:2f:12:62:c9:2c:15:84:3e:2b:cd:74:8b direction=? spid=28207 suid=0 exe="/usr/sbin/sshd" hostname=? addr=181.188.147.10 terminal=? res=success'
Jul 12 12:54:53 ip-172-31-31-174.ec2.internal audit[28207]: USER_LOGIN pid=28207 uid=0 auid=4294967295 ses=4294967295 subj=system_u:system_r:sshd_t:s0-s0:c0.c1023 msg='op=login acct="root" exe="/usr/sbin/sshd" hostname=? addr=181.188.147.10 terminal=ssh res=failed'
Jul 12 12:55:06 ip-172-31-31-174.ec2.internal cloud-init[1647]: 2024/07/12 12:55:06 Sending heartbeat...
Jul 12 12:55:06 ip-172-31-31-174.ec2.internal cloud-init[1647]: 2024/07/12 12:55:06 Sent heartbeat!
Jul 12 12:55:17 ip-172-31-31-174.ec2.internal audit[28379]: CRYPTO_KEY_USER pid=28379 uid=0 auid=4294967295 ses=4294967295 subj=system_u:system_r:sshd_t:s0-s0:c0.c1023 msg='op=destroy kind=server fp=SHA256:18:92:4d:9f:63:53:7c:f0:56:89:07:73:00:0c:be:ea:cf:2e:ef:2d:2f:12:62:c9:2c:15:84:3e:2b:cd:74:8b direction=? spid=28379 suid=0 exe="/usr/sbin/sshd" hostname=? addr=43.163.195.123 terminal=? res=success'
Jul 12 12:55:17 ip-172-31-31-174.ec2.internal audit[28378]: CRYPTO_SESSION pid=28378 uid=0 auid=4294967295 ses=4294967295 subj=system_u:system_r:sshd_t:s0-s0:c0.c1023 msg='op=start direction=from-server cipher=aes256-gcm@openssh.com ksize=256 mac= pfs=curve25519-sha256 spid=28379 suid=74 rport=49306 laddr=172.31.31.174 lport=22 exe="/usr/sbin/sshd" hostname=? addr=43.163.195.123 terminal=? res=success'
Jul 12 12:55:17 ip-172-31-31-174.ec2.internal audit[28378]: CRYPTO_SESSION pid=28378 uid=0 auid=4294967295 ses=4294967295 subj=system_u:system_r:sshd_t:s0-s0:c0.c1023 msg='op=start direction=from-client cipher=aes256-gcm@openssh.com ksize=256 mac= pfs=curve25519-sha256 spid=28379 suid=74 rport=49306 laddr=172.31.31.174 lport=22 exe="/usr/sbin/sshd" hostname=? addr=43.163.195.123 terminal=? res=success'
Jul 12 12:55:18 ip-172-31-31-174.ec2.internal sshd[28378]: Received disconnect from 43.163.195.123 port 49306:11: Bye Bye [preauth]
Jul 12 12:55:18 ip-172-31-31-174.ec2.internal audit[28378]: CRYPTO_KEY_USER pid=28378 uid=0 auid=4294967295 ses=4294967295 subj=system_u:system_r:sshd_t:s0-s0:c0.c1023 msg='op=destroy kind=session fp=? direction=both spid=28379 suid=74 rport=49306 laddr=172.31.31.174 lport=22 exe="/usr/sbin/sshd" hostname=? addr=43.163.195.123 terminal=? res=success'
Jul 12 12:55:18 ip-172-31-31-174.ec2.internal audit[28378]: CRYPTO_KEY_USER pid=28378 uid=0 auid=4294967295 ses=4294967295 subj=system_u:system_r:sshd_t:s0-s0:c0.c1023 msg='op=destroy kind=server fp=SHA256:18:92:4d:9f:63:53:7c:f0:56:89:07:73:00:0c:be:ea:cf:2e:ef:2d:2f:12:62:c9:2c:15:84:3e:2b:cd:74:8b direction=? spid=28379 suid=74 exe="/usr/sbin/sshd" hostname=? addr=43.163.195.123 terminal=? res=success'
Jul 12 12:55:18 ip-172-31-31-174.ec2.internal sshd[28378]: Disconnected from authenticating user root 43.163.195.123 port 49306 [preauth]
Jul 12 12:55:18 ip-172-31-31-174.ec2.internal audit[28378]: USER_ERR pid=28378 uid=0 auid=4294967295 ses=4294967295 subj=system_u:system_r:sshd_t:s0-s0:c0.c1023 msg='op=PAM:bad_ident grantors=? acct="?" exe="/usr/sbin/sshd" hostname=43.163.195.123 addr=43.163.195.123 terminal=ssh res=failed'
Jul 12 12:55:18 ip-172-31-31-174.ec2.internal audit[28378]: CRYPTO_KEY_USER pid=28378 uid=0 auid=4294967295 ses=4294967295 subj=system_u:system_r:sshd_t:s0-s0:c0.c1023 msg='op=destroy kind=server fp=SHA256:18:92:4d:9f:63:53:7c:f0:56:89:07:73:00:0c:be:ea:cf:2e:ef:2d:2f:12:62:c9:2c:15:84:3e:2b:cd:74:8b direction=? spid=28378 suid=0 exe="/usr/sbin/sshd" hostname=? addr=43.163.195.123 terminal=? res=success'
Jul 12 12:55:18 ip-172-31-31-174.ec2.internal audit[28378]: USER_LOGIN pid=28378 uid=0 auid=4294967295 ses=4294967295 subj=system_u:system_r:sshd_t:s0-s0:c0.c1023 msg='op=login acct="root" exe="/usr/sbin/sshd" hostname=? addr=43.163.195.123 terminal=ssh res=failed'
Jul 12 12:55:20 ip-172-31-31-174.ec2.internal audit[28384]: CRYPTO_KEY_USER pid=28384 uid=0 auid=4294967295 ses=4294967295 subj=system_u:system_r:sshd_t:s0-s0:c0.c1023 msg='op=destroy kind=server fp=SHA256:18:92:4d:9f:63:53:7c:f0:56:89:07:73:00:0c:be:ea:cf:2e:ef:2d:2f:12:62:c9:2c:15:84:3e:2b:cd:74:8b direction=? spid=28384 suid=0 exe="/usr/sbin/sshd" hostname=? addr=103.93.248.247 terminal=? res=success'
Jul 12 12:55:20 ip-172-31-31-174.ec2.internal audit[28383]: CRYPTO_SESSION pid=28383 uid=0 auid=4294967295 ses=4294967295 subj=system_u:system_r:sshd_t:s0-s0:c0.c1023 msg='op=start direction=from-server cipher=aes256-gcm@openssh.com ksize=256 mac= pfs=curve25519-sha256 spid=28384 suid=74 rport=49816 laddr=172.31.31.174 lport=22 exe="/usr/sbin/sshd" hostname=? addr=103.93.248.247 terminal=? res=success'
Jul 12 12:55:20 ip-172-31-31-174.ec2.internal audit[28383]: CRYPTO_SESSION pid=28383 uid=0 auid=4294967295 ses=4294967295 subj=system_u:system_r:sshd_t:s0-s0:c0.c1023 msg='op=start direction=from-client cipher=aes256-gcm@openssh.com ksize=256 mac= pfs=curve25519-sha256 spid=28384 suid=74 rport=49816 laddr=172.31.31.174 lport=22 exe="/usr/sbin/sshd" hostname=? addr=103.93.248.247 terminal=? res=success'
Jul 12 12:55:21 ip-172-31-31-174.ec2.internal sshd[28383]: Received disconnect from 103.93.248.247 port 49816:11: Bye Bye [preauth]
Jul 12 12:55:21 ip-172-31-31-174.ec2.internal audit[28383]: CRYPTO_KEY_USER pid=28383 uid=0 auid=4294967295 ses=4294967295 subj=system_u:system_r:sshd_t:s0-s0:c0.c1023 msg='op=destroy kind=session fp=? direction=both spid=28384 suid=74 rport=49816 laddr=172.31.31.174 lport=22 exe="/usr/sbin/sshd" hostname=? addr=103.93.248.247 terminal=? res=success'
Jul 12 12:55:21 ip-172-31-31-174.ec2.internal audit[28383]: CRYPTO_KEY_USER pid=28383 uid=0 auid=4294967295 ses=4294967295 subj=system_u:system_r:sshd_t:s0-s0:c0.c1023 msg='op=destroy kind=server fp=SHA256:18:92:4d:9f:63:53:7c:f0:56:89:07:73:00:0c:be:ea:cf:2e:ef:2d:2f:12:62:c9:2c:15:84:3e:2b:cd:74:8b direction=? spid=28384 suid=74 exe="/usr/sbin/sshd" hostname=? addr=103.93.248.247 terminal=? res=success'
Jul 12 12:55:21 ip-172-31-31-174.ec2.internal sshd[28383]: Disconnected from authenticating user root 103.93.248.247 port 49816 [preauth]
Jul 12 12:55:21 ip-172-31-31-174.ec2.internal audit[28383]: USER_ERR pid=28383 uid=0 auid=4294967295 ses=4294967295 subj=system_u:system_r:sshd_t:s0-s0:c0.c1023 msg='op=PAM:bad_ident grantors=? acct="?" exe="/usr/sbin/sshd" hostname=103.93.248.247 addr=103.93.248.247 terminal=ssh res=failed'
Jul 12 12:55:21 ip-172-31-31-174.ec2.internal audit[28383]: CRYPTO_KEY_USER pid=28383 uid=0 auid=4294967295 ses=4294967295 subj=system_u:system_r:sshd_t:s0-s0:c0.c1023 msg='op=destroy kind=server fp=SHA256:18:92:4d:9f:63:53:7c:f0:56:89:07:73:00:0c:be:ea:cf:2e:ef:2d:2f:12:62:c9:2c:15:84:3e:2b:cd:74:8b direction=? spid=28383 suid=0 exe="/usr/sbin/sshd" hostname=? addr=103.93.248.247 terminal=? res=success'
Jul 12 12:55:21 ip-172-31-31-174.ec2.internal audit[28383]: USER_LOGIN pid=28383 uid=0 auid=4294967295 ses=4294967295 subj=system_u:system_r:sshd_t:s0-s0:c0.c1023 msg='op=login acct="root" exe="/usr/sbin/sshd" hostname=? addr=103.93.248.247 terminal=ssh res=failed'
Jul 12 12:55:24 ip-172-31-31-174.ec2.internal audit[28431]: CRYPTO_KEY_USER pid=28431 uid=0 auid=4294967295 ses=4294967295 subj=system_u:system_r:sshd_t:s0-s0:c0.c1023 msg='op=destroy kind=server fp=SHA256:18:92:4d:9f:63:53:7c:f0:56:89:07:73:00:0c:be:ea:cf:2e:ef:2d:2f:12:62:c9:2c:15:84:3e:2b:cd:74:8b direction=? spid=28431 suid=0 exe="/usr/sbin/sshd" hostname=? addr=143.110.250.108 terminal=? res=success'
Jul 12 12:55:24 ip-172-31-31-174.ec2.internal audit[28430]: CRYPTO_SESSION pid=28430 uid=0 auid=4294967295 ses=4294967295 subj=system_u:system_r:sshd_t:s0-s0:c0.c1023 msg='op=start direction=from-server cipher=aes256-gcm@openssh.com ksize=256 mac= pfs=curve25519-sha256 spid=28431 suid=74 rport=47398 laddr=172.31.31.174 lport=22 exe="/usr/sbin/sshd" hostname=? addr=143.110.250.108 terminal=? res=success'
Jul 12 12:55:24 ip-172-31-31-174.ec2.internal audit[28430]: CRYPTO_SESSION pid=28430 uid=0 auid=4294967295 ses=4294967295 subj=system_u:system_r:sshd_t:s0-s0:c0.c1023 msg='op=start direction=from-client cipher=aes256-gcm@openssh.com ksize=256 mac= pfs=curve25519-sha256 spid=28431 suid=74 rport=47398 laddr=172.31.31.174 lport=22 exe="/usr/sbin/sshd" hostname=? addr=143.110.250.108 terminal=? res=success'
Jul 12 12:55:25 ip-172-31-31-174.ec2.internal sshd[28430]: Received disconnect from 143.110.250.108 port 47398:11: Bye Bye [preauth]
Jul 12 12:55:25 ip-172-31-31-174.ec2.internal audit[28430]: CRYPTO_KEY_USER pid=28430 uid=0 auid=4294967295 ses=4294967295 subj=system_u:system_r:sshd_t:s0-s0:c0.c1023 msg='op=destroy kind=session fp=? direction=both spid=28431 suid=74 rport=47398 laddr=172.31.31.174 lport=22 exe="/usr/sbin/sshd" hostname=? addr=143.110.250.108 terminal=? res=success'
Jul 12 12:55:25 ip-172-31-31-174.ec2.internal audit[28430]: CRYPTO_KEY_USER pid=28430 uid=0 auid=4294967295 ses=4294967295 subj=system_u:system_r:sshd_t:s0-s0:c0.c1023 msg='op=destroy kind=server fp=SHA256:18:92:4d:9f:63:53:7c:f0:56:89:07:73:00:0c:be:ea:cf:2e:ef:2d:2f:12:62:c9:2c:15:84:3e:2b:cd:74:8b direction=? spid=28431 suid=74 exe="/usr/sbin/sshd" hostname=? addr=143.110.250.108 terminal=? res=success'
Jul 12 12:55:25 ip-172-31-31-174.ec2.internal sshd[28430]: Disconnected from authenticating user root 143.110.250.108 port 47398 [preauth]
Jul 12 12:55:25 ip-172-31-31-174.ec2.internal audit[28430]: USER_ERR pid=28430 uid=0 auid=4294967295 ses=4294967295 subj=system_u:system_r:sshd_t:s0-s0:c0.c1023 msg='op=PAM:bad_ident grantors=? acct="?" exe="/usr/sbin/sshd" hostname=143.110.250.108 addr=143.110.250.108 terminal=ssh res=failed'
Jul 12 12:55:25 ip-172-31-31-174.ec2.internal audit[28430]: CRYPTO_KEY_USER pid=28430 uid=0 auid=4294967295 ses=4294967295 subj=system_u:system_r:sshd_t:s0-s0:c0.c1023 msg='op=destroy kind=server fp=SHA256:18:92:4d:9f:63:53:7c:f0:56:89:07:73:00:0c:be:ea:cf:2e:ef:2d:2f:12:62:c9:2c:15:84:3e:2b:cd:74:8b direction=? spid=28430 suid=0 exe="/usr/sbin/sshd" hostname=? addr=143.110.250.108 terminal=? res=success'
Jul 12 12:55:25 ip-172-31-31-174.ec2.internal audit[28430]: USER_LOGIN pid=28430 uid=0 auid=4294967295 ses=4294967295 subj=system_u:system_r:sshd_t:s0-s0:c0.c1023 msg='op=login acct="root" exe="/usr/sbin/sshd" hostname=? addr=143.110.250.108 terminal=ssh res=failed'
Jul 12 12:55:33 ip-172-31-31-174.ec2.internal systemd[1]: systemd-timedated.service: Deactivated successfully.
Jul 12 12:55:33 ip-172-31-31-174.ec2.internal audit[1]: SERVICE_STOP pid=1 uid=0 auid=4294967295 ses=4294967295 subj=system_u:system_r:init_t:s0 msg='unit=systemd-timedated comm="systemd" exe="/usr/lib/systemd/systemd" hostname=? addr=? terminal=? res=success'
Jul 12 12:55:33 ip-172-31-31-174.ec2.internal audit: BPF prog-id=108 op=UNLOAD
Jul 12 12:55:33 ip-172-31-31-174.ec2.internal audit: BPF prog-id=107 op=UNLOAD
Jul 12 12:55:33 ip-172-31-31-174.ec2.internal audit: BPF prog-id=106 op=UNLOAD
Jul 12 12:55:33 ip-172-31-31-174.ec2.internal audit[28547]: CRYPTO_KEY_USER pid=28547 uid=0 auid=4294967295 ses=4294967295 subj=system_u:system_r:sshd_t:s0-s0:c0.c1023 msg='op=destroy kind=server fp=SHA256:18:92:4d:9f:63:53:7c:f0:56:89:07:73:00:0c:be:ea:cf:2e:ef:2d:2f:12:62:c9:2c:15:84:3e:2b:cd:74:8b direction=? spid=28547 suid=0 exe="/usr/sbin/sshd" hostname=? addr=152.32.156.127 terminal=? res=success'
Jul 12 12:55:34 ip-172-31-31-174.ec2.internal audit[28546]: CRYPTO_SESSION pid=28546 uid=0 auid=4294967295 ses=4294967295 subj=system_u:system_r:sshd_t:s0-s0:c0.c1023 msg='op=start direction=from-server cipher=aes256-gcm@openssh.com ksize=256 mac= pfs=curve25519-sha256 spid=28547 suid=74 rport=11008 laddr=172.31.31.174 lport=22 exe="/usr/sbin/sshd" hostname=? addr=152.32.156.127 terminal=? res=success'
Jul 12 12:55:34 ip-172-31-31-174.ec2.internal audit[28546]: CRYPTO_SESSION pid=28546 uid=0 auid=4294967295 ses=4294967295 subj=system_u:system_r:sshd_t:s0-s0:c0.c1023 msg='op=start direction=from-client cipher=aes256-gcm@openssh.com ksize=256 mac= pfs=curve25519-sha256 spid=28547 suid=74 rport=11008 laddr=172.31.31.174 lport=22 exe="/usr/sbin/sshd" hostname=? addr=152.32.156.127 terminal=? res=success'
Jul 12 12:55:34 ip-172-31-31-174.ec2.internal audit: BPF prog-id=109 op=LOAD
Jul 12 12:55:34 ip-172-31-31-174.ec2.internal audit: BPF prog-id=110 op=LOAD
Jul 12 12:55:34 ip-172-31-31-174.ec2.internal audit: BPF prog-id=111 op=LOAD
Jul 12 12:55:34 ip-172-31-31-174.ec2.internal systemd[1]: Starting systemd-timedated.service - Time & Date Service...
Jul 12 12:55:34 ip-172-31-31-174.ec2.internal systemd[1]: Started systemd-timedated.service - Time & Date Service.
Jul 12 12:55:34 ip-172-31-31-174.ec2.internal audit[1]: SERVICE_START pid=1 uid=0 auid=4294967295 ses=4294967295 subj=system_u:system_r:init_t:s0 msg='unit=systemd-timedated comm="systemd" exe="/usr/lib/systemd/systemd" hostname=? addr=? terminal=? res=success'
Jul 12 12:55:35 ip-172-31-31-174.ec2.internal sshd[28546]: Invalid user odoo11 from 152.32.156.127 port 11008
Jul 12 12:55:35 ip-172-31-31-174.ec2.internal sshd[28546]: Received disconnect from 152.32.156.127 port 11008:11: Bye Bye [preauth]
Jul 12 12:55:35 ip-172-31-31-174.ec2.internal audit[28546]: CRYPTO_KEY_USER pid=28546 uid=0 auid=4294967295 ses=4294967295 subj=system_u:system_r:sshd_t:s0-s0:c0.c1023 msg='op=destroy kind=session fp=? direction=both spid=28547 suid=74 rport=11008 laddr=172.31.31.174 lport=22 exe="/usr/sbin/sshd" hostname=? addr=152.32.156.127 terminal=? res=success'
Jul 12 12:55:35 ip-172-31-31-174.ec2.internal audit[28546]: CRYPTO_KEY_USER pid=28546 uid=0 auid=4294967295 ses=4294967295 subj=system_u:system_r:sshd_t:s0-s0:c0.c1023 msg='op=destroy kind=server fp=SHA256:18:92:4d:9f:63:53:7c:f0:56:89:07:73:00:0c:be:ea:cf:2e:ef:2d:2f:12:62:c9:2c:15:84:3e:2b:cd:74:8b direction=? spid=28547 suid=74 exe="/usr/sbin/sshd" hostname=? addr=152.32.156.127 terminal=? res=success'
Jul 12 12:55:35 ip-172-31-31-174.ec2.internal sshd[28546]: Disconnected from invalid user odoo11 152.32.156.127 port 11008 [preauth]
Jul 12 12:55:35 ip-172-31-31-174.ec2.internal audit[28546]: USER_ERR pid=28546 uid=0 auid=4294967295 ses=4294967295 subj=system_u:system_r:sshd_t:s0-s0:c0.c1023 msg='op=PAM:bad_ident grantors=? acct="?" exe="/usr/sbin/sshd" hostname=152.32.156.127 addr=152.32.156.127 terminal=ssh res=failed'
Jul 12 12:55:35 ip-172-31-31-174.ec2.internal audit[28546]: CRYPTO_KEY_USER pid=28546 uid=0 auid=4294967295 ses=4294967295 subj=system_u:system_r:sshd_t:s0-s0:c0.c1023 msg='op=destroy kind=server fp=SHA256:18:92:4d:9f:63:53:7c:f0:56:89:07:73:00:0c:be:ea:cf:2e:ef:2d:2f:12:62:c9:2c:15:84:3e:2b:cd:74:8b direction=? spid=28546 suid=0 exe="/usr/sbin/sshd" hostname=? addr=152.32.156.127 terminal=? res=success'
Jul 12 12:55:35 ip-172-31-31-174.ec2.internal audit[28546]: USER_LOGIN pid=28546 uid=0 auid=4294967295 ses=4294967295 subj=system_u:system_r:sshd_t:s0-s0:c0.c1023 msg='op=login acct="(unknown)" exe="/usr/sbin/sshd" hostname=? addr=152.32.156.127 terminal=ssh res=failed'
Jul 12 12:55:50 ip-172-31-31-174.ec2.internal audit[28699]: CRYPTO_KEY_USER pid=28699 uid=0 auid=4294967295 ses=4294967295 subj=system_u:system_r:sshd_t:s0-s0:c0.c1023 msg='op=destroy kind=server fp=SHA256:18:92:4d:9f:63:53:7c:f0:56:89:07:73:00:0c:be:ea:cf:2e:ef:2d:2f:12:62:c9:2c:15:84:3e:2b:cd:74:8b direction=? spid=28699 suid=0 exe="/usr/sbin/sshd" hostname=? addr=181.188.147.10 terminal=? res=success'
Jul 12 12:55:50 ip-172-31-31-174.ec2.internal audit[28698]: CRYPTO_SESSION pid=28698 uid=0 auid=4294967295 ses=4294967295 subj=system_u:system_r:sshd_t:s0-s0:c0.c1023 msg='op=start direction=from-server cipher=aes256-gcm@openssh.com ksize=256 mac= pfs=curve25519-sha256 spid=28699 suid=74 rport=25997 laddr=172.31.31.174 lport=22 exe="/usr/sbin/sshd" hostname=? addr=181.188.147.10 terminal=? res=success'
Jul 12 12:55:50 ip-172-31-31-174.ec2.internal audit[28698]: CRYPTO_SESSION pid=28698 uid=0 auid=4294967295 ses=4294967295 subj=system_u:system_r:sshd_t:s0-s0:c0.c1023 msg='op=start direction=from-client cipher=aes256-gcm@openssh.com ksize=256 mac= pfs=curve25519-sha256 spid=28699 suid=74 rport=25997 laddr=172.31.31.174 lport=22 exe="/usr/sbin/sshd" hostname=? addr=181.188.147.10 terminal=? res=success'
Jul 12 12:55:50 ip-172-31-31-174.ec2.internal sshd[28698]: Invalid user ubuntu from 181.188.147.10 port 25997
Jul 12 12:55:51 ip-172-31-31-174.ec2.internal sshd[28698]: Received disconnect from 181.188.147.10 port 25997:11: Bye Bye [preauth]
Jul 12 12:55:51 ip-172-31-31-174.ec2.internal audit[28698]: CRYPTO_KEY_USER pid=28698 uid=0 auid=4294967295 ses=4294967295 subj=system_u:system_r:sshd_t:s0-s0:c0.c1023 msg='op=destroy kind=session fp=? direction=both spid=28699 suid=74 rport=25997 laddr=172.31.31.174 lport=22 exe="/usr/sbin/sshd" hostname=? addr=181.188.147.10 terminal=? res=success'
Jul 12 12:55:51 ip-172-31-31-174.ec2.internal audit[28698]: CRYPTO_KEY_USER pid=28698 uid=0 auid=4294967295 ses=4294967295 subj=system_u:system_r:sshd_t:s0-s0:c0.c1023 msg='op=destroy kind=server fp=SHA256:18:92:4d:9f:63:53:7c:f0:56:89:07:73:00:0c:be:ea:cf:2e:ef:2d:2f:12:62:c9:2c:15:84:3e:2b:cd:74:8b direction=? spid=28699 suid=74 exe="/usr/sbin/sshd" hostname=? addr=181.188.147.10 terminal=? res=success'
Jul 12 12:55:51 ip-172-31-31-174.ec2.internal sshd[28698]: Disconnected from invalid user ubuntu 181.188.147.10 port 25997 [preauth]
Jul 12 12:55:51 ip-172-31-31-174.ec2.internal audit[28698]: USER_ERR pid=28698 uid=0 auid=4294967295 ses=4294967295 subj=system_u:system_r:sshd_t:s0-s0:c0.c1023 msg='op=PAM:bad_ident grantors=? acct="?" exe="/usr/sbin/sshd" hostname=181.188.147.10 addr=181.188.147.10 terminal=ssh res=failed'
Jul 12 12:55:51 ip-172-31-31-174.ec2.internal audit[28698]: CRYPTO_KEY_USER pid=28698 uid=0 auid=4294967295 ses=4294967295 subj=system_u:system_r:sshd_t:s0-s0:c0.c1023 msg='op=destroy kind=server fp=SHA256:18:92:4d:9f:63:53:7c:f0:56:89:07:73:00:0c:be:ea:cf:2e:ef:2d:2f:12:62:c9:2c:15:84:3e:2b:cd:74:8b direction=? spid=28698 suid=0 exe="/usr/sbin/sshd" hostname=? addr=181.188.147.10 terminal=? res=success'
Jul 12 12:55:51 ip-172-31-31-174.ec2.internal audit[28698]: USER_LOGIN pid=28698 uid=0 auid=4294967295 ses=4294967295 subj=system_u:system_r:sshd_t:s0-s0:c0.c1023 msg='op=login acct="(unknown)" exe="/usr/sbin/sshd" hostname=? addr=181.188.147.10 terminal=ssh res=failed'
Jul 12 12:56:06 ip-172-31-31-174.ec2.internal cloud-init[1647]: 2024/07/12 12:56:06 Sending heartbeat...
Jul 12 12:56:06 ip-172-31-31-174.ec2.internal cloud-init[1647]: 2024/07/12 12:56:06 Sent heartbeat!
Jul 12 12:56:09 ip-172-31-31-174.ec2.internal systemd[1]: systemd-timedated.service: Deactivated successfully.
Jul 12 12:56:09 ip-172-31-31-174.ec2.internal audit[1]: SERVICE_STOP pid=1 uid=0 auid=4294967295 ses=4294967295 subj=system_u:system_r:init_t:s0 msg='unit=systemd-timedated comm="systemd" exe="/usr/lib/systemd/systemd" hostname=? addr=? terminal=? res=success'
Jul 12 12:56:09 ip-172-31-31-174.ec2.internal audit: BPF prog-id=111 op=UNLOAD
Jul 12 12:56:09 ip-172-31-31-174.ec2.internal audit: BPF prog-id=110 op=UNLOAD
Jul 12 12:56:09 ip-172-31-31-174.ec2.internal audit: BPF prog-id=109 op=UNLOAD
Jul 12 12:56:10 ip-172-31-31-174.ec2.internal audit[28834]: CRYPTO_KEY_USER pid=28834 uid=0 auid=4294967295 ses=4294967295 subj=system_u:system_r:sshd_t:s0-s0:c0.c1023 msg='op=destroy kind=server fp=SHA256:18:92:4d:9f:63:53:7c:f0:56:89:07:73:00:0c:be:ea:cf:2e:ef:2d:2f:12:62:c9:2c:15:84:3e:2b:cd:74:8b direction=? spid=28834 suid=0 exe="/usr/sbin/sshd" hostname=? addr=43.163.195.123 terminal=? res=success'
Jul 12 12:56:10 ip-172-31-31-174.ec2.internal audit[28833]: CRYPTO_SESSION pid=28833 uid=0 auid=4294967295 ses=4294967295 subj=system_u:system_r:sshd_t:s0-s0:c0.c1023 msg='op=start direction=from-server cipher=aes256-gcm@openssh.com ksize=256 mac= pfs=curve25519-sha256 spid=28834 suid=74 rport=38092 laddr=172.31.31.174 lport=22 exe="/usr/sbin/sshd" hostname=? addr=43.163.195.123 terminal=? res=success'
Jul 12 12:56:10 ip-172-31-31-174.ec2.internal audit[28833]: CRYPTO_SESSION pid=28833 uid=0 auid=4294967295 ses=4294967295 subj=system_u:system_r:sshd_t:s0-s0:c0.c1023 msg='op=start direction=from-client cipher=aes256-gcm@openssh.com ksize=256 mac= pfs=curve25519-sha256 spid=28834 suid=74 rport=38092 laddr=172.31.31.174 lport=22 exe="/usr/sbin/sshd" hostname=? addr=43.163.195.123 terminal=? res=success'
Jul 12 12:56:11 ip-172-31-31-174.ec2.internal sshd[28833]: Invalid user gpadmin from 43.163.195.123 port 38092
Jul 12 12:56:11 ip-172-31-31-174.ec2.internal sshd[28833]: Received disconnect from 43.163.195.123 port 38092:11: Bye Bye [preauth]
Jul 12 12:56:11 ip-172-31-31-174.ec2.internal audit[28833]: CRYPTO_KEY_USER pid=28833 uid=0 auid=4294967295 ses=4294967295 subj=system_u:system_r:sshd_t:s0-s0:c0.c1023 msg='op=destroy kind=session fp=? direction=both spid=28834 suid=74 rport=38092 laddr=172.31.31.174 lport=22 exe="/usr/sbin/sshd" hostname=? addr=43.163.195.123 terminal=? res=success'
Jul 12 12:56:11 ip-172-31-31-174.ec2.internal audit[28833]: CRYPTO_KEY_USER pid=28833 uid=0 auid=4294967295 ses=4294967295 subj=system_u:system_r:sshd_t:s0-s0:c0.c1023 msg='op=destroy kind=server fp=SHA256:18:92:4d:9f:63:53:7c:f0:56:89:07:73:00:0c:be:ea:cf:2e:ef:2d:2f:12:62:c9:2c:15:84:3e:2b:cd:74:8b direction=? spid=28834 suid=74 exe="/usr/sbin/sshd" hostname=? addr=43.163.195.123 terminal=? res=success'
Jul 12 12:56:11 ip-172-31-31-174.ec2.internal sshd[28833]: Disconnected from invalid user gpadmin 43.163.195.123 port 38092 [preauth]
Jul 12 12:56:11 ip-172-31-31-174.ec2.internal audit[28833]: USER_ERR pid=28833 uid=0 auid=4294967295 ses=4294967295 subj=system_u:system_r:sshd_t:s0-s0:c0.c1023 msg='op=PAM:bad_ident grantors=? acct="?" exe="/usr/sbin/sshd" hostname=43.163.195.123 addr=43.163.195.123 terminal=ssh res=failed'
Jul 12 12:56:11 ip-172-31-31-174.ec2.internal audit[28833]: CRYPTO_KEY_USER pid=28833 uid=0 auid=4294967295 ses=4294967295 subj=system_u:system_r:sshd_t:s0-s0:c0.c1023 msg='op=destroy kind=server fp=SHA256:18:92:4d:9f:63:53:7c:f0:56:89:07:73:00:0c:be:ea:cf:2e:ef:2d:2f:12:62:c9:2c:15:84:3e:2b:cd:74:8b direction=? spid=28833 suid=0 exe="/usr/sbin/sshd" hostname=? addr=43.163.195.123 terminal=? res=success'
Jul 12 12:56:11 ip-172-31-31-174.ec2.internal audit[28833]: USER_LOGIN pid=28833 uid=0 auid=4294967295 ses=4294967295 subj=system_u:system_r:sshd_t:s0-s0:c0.c1023 msg='op=login acct="(unknown)" exe="/usr/sbin/sshd" hostname=? addr=43.163.195.123 terminal=ssh res=failed'
Jul 12 12:56:12 ip-172-31-31-174.ec2.internal audit: BPF prog-id=112 op=LOAD
Jul 12 12:56:12 ip-172-31-31-174.ec2.internal audit: BPF prog-id=113 op=LOAD
Jul 12 12:56:12 ip-172-31-31-174.ec2.internal audit: BPF prog-id=114 op=LOAD
Jul 12 12:56:12 ip-172-31-31-174.ec2.internal systemd[1]: Starting systemd-timedated.service - Time & Date Service...
Jul 12 12:56:13 ip-172-31-31-174.ec2.internal systemd[1]: Started systemd-timedated.service - Time & Date Service.
