Jul 12 12:49:54 ip-172-31-31-174.ec2.internal audit[26125]: CRYPTO_KEY_USER pid=26125 uid=0 auid=4294967295 ses=4294967295 subj=system_u:system_r:sshd_t:s0-s0:c0.c1023 msg='op=destroy kind=server fp=SHA256:18:92:4d:9f:63:53:7c:f0:56:89:07:73:00:0c:be:ea:cf:2e:ef:2d:2f:12:62:c9:2c:15:84:3e:2b:cd:74:8b direction=? spid=26125 suid=0 exe="/usr/sbin/sshd" hostname=? addr=124.156.192.13 terminal=? res=success'
Jul 12 12:49:54 ip-172-31-31-174.ec2.internal audit[26125]: USER_LOGIN pid=26125 uid=0 auid=4294967295 ses=4294967295 subj=system_u:system_r:sshd_t:s0-s0:c0.c1023 msg='op=login acct="root" exe="/usr/sbin/sshd" hostname=? addr=124.156.192.13 terminal=ssh res=failed'
Jul 12 12:50:06 ip-172-31-31-174.ec2.internal cloud-init[1647]: 2024/07/12 12:50:06 Sending heartbeat...
Jul 12 12:50:06 ip-172-31-31-174.ec2.internal cloud-init[1647]: 2024/07/12 12:50:06 Sent heartbeat!
Jul 12 12:50:06 ip-172-31-31-174.ec2.internal audit[26128]: CRYPTO_KEY_USER pid=26128 uid=0 auid=4294967295 ses=4294967295 subj=system_u:system_r:sshd_t:s0-s0:c0.c1023 msg='op=destroy kind=server fp=SHA256:18:92:4d:9f:63:53:7c:f0:56:89:07:73:00:0c:be:ea:cf:2e:ef:2d:2f:12:62:c9:2c:15:84:3e:2b:cd:74:8b direction=? spid=26128 suid=0 exe="/usr/sbin/sshd" hostname=? addr=181.188.147.10 terminal=? res=success'
Jul 12 12:50:06 ip-172-31-31-174.ec2.internal audit[26127]: CRYPTO_SESSION pid=26127 uid=0 auid=4294967295 ses=4294967295 subj=system_u:system_r:sshd_t:s0-s0:c0.c1023 msg='op=start direction=from-server cipher=aes256-gcm@openssh.com ksize=256 mac= pfs=curve25519-sha256 spid=26128 suid=74 rport=62700 laddr=172.31.31.174 lport=22 exe="/usr/sbin/sshd" hostname=? addr=181.188.147.10 terminal=? res=success'
Jul 12 12:50:06 ip-172-31-31-174.ec2.internal audit[26127]: CRYPTO_SESSION pid=26127 uid=0 auid=4294967295 ses=4294967295 subj=system_u:system_r:sshd_t:s0-s0:c0.c1023 msg='op=start direction=from-client cipher=aes256-gcm@openssh.com ksize=256 mac= pfs=curve25519-sha256 spid=26128 suid=74 rport=62700 laddr=172.31.31.174 lport=22 exe="/usr/sbin/sshd" hostname=? addr=181.188.147.10 terminal=? res=success'
Jul 12 12:50:07 ip-172-31-31-174.ec2.internal sshd[26127]: Invalid user test from 181.188.147.10 port 62700
Jul 12 12:50:07 ip-172-31-31-174.ec2.internal sshd[26127]: Received disconnect from 181.188.147.10 port 62700:11: Bye Bye [preauth]
Jul 12 12:50:07 ip-172-31-31-174.ec2.internal audit[26127]: CRYPTO_KEY_USER pid=26127 uid=0 auid=4294967295 ses=4294967295 subj=system_u:system_r:sshd_t:s0-s0:c0.c1023 msg='op=destroy kind=session fp=? direction=both spid=26128 suid=74 rport=62700 laddr=172.31.31.174 lport=22 exe="/usr/sbin/sshd" hostname=? addr=181.188.147.10 terminal=? res=success'
Jul 12 12:50:07 ip-172-31-31-174.ec2.internal sshd[26127]: Disconnected from invalid user test 181.188.147.10 port 62700 [preauth]
Jul 12 12:50:07 ip-172-31-31-174.ec2.internal audit[26127]: CRYPTO_KEY_USER pid=26127 uid=0 auid=4294967295 ses=4294967295 subj=system_u:system_r:sshd_t:s0-s0:c0.c1023 msg='op=destroy kind=server fp=SHA256:18:92:4d:9f:63:53:7c:f0:56:89:07:73:00:0c:be:ea:cf:2e:ef:2d:2f:12:62:c9:2c:15:84:3e:2b:cd:74:8b direction=? spid=26128 suid=74 exe="/usr/sbin/sshd" hostname=? addr=181.188.147.10 terminal=? res=success'
Jul 12 12:50:07 ip-172-31-31-174.ec2.internal audit[26127]: USER_ERR pid=26127 uid=0 auid=4294967295 ses=4294967295 subj=system_u:system_r:sshd_t:s0-s0:c0.c1023 msg='op=PAM:bad_ident grantors=? acct="?" exe="/usr/sbin/sshd" hostname=181.188.147.10 addr=181.188.147.10 terminal=ssh res=failed'
Jul 12 12:50:07 ip-172-31-31-174.ec2.internal audit[26127]: CRYPTO_KEY_USER pid=26127 uid=0 auid=4294967295 ses=4294967295 subj=system_u:system_r:sshd_t:s0-s0:c0.c1023 msg='op=destroy kind=server fp=SHA256:18:92:4d:9f:63:53:7c:f0:56:89:07:73:00:0c:be:ea:cf:2e:ef:2d:2f:12:62:c9:2c:15:84:3e:2b:cd:74:8b direction=? spid=26127 suid=0 exe="/usr/sbin/sshd" hostname=? addr=181.188.147.10 terminal=? res=success'
Jul 12 12:50:07 ip-172-31-31-174.ec2.internal audit[26127]: USER_LOGIN pid=26127 uid=0 auid=4294967295 ses=4294967295 subj=system_u:system_r:sshd_t:s0-s0:c0.c1023 msg='op=login acct="(unknown)" exe="/usr/sbin/sshd" hostname=? addr=181.188.147.10 terminal=ssh res=failed'
Jul 12 12:50:20 ip-172-31-31-174.ec2.internal audit[26225]: CRYPTO_KEY_USER pid=26225 uid=0 auid=4294967295 ses=4294967295 subj=system_u:system_r:sshd_t:s0-s0:c0.c1023 msg='op=destroy kind=server fp=SHA256:18:92:4d:9f:63:53:7c:f0:56:89:07:73:00:0c:be:ea:cf:2e:ef:2d:2f:12:62:c9:2c:15:84:3e:2b:cd:74:8b direction=? spid=26225 suid=0 exe="/usr/sbin/sshd" hostname=? addr=43.155.176.172 terminal=? res=success'
Jul 12 12:50:21 ip-172-31-31-174.ec2.internal audit[26224]: CRYPTO_SESSION pid=26224 uid=0 auid=4294967295 ses=4294967295 subj=system_u:system_r:sshd_t:s0-s0:c0.c1023 msg='op=start direction=from-server cipher=aes256-gcm@openssh.com ksize=256 mac= pfs=curve25519-sha256 spid=26225 suid=74 rport=43204 laddr=172.31.31.174 lport=22 exe="/usr/sbin/sshd" hostname=? addr=43.155.176.172 terminal=? res=success'
Jul 12 12:50:21 ip-172-31-31-174.ec2.internal audit[26224]: CRYPTO_SESSION pid=26224 uid=0 auid=4294967295 ses=4294967295 subj=system_u:system_r:sshd_t:s0-s0:c0.c1023 msg='op=start direction=from-client cipher=aes256-gcm@openssh.com ksize=256 mac= pfs=curve25519-sha256 spid=26225 suid=74 rport=43204 laddr=172.31.31.174 lport=22 exe="/usr/sbin/sshd" hostname=? addr=43.155.176.172 terminal=? res=success'
Jul 12 12:50:21 ip-172-31-31-174.ec2.internal systemd[1]: systemd-timedated.service: Deactivated successfully.
Jul 12 12:50:21 ip-172-31-31-174.ec2.internal audit[1]: SERVICE_STOP pid=1 uid=0 auid=4294967295 ses=4294967295 subj=system_u:system_r:init_t:s0 msg='unit=systemd-timedated comm="systemd" exe="/usr/lib/systemd/systemd" hostname=? addr=? terminal=? res=success'
Jul 12 12:50:21 ip-172-31-31-174.ec2.internal audit: BPF prog-id=84 op=UNLOAD
Jul 12 12:50:21 ip-172-31-31-174.ec2.internal audit: BPF prog-id=83 op=UNLOAD
Jul 12 12:50:21 ip-172-31-31-174.ec2.internal audit: BPF prog-id=82 op=UNLOAD
Jul 12 12:50:21 ip-172-31-31-174.ec2.internal sshd[26224]: Invalid user student from 43.155.176.172 port 43204
Jul 12 12:50:22 ip-172-31-31-174.ec2.internal sshd[26224]: Received disconnect from 43.155.176.172 port 43204:11: Bye Bye [preauth]
Jul 12 12:50:22 ip-172-31-31-174.ec2.internal audit[26224]: CRYPTO_KEY_USER pid=26224 uid=0 auid=4294967295 ses=4294967295 subj=system_u:system_r:sshd_t:s0-s0:c0.c1023 msg='op=destroy kind=session fp=? direction=both spid=26225 suid=74 rport=43204 laddr=172.31.31.174 lport=22 exe="/usr/sbin/sshd" hostname=? addr=43.155.176.172 terminal=? res=success'
Jul 12 12:50:22 ip-172-31-31-174.ec2.internal audit[26224]: CRYPTO_KEY_USER pid=26224 uid=0 auid=4294967295 ses=4294967295 subj=system_u:system_r:sshd_t:s0-s0:c0.c1023 msg='op=destroy kind=server fp=SHA256:18:92:4d:9f:63:53:7c:f0:56:89:07:73:00:0c:be:ea:cf:2e:ef:2d:2f:12:62:c9:2c:15:84:3e:2b:cd:74:8b direction=? spid=26225 suid=74 exe="/usr/sbin/sshd" hostname=? addr=43.155.176.172 terminal=? res=success'
Jul 12 12:50:22 ip-172-31-31-174.ec2.internal sshd[26224]: Disconnected from invalid user student 43.155.176.172 port 43204 [preauth]
Jul 12 12:50:22 ip-172-31-31-174.ec2.internal audit[26224]: USER_ERR pid=26224 uid=0 auid=4294967295 ses=4294967295 subj=system_u:system_r:sshd_t:s0-s0:c0.c1023 msg='op=PAM:bad_ident grantors=? acct="?" exe="/usr/sbin/sshd" hostname=43.155.176.172 addr=43.155.176.172 terminal=ssh res=failed'
Jul 12 12:50:22 ip-172-31-31-174.ec2.internal audit[26224]: CRYPTO_KEY_USER pid=26224 uid=0 auid=4294967295 ses=4294967295 subj=system_u:system_r:sshd_t:s0-s0:c0.c1023 msg='op=destroy kind=server fp=SHA256:18:92:4d:9f:63:53:7c:f0:56:89:07:73:00:0c:be:ea:cf:2e:ef:2d:2f:12:62:c9:2c:15:84:3e:2b:cd:74:8b direction=? spid=26224 suid=0 exe="/usr/sbin/sshd" hostname=? addr=43.155.176.172 terminal=? res=success'
Jul 12 12:50:22 ip-172-31-31-174.ec2.internal audit[26224]: USER_LOGIN pid=26224 uid=0 auid=4294967295 ses=4294967295 subj=system_u:system_r:sshd_t:s0-s0:c0.c1023 msg='op=login acct="(unknown)" exe="/usr/sbin/sshd" hostname=? addr=43.155.176.172 terminal=ssh res=failed'
Jul 12 12:50:23 ip-172-31-31-174.ec2.internal audit: BPF prog-id=85 op=LOAD
Jul 12 12:50:23 ip-172-31-31-174.ec2.internal audit: BPF prog-id=86 op=LOAD
Jul 12 12:50:23 ip-172-31-31-174.ec2.internal audit: BPF prog-id=87 op=LOAD
Jul 12 12:50:23 ip-172-31-31-174.ec2.internal systemd[1]: Starting systemd-timedated.service - Time & Date Service...
Jul 12 12:50:23 ip-172-31-31-174.ec2.internal systemd[1]: Started systemd-timedated.service - Time & Date Service.
Jul 12 12:50:23 ip-172-31-31-174.ec2.internal audit[1]: SERVICE_START pid=1 uid=0 auid=4294967295 ses=4294967295 subj=system_u:system_r:init_t:s0 msg='unit=systemd-timedated comm="systemd" exe="/usr/lib/systemd/systemd" hostname=? addr=? terminal=? res=success'
Jul 12 12:50:23 ip-172-31-31-174.ec2.internal audit[26254]: CRYPTO_KEY_USER pid=26254 uid=0 auid=4294967295 ses=4294967295 subj=system_u:system_r:sshd_t:s0-s0:c0.c1023 msg='op=destroy kind=server fp=SHA256:18:92:4d:9f:63:53:7c:f0:56:89:07:73:00:0c:be:ea:cf:2e:ef:2d:2f:12:62:c9:2c:15:84:3e:2b:cd:74:8b direction=? spid=26254 suid=0 exe="/usr/sbin/sshd" hostname=? addr=128.201.78.253 terminal=? res=success'
Jul 12 12:50:23 ip-172-31-31-174.ec2.internal audit[26253]: CRYPTO_SESSION pid=26253 uid=0 auid=4294967295 ses=4294967295 subj=system_u:system_r:sshd_t:s0-s0:c0.c1023 msg='op=start direction=from-server cipher=aes256-gcm@openssh.com ksize=256 mac= pfs=curve25519-sha256 spid=26254 suid=74 rport=37140 laddr=172.31.31.174 lport=22 exe="/usr/sbin/sshd" hostname=? addr=128.201.78.253 terminal=? res=success'
Jul 12 12:50:23 ip-172-31-31-174.ec2.internal audit[26253]: CRYPTO_SESSION pid=26253 uid=0 auid=4294967295 ses=4294967295 subj=system_u:system_r:sshd_t:s0-s0:c0.c1023 msg='op=start direction=from-client cipher=aes256-gcm@openssh.com ksize=256 mac= pfs=curve25519-sha256 spid=26254 suid=74 rport=37140 laddr=172.31.31.174 lport=22 exe="/usr/sbin/sshd" hostname=? addr=128.201.78.253 terminal=? res=success'
Jul 12 12:50:24 ip-172-31-31-174.ec2.internal sshd[26253]: Received disconnect from 128.201.78.253 port 37140:11: Bye Bye [preauth]
Jul 12 12:50:24 ip-172-31-31-174.ec2.internal audit[26253]: CRYPTO_KEY_USER pid=26253 uid=0 auid=4294967295 ses=4294967295 subj=system_u:system_r:sshd_t:s0-s0:c0.c1023 msg='op=destroy kind=session fp=? direction=both spid=26254 suid=74 rport=37140 laddr=172.31.31.174 lport=22 exe="/usr/sbin/sshd" hostname=? addr=128.201.78.253 terminal=? res=success'
Jul 12 12:50:24 ip-172-31-31-174.ec2.internal audit[26253]: CRYPTO_KEY_USER pid=26253 uid=0 auid=4294967295 ses=4294967295 subj=system_u:system_r:sshd_t:s0-s0:c0.c1023 msg='op=destroy kind=server fp=SHA256:18:92:4d:9f:63:53:7c:f0:56:89:07:73:00:0c:be:ea:cf:2e:ef:2d:2f:12:62:c9:2c:15:84:3e:2b:cd:74:8b direction=? spid=26254 suid=74 exe="/usr/sbin/sshd" hostname=? addr=128.201.78.253 terminal=? res=success'
Jul 12 12:50:24 ip-172-31-31-174.ec2.internal sshd[26253]: Disconnected from authenticating user root 128.201.78.253 port 37140 [preauth]
Jul 12 12:50:24 ip-172-31-31-174.ec2.internal audit[26253]: USER_ERR pid=26253 uid=0 auid=4294967295 ses=4294967295 subj=system_u:system_r:sshd_t:s0-s0:c0.c1023 msg='op=PAM:bad_ident grantors=? acct="?" exe="/usr/sbin/sshd" hostname=128.201.78.253 addr=128.201.78.253 terminal=ssh res=failed'
Jul 12 12:50:24 ip-172-31-31-174.ec2.internal audit[26253]: CRYPTO_KEY_USER pid=26253 uid=0 auid=4294967295 ses=4294967295 subj=system_u:system_r:sshd_t:s0-s0:c0.c1023 msg='op=destroy kind=server fp=SHA256:18:92:4d:9f:63:53:7c:f0:56:89:07:73:00:0c:be:ea:cf:2e:ef:2d:2f:12:62:c9:2c:15:84:3e:2b:cd:74:8b direction=? spid=26253 suid=0 exe="/usr/sbin/sshd" hostname=? addr=128.201.78.253 terminal=? res=success'
Jul 12 12:50:24 ip-172-31-31-174.ec2.internal audit[26253]: USER_LOGIN pid=26253 uid=0 auid=4294967295 ses=4294967295 subj=system_u:system_r:sshd_t:s0-s0:c0.c1023 msg='op=login acct="root" exe="/usr/sbin/sshd" hostname=? addr=128.201.78.253 terminal=ssh res=failed'
Jul 12 12:50:29 ip-172-31-31-174.ec2.internal audit[26329]: CRYPTO_KEY_USER pid=26329 uid=0 auid=4294967295 ses=4294967295 subj=system_u:system_r:sshd_t:s0-s0:c0.c1023 msg='op=destroy kind=server fp=SHA256:18:92:4d:9f:63:53:7c:f0:56:89:07:73:00:0c:be:ea:cf:2e:ef:2d:2f:12:62:c9:2c:15:84:3e:2b:cd:74:8b direction=? spid=26329 suid=0 exe="/usr/sbin/sshd" hostname=? addr=152.32.156.127 terminal=? res=success'
Jul 12 12:50:29 ip-172-31-31-174.ec2.internal audit[26328]: CRYPTO_SESSION pid=26328 uid=0 auid=4294967295 ses=4294967295 subj=system_u:system_r:sshd_t:s0-s0:c0.c1023 msg='op=start direction=from-server cipher=aes256-gcm@openssh.com ksize=256 mac= pfs=curve25519-sha256 spid=26329 suid=74 rport=11940 laddr=172.31.31.174 lport=22 exe="/usr/sbin/sshd" hostname=? addr=152.32.156.127 terminal=? res=success'
Jul 12 12:50:29 ip-172-31-31-174.ec2.internal audit[26328]: CRYPTO_SESSION pid=26328 uid=0 auid=4294967295 ses=4294967295 subj=system_u:system_r:sshd_t:s0-s0:c0.c1023 msg='op=start direction=from-client cipher=aes256-gcm@openssh.com ksize=256 mac= pfs=curve25519-sha256 spid=26329 suid=74 rport=11940 laddr=172.31.31.174 lport=22 exe="/usr/sbin/sshd" hostname=? addr=152.32.156.127 terminal=? res=success'
Jul 12 12:50:30 ip-172-31-31-174.ec2.internal sshd[26328]: Invalid user ftp_admin from 152.32.156.127 port 11940
Jul 12 12:50:30 ip-172-31-31-174.ec2.internal audit[26328]: CRYPTO_KEY_USER pid=26328 uid=0 auid=4294967295 ses=4294967295 subj=system_u:system_r:sshd_t:s0-s0:c0.c1023 msg='op=destroy kind=session fp=? direction=both spid=26329 suid=74 rport=11940 laddr=172.31.31.174 lport=22 exe="/usr/sbin/sshd" hostname=? addr=152.32.156.127 terminal=? res=success'
Jul 12 12:50:30 ip-172-31-31-174.ec2.internal audit[26328]: CRYPTO_KEY_USER pid=26328 uid=0 auid=4294967295 ses=4294967295 subj=system_u:system_r:sshd_t:s0-s0:c0.c1023 msg='op=destroy kind=server fp=SHA256:18:92:4d:9f:63:53:7c:f0:56:89:07:73:00:0c:be:ea:cf:2e:ef:2d:2f:12:62:c9:2c:15:84:3e:2b:cd:74:8b direction=? spid=26329 suid=74 exe="/usr/sbin/sshd" hostname=? addr=152.32.156.127 terminal=? res=success'
Jul 12 12:50:30 ip-172-31-31-174.ec2.internal sshd[26328]: Received disconnect from 152.32.156.127 port 11940:11: Bye Bye [preauth]
Jul 12 12:50:30 ip-172-31-31-174.ec2.internal sshd[26328]: Disconnected from invalid user ftp_admin 152.32.156.127 port 11940 [preauth]
Jul 12 12:50:30 ip-172-31-31-174.ec2.internal audit[26328]: USER_ERR pid=26328 uid=0 auid=4294967295 ses=4294967295 subj=system_u:system_r:sshd_t:s0-s0:c0.c1023 msg='op=PAM:bad_ident grantors=? acct="?" exe="/usr/sbin/sshd" hostname=152.32.156.127 addr=152.32.156.127 terminal=ssh res=failed'
Jul 12 12:50:30 ip-172-31-31-174.ec2.internal audit[26328]: CRYPTO_KEY_USER pid=26328 uid=0 auid=4294967295 ses=4294967295 subj=system_u:system_r:sshd_t:s0-s0:c0.c1023 msg='op=destroy kind=server fp=SHA256:18:92:4d:9f:63:53:7c:f0:56:89:07:73:00:0c:be:ea:cf:2e:ef:2d:2f:12:62:c9:2c:15:84:3e:2b:cd:74:8b direction=? spid=26328 suid=0 exe="/usr/sbin/sshd" hostname=? addr=152.32.156.127 terminal=? res=success'
Jul 12 12:50:30 ip-172-31-31-174.ec2.internal audit[26328]: USER_LOGIN pid=26328 uid=0 auid=4294967295 ses=4294967295 subj=system_u:system_r:sshd_t:s0-s0:c0.c1023 msg='op=login acct="(unknown)" exe="/usr/sbin/sshd" hostname=? addr=152.32.156.127 terminal=ssh res=failed'
Jul 12 12:50:40 ip-172-31-31-174.ec2.internal audit[26331]: CRYPTO_KEY_USER pid=26331 uid=0 auid=4294967295 ses=4294967295 subj=system_u:system_r:sshd_t:s0-s0:c0.c1023 msg='op=destroy kind=server fp=SHA256:18:92:4d:9f:63:53:7c:f0:56:89:07:73:00:0c:be:ea:cf:2e:ef:2d:2f:12:62:c9:2c:15:84:3e:2b:cd:74:8b direction=? spid=26331 suid=0 exe="/usr/sbin/sshd" hostname=? addr=43.163.195.123 terminal=? res=success'
Jul 12 12:50:40 ip-172-31-31-174.ec2.internal audit[26330]: CRYPTO_SESSION pid=26330 uid=0 auid=4294967295 ses=4294967295 subj=system_u:system_r:sshd_t:s0-s0:c0.c1023 msg='op=start direction=from-server cipher=aes256-gcm@openssh.com ksize=256 mac= pfs=curve25519-sha256 spid=26331 suid=74 rport=48882 laddr=172.31.31.174 lport=22 exe="/usr/sbin/sshd" hostname=? addr=43.163.195.123 terminal=? res=success'
Jul 12 12:50:40 ip-172-31-31-174.ec2.internal audit[26330]: CRYPTO_SESSION pid=26330 uid=0 auid=4294967295 ses=4294967295 subj=system_u:system_r:sshd_t:s0-s0:c0.c1023 msg='op=start direction=from-client cipher=aes256-gcm@openssh.com ksize=256 mac= pfs=curve25519-sha256 spid=26331 suid=74 rport=48882 laddr=172.31.31.174 lport=22 exe="/usr/sbin/sshd" hostname=? addr=43.163.195.123 terminal=? res=success'
Jul 12 12:50:41 ip-172-31-31-174.ec2.internal sshd[26330]: Invalid user mysql from 43.163.195.123 port 48882
Jul 12 12:50:41 ip-172-31-31-174.ec2.internal sshd[26330]: Received disconnect from 43.163.195.123 port 48882:11: Bye Bye [preauth]
Jul 12 12:50:41 ip-172-31-31-174.ec2.internal audit[26330]: CRYPTO_KEY_USER pid=26330 uid=0 auid=4294967295 ses=4294967295 subj=system_u:system_r:sshd_t:s0-s0:c0.c1023 msg='op=destroy kind=session fp=? direction=both spid=26331 suid=74 rport=48882 laddr=172.31.31.174 lport=22 exe="/usr/sbin/sshd" hostname=? addr=43.163.195.123 terminal=? res=success'
Jul 12 12:50:41 ip-172-31-31-174.ec2.internal audit[26330]: CRYPTO_KEY_USER pid=26330 uid=0 auid=4294967295 ses=4294967295 subj=system_u:system_r:sshd_t:s0-s0:c0.c1023 msg='op=destroy kind=server fp=SHA256:18:92:4d:9f:63:53:7c:f0:56:89:07:73:00:0c:be:ea:cf:2e:ef:2d:2f:12:62:c9:2c:15:84:3e:2b:cd:74:8b direction=? spid=26331 suid=74 exe="/usr/sbin/sshd" hostname=? addr=43.163.195.123 terminal=? res=success'
Jul 12 12:50:41 ip-172-31-31-174.ec2.internal sshd[26330]: Disconnected from invalid user mysql 43.163.195.123 port 48882 [preauth]
Jul 12 12:50:41 ip-172-31-31-174.ec2.internal audit[26330]: USER_ERR pid=26330 uid=0 auid=4294967295 ses=4294967295 subj=system_u:system_r:sshd_t:s0-s0:c0.c1023 msg='op=PAM:bad_ident grantors=? acct="?" exe="/usr/sbin/sshd" hostname=43.163.195.123 addr=43.163.195.123 terminal=ssh res=failed'
Jul 12 12:50:41 ip-172-31-31-174.ec2.internal audit[26330]: CRYPTO_KEY_USER pid=26330 uid=0 auid=4294967295 ses=4294967295 subj=system_u:system_r:sshd_t:s0-s0:c0.c1023 msg='op=destroy kind=server fp=SHA256:18:92:4d:9f:63:53:7c:f0:56:89:07:73:00:0c:be:ea:cf:2e:ef:2d:2f:12:62:c9:2c:15:84:3e:2b:cd:74:8b direction=? spid=26330 suid=0 exe="/usr/sbin/sshd" hostname=? addr=43.163.195.123 terminal=? res=success'
Jul 12 12:50:41 ip-172-31-31-174.ec2.internal audit[26330]: USER_LOGIN pid=26330 uid=0 auid=4294967295 ses=4294967295 subj=system_u:system_r:sshd_t:s0-s0:c0.c1023 msg='op=login acct="(unknown)" exe="/usr/sbin/sshd" hostname=? addr=43.163.195.123 terminal=ssh res=failed'
Jul 12 12:50:43 ip-172-31-31-174.ec2.internal audit[26334]: CRYPTO_KEY_USER pid=26334 uid=0 auid=4294967295 ses=4294967295 subj=system_u:system_r:sshd_t:s0-s0:c0.c1023 msg='op=destroy kind=server fp=SHA256:18:92:4d:9f:63:53:7c:f0:56:89:07:73:00:0c:be:ea:cf:2e:ef:2d:2f:12:62:c9:2c:15:84:3e:2b:cd:74:8b direction=? spid=26334 suid=0 exe="/usr/sbin/sshd" hostname=? addr=103.93.248.247 terminal=? res=success'
Jul 12 12:50:43 ip-172-31-31-174.ec2.internal audit[26335]: CRYPTO_KEY_USER pid=26335 uid=0 auid=4294967295 ses=4294967295 subj=system_u:system_r:sshd_t:s0-s0:c0.c1023 msg='op=destroy kind=server fp=SHA256:18:92:4d:9f:63:53:7c:f0:56:89:07:73:00:0c:be:ea:cf:2e:ef:2d:2f:12:62:c9:2c:15:84:3e:2b:cd:74:8b direction=? spid=26335 suid=0 exe="/usr/sbin/sshd" hostname=? addr=143.110.250.108 terminal=? res=success'
Jul 12 12:50:43 ip-172-31-31-174.ec2.internal audit[26333]: CRYPTO_SESSION pid=26333 uid=0 auid=4294967295 ses=4294967295 subj=system_u:system_r:sshd_t:s0-s0:c0.c1023 msg='op=start direction=from-server cipher=aes256-gcm@openssh.com ksize=256 mac= pfs=curve25519-sha256 spid=26335 suid=74 rport=47320 laddr=172.31.31.174 lport=22 exe="/usr/sbin/sshd" hostname=? addr=143.110.250.108 terminal=? res=success'
Jul 12 12:50:43 ip-172-31-31-174.ec2.internal audit[26333]: CRYPTO_SESSION pid=26333 uid=0 auid=4294967295 ses=4294967295 subj=system_u:system_r:sshd_t:s0-s0:c0.c1023 msg='op=start direction=from-client cipher=aes256-gcm@openssh.com ksize=256 mac= pfs=curve25519-sha256 spid=26335 suid=74 rport=47320 laddr=172.31.31.174 lport=22 exe="/usr/sbin/sshd" hostname=? addr=143.110.250.108 terminal=? res=success'
Jul 12 12:50:43 ip-172-31-31-174.ec2.internal audit[26332]: CRYPTO_SESSION pid=26332 uid=0 auid=4294967295 ses=4294967295 subj=system_u:system_r:sshd_t:s0-s0:c0.c1023 msg='op=start direction=from-server cipher=aes256-gcm@openssh.com ksize=256 mac= pfs=curve25519-sha256 spid=26334 suid=74 rport=46414 laddr=172.31.31.174 lport=22 exe="/usr/sbin/sshd" hostname=? addr=103.93.248.247 terminal=? res=success'
Jul 12 12:50:43 ip-172-31-31-174.ec2.internal audit[26332]: CRYPTO_SESSION pid=26332 uid=0 auid=4294967295 ses=4294967295 subj=system_u:system_r:sshd_t:s0-s0:c0.c1023 msg='op=start direction=from-client cipher=aes256-gcm@openssh.com ksize=256 mac= pfs=curve25519-sha256 spid=26334 suid=74 rport=46414 laddr=172.31.31.174 lport=22 exe="/usr/sbin/sshd" hostname=? addr=103.93.248.247 terminal=? res=success'
Jul 12 12:50:44 ip-172-31-31-174.ec2.internal sshd[26332]: Invalid user ubuntu from 103.93.248.247 port 46414
Jul 12 12:50:44 ip-172-31-31-174.ec2.internal sshd[26333]: Received disconnect from 143.110.250.108 port 47320:11: Bye Bye [preauth]
Jul 12 12:50:44 ip-172-31-31-174.ec2.internal audit[26333]: CRYPTO_KEY_USER pid=26333 uid=0 auid=4294967295 ses=4294967295 subj=system_u:system_r:sshd_t:s0-s0:c0.c1023 msg='op=destroy kind=session fp=? direction=both spid=26335 suid=74 rport=47320 laddr=172.31.31.174 lport=22 exe="/usr/sbin/sshd" hostname=? addr=143.110.250.108 terminal=? res=success'
Jul 12 12:50:44 ip-172-31-31-174.ec2.internal audit[26333]: CRYPTO_KEY_USER pid=26333 uid=0 auid=4294967295 ses=4294967295 subj=system_u:system_r:sshd_t:s0-s0:c0.c1023 msg='op=destroy kind=server fp=SHA256:18:92:4d:9f:63:53:7c:f0:56:89:07:73:00:0c:be:ea:cf:2e:ef:2d:2f:12:62:c9:2c:15:84:3e:2b:cd:74:8b direction=? spid=26335 suid=74 exe="/usr/sbin/sshd" hostname=? addr=143.110.250.108 terminal=? res=success'
Jul 12 12:50:44 ip-172-31-31-174.ec2.internal sshd[26333]: Disconnected from authenticating user root 143.110.250.108 port 47320 [preauth]
Jul 12 12:50:44 ip-172-31-31-174.ec2.internal audit[26333]: USER_ERR pid=26333 uid=0 auid=4294967295 ses=4294967295 subj=system_u:system_r:sshd_t:s0-s0:c0.c1023 msg='op=PAM:bad_ident grantors=? acct="?" exe="/usr/sbin/sshd" hostname=143.110.250.108 addr=143.110.250.108 terminal=ssh res=failed'
Jul 12 12:50:44 ip-172-31-31-174.ec2.internal audit[26333]: CRYPTO_KEY_USER pid=26333 uid=0 auid=4294967295 ses=4294967295 subj=system_u:system_r:sshd_t:s0-s0:c0.c1023 msg='op=destroy kind=server fp=SHA256:18:92:4d:9f:63:53:7c:f0:56:89:07:73:00:0c:be:ea:cf:2e:ef:2d:2f:12:62:c9:2c:15:84:3e:2b:cd:74:8b direction=? spid=26333 suid=0 exe="/usr/sbin/sshd" hostname=? addr=143.110.250.108 terminal=? res=success'
Jul 12 12:50:44 ip-172-31-31-174.ec2.internal audit[26333]: USER_LOGIN pid=26333 uid=0 auid=4294967295 ses=4294967295 subj=system_u:system_r:sshd_t:s0-s0:c0.c1023 msg='op=login acct="root" exe="/usr/sbin/sshd" hostname=? addr=143.110.250.108 terminal=ssh res=failed'
Jul 12 12:50:44 ip-172-31-31-174.ec2.internal sshd[26332]: Received disconnect from 103.93.248.247 port 46414:11: Bye Bye [preauth]
Jul 12 12:50:44 ip-172-31-31-174.ec2.internal audit[26332]: CRYPTO_KEY_USER pid=26332 uid=0 auid=4294967295 ses=4294967295 subj=system_u:system_r:sshd_t:s0-s0:c0.c1023 msg='op=destroy kind=session fp=? direction=both spid=26334 suid=74 rport=46414 laddr=172.31.31.174 lport=22 exe="/usr/sbin/sshd" hostname=? addr=103.93.248.247 terminal=? res=success'
Jul 12 12:50:44 ip-172-31-31-174.ec2.internal audit[26332]: CRYPTO_KEY_USER pid=26332 uid=0 auid=4294967295 ses=4294967295 subj=system_u:system_r:sshd_t:s0-s0:c0.c1023 msg='op=destroy kind=server fp=SHA256:18:92:4d:9f:63:53:7c:f0:56:89:07:73:00:0c:be:ea:cf:2e:ef:2d:2f:12:62:c9:2c:15:84:3e:2b:cd:74:8b direction=? spid=26334 suid=74 exe="/usr/sbin/sshd" hostname=? addr=103.93.248.247 terminal=? res=success'
Jul 12 12:50:44 ip-172-31-31-174.ec2.internal sshd[26332]: Disconnected from invalid user ubuntu 103.93.248.247 port 46414 [preauth]
Jul 12 12:50:44 ip-172-31-31-174.ec2.internal audit[26332]: USER_ERR pid=26332 uid=0 auid=4294967295 ses=4294967295 subj=system_u:system_r:sshd_t:s0-s0:c0.c1023 msg='op=PAM:bad_ident grantors=? acct="?" exe="/usr/sbin/sshd" hostname=103.93.248.247 addr=103.93.248.247 terminal=ssh res=failed'
Jul 12 12:50:44 ip-172-31-31-174.ec2.internal audit[26332]: CRYPTO_KEY_USER pid=26332 uid=0 auid=4294967295 ses=4294967295 subj=system_u:system_r:sshd_t:s0-s0:c0.c1023 msg='op=destroy kind=server fp=SHA256:18:92:4d:9f:63:53:7c:f0:56:89:07:73:00:0c:be:ea:cf:2e:ef:2d:2f:12:62:c9:2c:15:84:3e:2b:cd:74:8b direction=? spid=26332 suid=0 exe="/usr/sbin/sshd" hostname=? addr=103.93.248.247 terminal=? res=success'
Jul 12 12:50:44 ip-172-31-31-174.ec2.internal audit[26332]: USER_LOGIN pid=26332 uid=0 auid=4294967295 ses=4294967295 subj=system_u:system_r:sshd_t:s0-s0:c0.c1023 msg='op=login acct="(unknown)" exe="/usr/sbin/sshd" hostname=? addr=103.93.248.247 terminal=ssh res=failed'
Jul 12 12:50:50 ip-172-31-31-174.ec2.internal audit[26360]: CRYPTO_KEY_USER pid=26360 uid=0 auid=4294967295 ses=4294967295 subj=system_u:system_r:sshd_t:s0-s0:c0.c1023 msg='op=destroy kind=server fp=SHA256:18:92:4d:9f:63:53:7c:f0:56:89:07:73:00:0c:be:ea:cf:2e:ef:2d:2f:12:62:c9:2c:15:84:3e:2b:cd:74:8b direction=? spid=26360 suid=0 exe="/usr/sbin/sshd" hostname=? addr=124.156.192.13 terminal=? res=success'
Jul 12 12:50:50 ip-172-31-31-174.ec2.internal audit[26359]: CRYPTO_SESSION pid=26359 uid=0 auid=4294967295 ses=4294967295 subj=system_u:system_r:sshd_t:s0-s0:c0.c1023 msg='op=start direction=from-server cipher=aes256-gcm@openssh.com ksize=256 mac= pfs=curve25519-sha256 spid=26360 suid=74 rport=60248 laddr=172.31.31.174 lport=22 exe="/usr/sbin/sshd" hostname=? addr=124.156.192.13 terminal=? res=success'
Jul 12 12:50:50 ip-172-31-31-174.ec2.internal audit[26359]: CRYPTO_SESSION pid=26359 uid=0 auid=4294967295 ses=4294967295 subj=system_u:system_r:sshd_t:s0-s0:c0.c1023 msg='op=start direction=from-client cipher=aes256-gcm@openssh.com ksize=256 mac= pfs=curve25519-sha256 spid=26360 suid=74 rport=60248 laddr=172.31.31.174 lport=22 exe="/usr/sbin/sshd" hostname=? addr=124.156.192.13 terminal=? res=success'
Jul 12 12:50:51 ip-172-31-31-174.ec2.internal sshd[26359]: Invalid user gpadmin from 124.156.192.13 port 60248
Jul 12 12:50:51 ip-172-31-31-174.ec2.internal audit[26359]: CRYPTO_KEY_USER pid=26359 uid=0 auid=4294967295 ses=4294967295 subj=system_u:system_r:sshd_t:s0-s0:c0.c1023 msg='op=destroy kind=session fp=? direction=both spid=26360 suid=74 rport=60248 laddr=172.31.31.174 lport=22 exe="/usr/sbin/sshd" hostname=? addr=124.156.192.13 terminal=? res=success'
Jul 12 12:50:51 ip-172-31-31-174.ec2.internal audit[26359]: CRYPTO_KEY_USER pid=26359 uid=0 auid=4294967295 ses=4294967295 subj=system_u:system_r:sshd_t:s0-s0:c0.c1023 msg='op=destroy kind=server fp=SHA256:18:92:4d:9f:63:53:7c:f0:56:89:07:73:00:0c:be:ea:cf:2e:ef:2d:2f:12:62:c9:2c:15:84:3e:2b:cd:74:8b direction=? spid=26360 suid=74 exe="/usr/sbin/sshd" hostname=? addr=124.156.192.13 terminal=? res=success'
Jul 12 12:50:51 ip-172-31-31-174.ec2.internal sshd[26359]: Received disconnect from 124.156.192.13 port 60248:11: Bye Bye [preauth]
Jul 12 12:50:51 ip-172-31-31-174.ec2.internal sshd[26359]: Disconnected from invalid user gpadmin 124.156.192.13 port 60248 [preauth]
Jul 12 12:50:51 ip-172-31-31-174.ec2.internal audit[26359]: USER_ERR pid=26359 uid=0 auid=4294967295 ses=4294967295 subj=system_u:system_r:sshd_t:s0-s0:c0.c1023 msg='op=PAM:bad_ident grantors=? acct="?" exe="/usr/sbin/sshd" hostname=124.156.192.13 addr=124.156.192.13 terminal=ssh res=failed'
Jul 12 12:50:51 ip-172-31-31-174.ec2.internal audit[26359]: CRYPTO_KEY_USER pid=26359 uid=0 auid=4294967295 ses=4294967295 subj=system_u:system_r:sshd_t:s0-s0:c0.c1023 msg='op=destroy kind=server fp=SHA256:18:92:4d:9f:63:53:7c:f0:56:89:07:73:00:0c:be:ea:cf:2e:ef:2d:2f:12:62:c9:2c:15:84:3e:2b:cd:74:8b direction=? spid=26359 suid=0 exe="/usr/sbin/sshd" hostname=? addr=124.156.192.13 terminal=? res=success'
Jul 12 12:50:51 ip-172-31-31-174.ec2.internal audit[26359]: USER_LOGIN pid=26359 uid=0 auid=4294967295 ses=4294967295 subj=system_u:system_r:sshd_t:s0-s0:c0.c1023 msg='op=login acct="(unknown)" exe="/usr/sbin/sshd" hostname=? addr=124.156.192.13 terminal=ssh res=failed'
Jul 12 12:50:57 ip-172-31-31-174.ec2.internal systemd[1]: systemd-timedated.service: Deactivated successfully.
Jul 12 12:50:57 ip-172-31-31-174.ec2.internal audit[1]: SERVICE_STOP pid=1 uid=0 auid=4294967295 ses=4294967295 subj=system_u:system_r:init_t:s0 msg='unit=systemd-timedated comm="systemd" exe="/usr/lib/systemd/systemd" hostname=? addr=? terminal=? res=success'
Jul 12 12:50:57 ip-172-31-31-174.ec2.internal audit: BPF prog-id=87 op=UNLOAD
Jul 12 12:50:57 ip-172-31-31-174.ec2.internal audit: BPF prog-id=86 op=UNLOAD
Jul 12 12:50:57 ip-172-31-31-174.ec2.internal audit: BPF prog-id=85 op=UNLOAD
Jul 12 12:51:00 ip-172-31-31-174.ec2.internal audit: BPF prog-id=88 op=LOAD
Jul 12 12:51:00 ip-172-31-31-174.ec2.internal audit: BPF prog-id=89 op=LOAD
Jul 12 12:51:00 ip-172-31-31-174.ec2.internal audit: BPF prog-id=90 op=LOAD
Jul 12 12:51:00 ip-172-31-31-174.ec2.internal systemd[1]: Starting systemd-timedated.service - Time & Date Service...
Jul 12 12:51:00 ip-172-31-31-174.ec2.internal systemd[1]: Started systemd-timedated.service - Time & Date Service.
Jul 12 12:51:00 ip-172-31-31-174.ec2.internal audit[1]: SERVICE_START pid=1 uid=0 auid=4294967295 ses=4294967295 subj=system_u:system_r:init_t:s0 msg='unit=systemd-timedated comm="systemd" exe="/usr/lib/systemd/systemd" hostname=? addr=? terminal=? res=success'
Jul 12 12:51:05 ip-172-31-31-174.ec2.internal audit[26563]: CRYPTO_KEY_USER pid=26563 uid=0 auid=4294967295 ses=4294967295 subj=system_u:system_r:sshd_t:s0-s0:c0.c1023 msg='op=destroy kind=server fp=SHA256:18:92:4d:9f:63:53:7c:f0:56:89:07:73:00:0c:be:ea:cf:2e:ef:2d:2f:12:62:c9:2c:15:84:3e:2b:cd:74:8b direction=? spid=26563 suid=0 exe="/usr/sbin/sshd" hostname=? addr=181.188.147.10 terminal=? res=success'
Jul 12 12:51:05 ip-172-31-31-174.ec2.internal audit[26562]: CRYPTO_SESSION pid=26562 uid=0 auid=4294967295 ses=4294967295 subj=system_u:system_r:sshd_t:s0-s0:c0.c1023 msg='op=start direction=from-server cipher=aes256-gcm@openssh.com ksize=256 mac= pfs=curve25519-sha256 spid=26563 suid=74 rport=47118 laddr=172.31.31.174 lport=22 exe="/usr/sbin/sshd" hostname=? addr=181.188.147.10 terminal=? res=success'
Jul 12 12:51:05 ip-172-31-31-174.ec2.internal audit[26562]: CRYPTO_SESSION pid=26562 uid=0 auid=4294967295 ses=4294967295 subj=system_u:system_r:sshd_t:s0-s0:c0.c1023 msg='op=start direction=from-client cipher=aes256-gcm@openssh.com ksize=256 mac= pfs=curve25519-sha256 spid=26563 suid=74 rport=47118 laddr=172.31.31.174 lport=22 exe="/usr/sbin/sshd" hostname=? addr=181.188.147.10 terminal=? res=success'
Jul 12 12:51:06 ip-172-31-31-174.ec2.internal cloud-init[1647]: 2024/07/12 12:51:06 Sending heartbeat...
Jul 12 12:51:06 ip-172-31-31-174.ec2.internal cloud-init[1647]: 2024/07/12 12:51:06 Sent heartbeat!
Jul 12 12:51:06 ip-172-31-31-174.ec2.internal sshd[26562]: Received disconnect from 181.188.147.10 port 47118:11: Bye Bye [preauth]
Jul 12 12:51:06 ip-172-31-31-174.ec2.internal audit[26562]: CRYPTO_KEY_USER pid=26562 uid=0 auid=4294967295 ses=4294967295 subj=system_u:system_r:sshd_t:s0-s0:c0.c1023 msg='op=destroy kind=session fp=? direction=both spid=26563 suid=74 rport=47118 laddr=172.31.31.174 lport=22 exe="/usr/sbin/sshd" hostname=? addr=181.188.147.10 terminal=? res=success'
Jul 12 12:51:06 ip-172-31-31-174.ec2.internal audit[26562]: CRYPTO_KEY_USER pid=26562 uid=0 auid=4294967295 ses=4294967295 subj=system_u:system_r:sshd_t:s0-s0:c0.c1023 msg='op=destroy kind=server fp=SHA256:18:92:4d:9f:63:53:7c:f0:56:89:07:73:00:0c:be:ea:cf:2e:ef:2d:2f:12:62:c9:2c:15:84:3e:2b:cd:74:8b direction=? spid=26563 suid=74 exe="/usr/sbin/sshd" hostname=? addr=181.188.147.10 terminal=? res=success'
Jul 12 12:51:06 ip-172-31-31-174.ec2.internal sshd[26562]: Disconnected from authenticating user root 181.188.147.10 port 47118 [preauth]
Jul 12 12:51:06 ip-172-31-31-174.ec2.internal audit[26562]: USER_ERR pid=26562 uid=0 auid=4294967295 ses=4294967295 subj=system_u:system_r:sshd_t:s0-s0:c0.c1023 msg='op=PAM:bad_ident grantors=? acct="?" exe="/usr/sbin/sshd" hostname=181.188.147.10 addr=181.188.147.10 terminal=ssh res=failed'
Jul 12 12:51:06 ip-172-31-31-174.ec2.internal audit[26562]: CRYPTO_KEY_USER pid=26562 uid=0 auid=4294967295 ses=4294967295 subj=system_u:system_r:sshd_t:s0-s0:c0.c1023 msg='op=destroy kind=server fp=SHA256:18:92:4d:9f:63:53:7c:f0:56:89:07:73:00:0c:be:ea:cf:2e:ef:2d:2f:12:62:c9:2c:15:84:3e:2b:cd:74:8b direction=? spid=26562 suid=0 exe="/usr/sbin/sshd" hostname=? addr=181.188.147.10 terminal=? res=success'
Jul 12 12:51:06 ip-172-31-31-174.ec2.internal audit[26562]: USER_LOGIN pid=26562 uid=0 auid=4294967295 ses=4294967295 subj=system_u:system_r:sshd_t:s0-s0:c0.c1023 msg='op=login acct="root" exe="/usr/sbin/sshd" hostname=? addr=181.188.147.10 terminal=ssh res=failed'
Jul 12 12:51:21 ip-172-31-31-174.ec2.internal audit[26565]: CRYPTO_KEY_USER pid=26565 uid=0 auid=4294967295 ses=4294967295 subj=system_u:system_r:sshd_t:s0-s0:c0.c1023 msg='op=destroy kind=server fp=SHA256:18:92:4d:9f:63:53:7c:f0:56:89:07:73:00:0c:be:ea:cf:2e:ef:2d:2f:12:62:c9:2c:15:84:3e:2b:cd:74:8b direction=? spid=26565 suid=0 exe="/usr/sbin/sshd" hostname=? addr=43.155.176.172 terminal=? res=success'
Jul 12 12:51:21 ip-172-31-31-174.ec2.internal audit[26564]: CRYPTO_SESSION pid=26564 uid=0 auid=4294967295 ses=4294967295 subj=system_u:system_r:sshd_t:s0-s0:c0.c1023 msg='op=start direction=from-server cipher=aes256-gcm@openssh.com ksize=256 mac= pfs=curve25519-sha256 spid=26565 suid=74 rport=60236 laddr=172.31.31.174 lport=22 exe="/usr/sbin/sshd" hostname=? addr=43.155.176.172 terminal=? res=success'
Jul 12 12:51:21 ip-172-31-31-174.ec2.internal audit[26564]: CRYPTO_SESSION pid=26564 uid=0 auid=4294967295 ses=4294967295 subj=system_u:system_r:sshd_t:s0-s0:c0.c1023 msg='op=start direction=from-client cipher=aes256-gcm@openssh.com ksize=256 mac= pfs=curve25519-sha256 spid=26565 suid=74 rport=60236 laddr=172.31.31.174 lport=22 exe="/usr/sbin/sshd" hostname=? addr=43.155.176.172 terminal=? res=success'
Jul 12 12:51:22 ip-172-31-31-174.ec2.internal sshd[26564]: Received disconnect from 43.155.176.172 port 60236:11: Bye Bye [preauth]
Jul 12 12:51:22 ip-172-31-31-174.ec2.internal audit[26564]: CRYPTO_KEY_USER pid=26564 uid=0 auid=4294967295 ses=4294967295 subj=system_u:system_r:sshd_t:s0-s0:c0.c1023 msg='op=destroy kind=session fp=? direction=both spid=26565 suid=74 rport=60236 laddr=172.31.31.174 lport=22 exe="/usr/sbin/sshd" hostname=? addr=43.155.176.172 terminal=? res=success'
Jul 12 12:51:22 ip-172-31-31-174.ec2.internal audit[26564]: CRYPTO_KEY_USER pid=26564 uid=0 auid=4294967295 ses=4294967295 subj=system_u:system_r:sshd_t:s0-s0:c0.c1023 msg='op=destroy kind=server fp=SHA256:18:92:4d:9f:63:53:7c:f0:56:89:07:73:00:0c:be:ea:cf:2e:ef:2d:2f:12:62:c9:2c:15:84:3e:2b:cd:74:8b direction=? spid=26565 suid=74 exe="/usr/sbin/sshd" hostname=? addr=43.155.176.172 terminal=? res=success'
Jul 12 12:51:22 ip-172-31-31-174.ec2.internal sshd[26564]: Disconnected from authenticating user root 43.155.176.172 port 60236 [preauth]
Jul 12 12:51:22 ip-172-31-31-174.ec2.internal audit[26564]: USER_ERR pid=26564 uid=0 auid=4294967295 ses=4294967295 subj=system_u:system_r:sshd_t:s0-s0:c0.c1023 msg='op=PAM:bad_ident grantors=? acct="?" exe="/usr/sbin/sshd" hostname=43.155.176.172 addr=43.155.176.172 terminal=ssh res=failed'
Jul 12 12:51:22 ip-172-31-31-174.ec2.internal audit[26564]: CRYPTO_KEY_USER pid=26564 uid=0 auid=4294967295 ses=4294967295 subj=system_u:system_r:sshd_t:s0-s0:c0.c1023 msg='op=destroy kind=server fp=SHA256:18:92:4d:9f:63:53:7c:f0:56:89:07:73:00:0c:be:ea:cf:2e:ef:2d:2f:12:62:c9:2c:15:84:3e:2b:cd:74:8b direction=? spid=26564 suid=0 exe="/usr/sbin/sshd" hostname=? addr=43.155.176.172 terminal=? res=success'
Jul 12 12:51:22 ip-172-31-31-174.ec2.internal audit[26564]: USER_LOGIN pid=26564 uid=0 auid=4294967295 ses=4294967295 subj=system_u:system_r:sshd_t:s0-s0:c0.c1023 msg='op=login acct="root" exe="/usr/sbin/sshd" hostname=? addr=43.155.176.172 terminal=ssh res=failed'
Jul 12 12:51:22 ip-172-31-31-174.ec2.internal audit[26573]: CRYPTO_KEY_USER pid=26573 uid=0 auid=4294967295 ses=4294967295 subj=system_u:system_r:sshd_t:s0-s0:c0.c1023 msg='op=destroy kind=server fp=SHA256:18:92:4d:9f:63:53:7c:f0:56:89:07:73:00:0c:be:ea:cf:2e:ef:2d:2f:12:62:c9:2c:15:84:3e:2b:cd:74:8b direction=? spid=26573 suid=0 exe="/usr/sbin/sshd" hostname=? addr=128.201.78.253 terminal=? res=success'
Jul 12 12:51:22 ip-172-31-31-174.ec2.internal audit[26572]: CRYPTO_SESSION pid=26572 uid=0 auid=4294967295 ses=4294967295 subj=system_u:system_r:sshd_t:s0-s0:c0.c1023 msg='op=start direction=from-server cipher=aes256-gcm@openssh.com ksize=256 mac= pfs=curve25519-sha256 spid=26573 suid=74 rport=54470 laddr=172.31.31.174 lport=22 exe="/usr/sbin/sshd" hostname=? addr=128.201.78.253 terminal=? res=success'
Jul 12 12:51:22 ip-172-31-31-174.ec2.internal audit[26572]: CRYPTO_SESSION pid=26572 uid=0 auid=4294967295 ses=4294967295 subj=system_u:system_r:sshd_t:s0-s0:c0.c1023 msg='op=start direction=from-client cipher=aes256-gcm@openssh.com ksize=256 mac= pfs=curve25519-sha256 spid=26573 suid=74 rport=54470 laddr=172.31.31.174 lport=22 exe="/usr/sbin/sshd" hostname=? addr=128.201.78.253 terminal=? res=success'
Jul 12 12:51:23 ip-172-31-31-174.ec2.internal sshd[26572]: Received disconnect from 128.201.78.253 port 54470:11: Bye Bye [preauth]
Jul 12 12:51:23 ip-172-31-31-174.ec2.internal audit[26572]: CRYPTO_KEY_USER pid=26572 uid=0 auid=4294967295 ses=4294967295 subj=system_u:system_r:sshd_t:s0-s0:c0.c1023 msg='op=destroy kind=session fp=? direction=both spid=26573 suid=74 rport=54470 laddr=172.31.31.174 lport=22 exe="/usr/sbin/sshd" hostname=? addr=128.201.78.253 terminal=? res=success'
Jul 12 12:51:23 ip-172-31-31-174.ec2.internal audit[26572]: CRYPTO_KEY_USER pid=26572 uid=0 auid=4294967295 ses=4294967295 subj=system_u:system_r:sshd_t:s0-s0:c0.c1023 msg='op=destroy kind=server fp=SHA256:18:92:4d:9f:63:53:7c:f0:56:89:07:73:00:0c:be:ea:cf:2e:ef:2d:2f:12:62:c9:2c:15:84:3e:2b:cd:74:8b direction=? spid=26573 suid=74 exe="/usr/sbin/sshd" hostname=? addr=128.201.78.253 terminal=? res=success'
Jul 12 12:51:23 ip-172-31-31-174.ec2.internal sshd[26572]: Disconnected from authenticating user root 128.201.78.253 port 54470 [preauth]
Jul 12 12:51:23 ip-172-31-31-174.ec2.internal audit[26572]: USER_ERR pid=26572 uid=0 auid=4294967295 ses=4294967295 subj=system_u:system_r:sshd_t:s0-s0:c0.c1023 msg='op=PAM:bad_ident grantors=? acct="?" exe="/usr/sbin/sshd" hostname=128.201.78.253 addr=128.201.78.253 terminal=ssh res=failed'
Jul 12 12:51:23 ip-172-31-31-174.ec2.internal audit[26572]: CRYPTO_KEY_USER pid=26572 uid=0 auid=4294967295 ses=4294967295 subj=system_u:system_r:sshd_t:s0-s0:c0.c1023 msg='op=destroy kind=server fp=SHA256:18:92:4d:9f:63:53:7c:f0:56:89:07:73:00:0c:be:ea:cf:2e:ef:2d:2f:12:62:c9:2c:15:84:3e:2b:cd:74:8b direction=? spid=26572 suid=0 exe="/usr/sbin/sshd" hostname=? addr=128.201.78.253 terminal=? res=success'
Jul 12 12:51:23 ip-172-31-31-174.ec2.internal audit[26572]: USER_LOGIN pid=26572 uid=0 auid=4294967295 ses=4294967295 subj=system_u:system_r:sshd_t:s0-s0:c0.c1023 msg='op=login acct="root" exe="/usr/sbin/sshd" hostname=? addr=128.201.78.253 terminal=ssh res=failed'
Jul 12 12:51:34 ip-172-31-31-174.ec2.internal systemd[1]: systemd-timedated.service: Deactivated successfully.
Jul 12 12:51:34 ip-172-31-31-174.ec2.internal audit[1]: SERVICE_STOP pid=1 uid=0 auid=4294967295 ses=4294967295 subj=system_u:system_r:init_t:s0 msg='unit=systemd-timedated comm="systemd" exe="/usr/lib/systemd/systemd" hostname=? addr=? terminal=? res=success'
Jul 12 12:51:34 ip-172-31-31-174.ec2.internal audit: BPF prog-id=90 op=UNLOAD
Jul 12 12:51:34 ip-172-31-31-174.ec2.internal audit: BPF prog-id=89 op=UNLOAD
Jul 12 12:51:34 ip-172-31-31-174.ec2.internal audit: BPF prog-id=88 op=UNLOAD
Jul 12 12:51:36 ip-172-31-31-174.ec2.internal audit: BPF prog-id=91 op=LOAD
Jul 12 12:51:36 ip-172-31-31-174.ec2.internal audit: BPF prog-id=92 op=LOAD
Jul 12 12:51:36 ip-172-31-31-174.ec2.internal audit: BPF prog-id=93 op=LOAD
Jul 12 12:51:36 ip-172-31-31-174.ec2.internal systemd[1]: Starting systemd-timedated.service - Time & Date Service...
Jul 12 12:51:36 ip-172-31-31-174.ec2.internal systemd[1]: Started systemd-timedated.service - Time & Date Service.
Jul 12 12:51:36 ip-172-31-31-174.ec2.internal audit[1]: SERVICE_START pid=1 uid=0 auid=4294967295 ses=4294967295 subj=system_u:system_r:init_t:s0 msg='unit=systemd-timedated comm="systemd" exe="/usr/lib/systemd/systemd" hostname=? addr=? terminal=? res=success'
Jul 12 12:51:39 ip-172-31-31-174.ec2.internal audit[26743]: CRYPTO_KEY_USER pid=26743 uid=0 auid=4294967295 ses=4294967295 subj=system_u:system_r:sshd_t:s0-s0:c0.c1023 msg='op=destroy kind=server fp=SHA256:18:92:4d:9f:63:53:7c:f0:56:89:07:73:00:0c:be:ea:cf:2e:ef:2d:2f:12:62:c9:2c:15:84:3e:2b:cd:74:8b direction=? spid=26743 suid=0 exe="/usr/sbin/sshd" hostname=? addr=43.163.195.123 terminal=? res=success'
Jul 12 12:51:39 ip-172-31-31-174.ec2.internal audit[26742]: CRYPTO_SESSION pid=26742 uid=0 auid=4294967295 ses=4294967295 subj=system_u:system_r:sshd_t:s0-s0:c0.c1023 msg='op=start direction=from-server cipher=aes256-gcm@openssh.com ksize=256 mac= pfs=curve25519-sha256 spid=26743 suid=74 rport=37672 laddr=172.31.31.174 lport=22 exe="/usr/sbin/sshd" hostname=? addr=43.163.195.123 terminal=? res=success'
Jul 12 12:51:39 ip-172-31-31-174.ec2.internal audit[26742]: CRYPTO_SESSION pid=26742 uid=0 auid=4294967295 ses=4294967295 subj=system_u:system_r:sshd_t:s0-s0:c0.c1023 msg='op=start direction=from-client cipher=aes256-gcm@openssh.com ksize=256 mac= pfs=curve25519-sha256 spid=26743 suid=74 rport=37672 laddr=172.31.31.174 lport=22 exe="/usr/sbin/sshd" hostname=? addr=43.163.195.123 terminal=? res=success'
Jul 12 12:51:40 ip-172-31-31-174.ec2.internal audit[26745]: CRYPTO_KEY_USER pid=26745 uid=0 auid=4294967295 ses=4294967295 subj=system_u:system_r:sshd_t:s0-s0:c0.c1023 msg='op=destroy kind=server fp=SHA256:18:92:4d:9f:63:53:7c:f0:56:89:07:73:00:0c:be:ea:cf:2e:ef:2d:2f:12:62:c9:2c:15:84:3e:2b:cd:74:8b direction=? spid=26745 suid=0 exe="/usr/sbin/sshd" hostname=? addr=103.93.248.247 terminal=? res=success'
Jul 12 12:51:40 ip-172-31-31-174.ec2.internal audit[26744]: CRYPTO_SESSION pid=26744 uid=0 auid=4294967295 ses=4294967295 subj=system_u:system_r:sshd_t:s0-s0:c0.c1023 msg='op=start direction=from-server cipher=aes256-gcm@openssh.com ksize=256 mac= pfs=curve25519-sha256 spid=26745 suid=74 rport=43304 laddr=172.31.31.174 lport=22 exe="/usr/sbin/sshd" hostname=? addr=103.93.248.247 terminal=? res=success'
Jul 12 12:51:40 ip-172-31-31-174.ec2.internal audit[26744]: CRYPTO_SESSION pid=26744 uid=0 auid=4294967295 ses=4294967295 subj=system_u:system_r:sshd_t:s0-s0:c0.c1023 msg='op=start direction=from-client cipher=aes256-gcm@openssh.com ksize=256 mac= pfs=curve25519-sha256 spid=26745 suid=74 rport=43304 laddr=172.31.31.174 lport=22 exe="/usr/sbin/sshd" hostname=? addr=103.93.248.247 terminal=? res=success'
Jul 12 12:51:40 ip-172-31-31-174.ec2.internal sshd[26742]: Received disconnect from 43.163.195.123 port 37672:11: Bye Bye [preauth]
Jul 12 12:51:40 ip-172-31-31-174.ec2.internal audit[26742]: CRYPTO_KEY_USER pid=26742 uid=0 auid=4294967295 ses=4294967295 subj=system_u:system_r:sshd_t:s0-s0:c0.c1023 msg='op=destroy kind=session fp=? direction=both spid=26743 suid=74 rport=37672 laddr=172.31.31.174 lport=22 exe="/usr/sbin/sshd" hostname=? addr=43.163.195.123 terminal=? res=success'
Jul 12 12:51:40 ip-172-31-31-174.ec2.internal audit[26742]: CRYPTO_KEY_USER pid=26742 uid=0 auid=4294967295 ses=4294967295 subj=system_u:system_r:sshd_t:s0-s0:c0.c1023 msg='op=destroy kind=server fp=SHA256:18:92:4d:9f:63:53:7c:f0:56:89:07:73:00:0c:be:ea:cf:2e:ef:2d:2f:12:62:c9:2c:15:84:3e:2b:cd:74:8b direction=? spid=26743 suid=74 exe="/usr/sbin/sshd" hostname=? addr=43.163.195.123 terminal=? res=success'
Jul 12 12:51:40 ip-172-31-31-174.ec2.internal sshd[26742]: Disconnected from authenticating user root 43.163.195.123 port 37672 [preauth]
Jul 12 12:51:40 ip-172-31-31-174.ec2.internal audit[26742]: USER_ERR pid=26742 uid=0 auid=4294967295 ses=4294967295 subj=system_u:system_r:sshd_t:s0-s0:c0.c1023 msg='op=PAM:bad_ident grantors=? acct="?" exe="/usr/sbin/sshd" hostname=43.163.195.123 addr=43.163.195.123 terminal=ssh res=failed'
Jul 12 12:51:40 ip-172-31-31-174.ec2.internal audit[26742]: CRYPTO_KEY_USER pid=26742 uid=0 auid=4294967295 ses=4294967295 subj=system_u:system_r:sshd_t:s0-s0:c0.c1023 msg='op=destroy kind=server fp=SHA256:18:92:4d:9f:63:53:7c:f0:56:89:07:73:00:0c:be:ea:cf:2e:ef:2d:2f:12:62:c9:2c:15:84:3e:2b:cd:74:8b direction=? spid=26742 suid=0 exe="/usr/sbin/sshd" hostname=? addr=43.163.195.123 terminal=? res=success'
Jul 12 12:51:40 ip-172-31-31-174.ec2.internal audit[26742]: USER_LOGIN pid=26742 uid=0 auid=4294967295 ses=4294967295 subj=system_u:system_r:sshd_t:s0-s0:c0.c1023 msg='op=login acct="root" exe="/usr/sbin/sshd" hostname=? addr=43.163.195.123 terminal=ssh res=failed'
Jul 12 12:51:42 ip-172-31-31-174.ec2.internal sshd[26744]: Received disconnect from 103.93.248.247 port 43304:11: Bye Bye [preauth]
Jul 12 12:51:42 ip-172-31-31-174.ec2.internal audit[26744]: CRYPTO_KEY_USER pid=26744 uid=0 auid=4294967295 ses=4294967295 subj=system_u:system_r:sshd_t:s0-s0:c0.c1023 msg='op=destroy kind=session fp=? direction=both spid=26745 suid=74 rport=43304 laddr=172.31.31.174 lport=22 exe="/usr/sbin/sshd" hostname=? addr=103.93.248.247 terminal=? res=success'
Jul 12 12:51:42 ip-172-31-31-174.ec2.internal audit[26744]: CRYPTO_KEY_USER pid=26744 uid=0 auid=4294967295 ses=4294967295 subj=system_u:system_r:sshd_t:s0-s0:c0.c1023 msg='op=destroy kind=server fp=SHA256:18:92:4d:9f:63:53:7c:f0:56:89:07:73:00:0c:be:ea:cf:2e:ef:2d:2f:12:62:c9:2c:15:84:3e:2b:cd:74:8b direction=? spid=26745 suid=74 exe="/usr/sbin/sshd" hostname=? addr=103.93.248.247 terminal=? res=success'
Jul 12 12:51:42 ip-172-31-31-174.ec2.internal sshd[26744]: Disconnected from authenticating user root 103.93.248.247 port 43304 [preauth]
Jul 12 12:51:42 ip-172-31-31-174.ec2.internal audit[26744]: USER_ERR pid=26744 uid=0 auid=4294967295 ses=4294967295 subj=system_u:system_r:sshd_t:s0-s0:c0.c1023 msg='op=PAM:bad_ident grantors=? acct="?" exe="/usr/sbin/sshd" hostname=103.93.248.247 addr=103.93.248.247 terminal=ssh res=failed'
Jul 12 12:51:42 ip-172-31-31-174.ec2.internal audit[26744]: CRYPTO_KEY_USER pid=26744 uid=0 auid=4294967295 ses=4294967295 subj=system_u:system_r:sshd_t:s0-s0:c0.c1023 msg='op=destroy kind=server fp=SHA256:18:92:4d:9f:63:53:7c:f0:56:89:07:73:00:0c:be:ea:cf:2e:ef:2d:2f:12:62:c9:2c:15:84:3e:2b:cd:74:8b direction=? spid=26744 suid=0 exe="/usr/sbin/sshd" hostname=? addr=103.93.248.247 terminal=? res=success'
Jul 12 12:51:42 ip-172-31-31-174.ec2.internal audit[26744]: USER_LOGIN pid=26744 uid=0 auid=4294967295 ses=4294967295 subj=system_u:system_r:sshd_t:s0-s0:c0.c1023 msg='op=login acct="root" exe="/usr/sbin/sshd" hostname=? addr=103.93.248.247 terminal=ssh res=failed'
Jul 12 12:51:42 ip-172-31-31-174.ec2.internal audit[26747]: CRYPTO_KEY_USER pid=26747 uid=0 auid=4294967295 ses=4294967295 subj=system_u:system_r:sshd_t:s0-s0:c0.c1023 msg='op=destroy kind=server fp=SHA256:18:92:4d:9f:63:53:7c:f0:56:89:07:73:00:0c:be:ea:cf:2e:ef:2d:2f:12:62:c9:2c:15:84:3e:2b:cd:74:8b direction=? spid=26747 suid=0 exe="/usr/sbin/sshd" hostname=? addr=143.110.250.108 terminal=? res=success'
Jul 12 12:51:42 ip-172-31-31-174.ec2.internal audit[26746]: CRYPTO_SESSION pid=26746 uid=0 auid=4294967295 ses=4294967295 subj=system_u:system_r:sshd_t:s0-s0:c0.c1023 msg='op=start direction=from-server cipher=aes256-gcm@openssh.com ksize=256 mac= pfs=curve25519-sha256 spid=26747 suid=74 rport=50782 laddr=172.31.31.174 lport=22 exe="/usr/sbin/sshd" hostname=? addr=143.110.250.108 terminal=? res=success'
Jul 12 12:51:42 ip-172-31-31-174.ec2.internal audit[26746]: CRYPTO_SESSION pid=26746 uid=0 auid=4294967295 ses=4294967295 subj=system_u:system_r:sshd_t:s0-s0:c0.c1023 msg='op=start direction=from-client cipher=aes256-gcm@openssh.com ksize=256 mac= pfs=curve25519-sha256 spid=26747 suid=74 rport=50782 laddr=172.31.31.174 lport=22 exe="/usr/sbin/sshd" hostname=? addr=143.110.250.108 terminal=? res=success'
Jul 12 12:51:43 ip-172-31-31-174.ec2.internal sshd[26746]: Invalid user admin from 143.110.250.108 port 50782
Jul 12 12:51:44 ip-172-31-31-174.ec2.internal sshd[26746]: Received disconnect from 143.110.250.108 port 50782:11: Bye Bye [preauth]
Jul 12 12:51:44 ip-172-31-31-174.ec2.internal audit[26746]: CRYPTO_KEY_USER pid=26746 uid=0 auid=4294967295 ses=4294967295 subj=system_u:system_r:sshd_t:s0-s0:c0.c1023 msg='op=destroy kind=session fp=? direction=both spid=26747 suid=74 rport=50782 laddr=172.31.31.174 lport=22 exe="/usr/sbin/sshd" hostname=? addr=143.110.250.108 terminal=? res=success'
Jul 12 12:51:44 ip-172-31-31-174.ec2.internal sshd[26746]: Disconnected from invalid user admin 143.110.250.108 port 50782 [preauth]
Jul 12 12:51:44 ip-172-31-31-174.ec2.internal audit[26746]: CRYPTO_KEY_USER pid=26746 uid=0 auid=4294967295 ses=4294967295 subj=system_u:system_r:sshd_t:s0-s0:c0.c1023 msg='op=destroy kind=server fp=SHA256:18:92:4d:9f:63:53:7c:f0:56:89:07:73:00:0c:be:ea:cf:2e:ef:2d:2f:12:62:c9:2c:15:84:3e:2b:cd:74:8b direction=? spid=26747 suid=74 exe="/usr/sbin/sshd" hostname=? addr=143.110.250.108 terminal=? res=success'
