Jul 12 12:51:44 ip-172-31-31-174.ec2.internal audit[26746]: USER_ERR pid=26746 uid=0 auid=4294967295 ses=4294967295 subj=system_u:system_r:sshd_t:s0-s0:c0.c1023 msg='op=PAM:bad_ident grantors=? acct="?" exe="/usr/sbin/sshd" hostname=143.110.250.108 addr=143.110.250.108 terminal=ssh res=failed'
Jul 12 12:51:44 ip-172-31-31-174.ec2.internal audit[26746]: CRYPTO_KEY_USER pid=26746 uid=0 auid=4294967295 ses=4294967295 subj=system_u:system_r:sshd_t:s0-s0:c0.c1023 msg='op=destroy kind=server fp=SHA256:18:92:4d:9f:63:53:7c:f0:56:89:07:73:00:0c:be:ea:cf:2e:ef:2d:2f:12:62:c9:2c:15:84:3e:2b:cd:74:8b direction=? spid=26746 suid=0 exe="/usr/sbin/sshd" hostname=? addr=143.110.250.108 terminal=? res=success'
Jul 12 12:51:44 ip-172-31-31-174.ec2.internal audit[26746]: USER_LOGIN pid=26746 uid=0 auid=4294967295 ses=4294967295 subj=system_u:system_r:sshd_t:s0-s0:c0.c1023 msg='op=login acct="(unknown)" exe="/usr/sbin/sshd" hostname=? addr=143.110.250.108 terminal=ssh res=failed'
Jul 12 12:51:54 ip-172-31-31-174.ec2.internal audit[26751]: CRYPTO_KEY_USER pid=26751 uid=0 auid=4294967295 ses=4294967295 subj=system_u:system_r:sshd_t:s0-s0:c0.c1023 msg='op=destroy kind=server fp=SHA256:18:92:4d:9f:63:53:7c:f0:56:89:07:73:00:0c:be:ea:cf:2e:ef:2d:2f:12:62:c9:2c:15:84:3e:2b:cd:74:8b direction=? spid=26751 suid=0 exe="/usr/sbin/sshd" hostname=? addr=124.156.192.13 terminal=? res=success'
Jul 12 12:51:54 ip-172-31-31-174.ec2.internal audit[26750]: CRYPTO_SESSION pid=26750 uid=0 auid=4294967295 ses=4294967295 subj=system_u:system_r:sshd_t:s0-s0:c0.c1023 msg='op=start direction=from-server cipher=aes256-gcm@openssh.com ksize=256 mac= pfs=curve25519-sha256 spid=26751 suid=74 rport=49428 laddr=172.31.31.174 lport=22 exe="/usr/sbin/sshd" hostname=? addr=124.156.192.13 terminal=? res=success'
Jul 12 12:51:54 ip-172-31-31-174.ec2.internal audit[26750]: CRYPTO_SESSION pid=26750 uid=0 auid=4294967295 ses=4294967295 subj=system_u:system_r:sshd_t:s0-s0:c0.c1023 msg='op=start direction=from-client cipher=aes256-gcm@openssh.com ksize=256 mac= pfs=curve25519-sha256 spid=26751 suid=74 rport=49428 laddr=172.31.31.174 lport=22 exe="/usr/sbin/sshd" hostname=? addr=124.156.192.13 terminal=? res=success'
Jul 12 12:51:55 ip-172-31-31-174.ec2.internal sshd[26750]: Invalid user developer from 124.156.192.13 port 49428
Jul 12 12:51:55 ip-172-31-31-174.ec2.internal sshd[26750]: Received disconnect from 124.156.192.13 port 49428:11: Bye Bye [preauth]
Jul 12 12:51:55 ip-172-31-31-174.ec2.internal audit[26750]: CRYPTO_KEY_USER pid=26750 uid=0 auid=4294967295 ses=4294967295 subj=system_u:system_r:sshd_t:s0-s0:c0.c1023 msg='op=destroy kind=session fp=? direction=both spid=26751 suid=74 rport=49428 laddr=172.31.31.174 lport=22 exe="/usr/sbin/sshd" hostname=? addr=124.156.192.13 terminal=? res=success'
Jul 12 12:51:55 ip-172-31-31-174.ec2.internal audit[26750]: CRYPTO_KEY_USER pid=26750 uid=0 auid=4294967295 ses=4294967295 subj=system_u:system_r:sshd_t:s0-s0:c0.c1023 msg='op=destroy kind=server fp=SHA256:18:92:4d:9f:63:53:7c:f0:56:89:07:73:00:0c:be:ea:cf:2e:ef:2d:2f:12:62:c9:2c:15:84:3e:2b:cd:74:8b direction=? spid=26751 suid=74 exe="/usr/sbin/sshd" hostname=? addr=124.156.192.13 terminal=? res=success'
Jul 12 12:51:55 ip-172-31-31-174.ec2.internal sshd[26750]: Disconnected from invalid user developer 124.156.192.13 port 49428 [preauth]
Jul 12 12:51:55 ip-172-31-31-174.ec2.internal audit[26750]: USER_ERR pid=26750 uid=0 auid=4294967295 ses=4294967295 subj=system_u:system_r:sshd_t:s0-s0:c0.c1023 msg='op=PAM:bad_ident grantors=? acct="?" exe="/usr/sbin/sshd" hostname=124.156.192.13 addr=124.156.192.13 terminal=ssh res=failed'
Jul 12 12:51:55 ip-172-31-31-174.ec2.internal audit[26750]: CRYPTO_KEY_USER pid=26750 uid=0 auid=4294967295 ses=4294967295 subj=system_u:system_r:sshd_t:s0-s0:c0.c1023 msg='op=destroy kind=server fp=SHA256:18:92:4d:9f:63:53:7c:f0:56:89:07:73:00:0c:be:ea:cf:2e:ef:2d:2f:12:62:c9:2c:15:84:3e:2b:cd:74:8b direction=? spid=26750 suid=0 exe="/usr/sbin/sshd" hostname=? addr=124.156.192.13 terminal=? res=success'
Jul 12 12:51:55 ip-172-31-31-174.ec2.internal audit[26750]: USER_LOGIN pid=26750 uid=0 auid=4294967295 ses=4294967295 subj=system_u:system_r:sshd_t:s0-s0:c0.c1023 msg='op=login acct="(unknown)" exe="/usr/sbin/sshd" hostname=? addr=124.156.192.13 terminal=ssh res=failed'
Jul 12 12:52:02 ip-172-31-31-174.ec2.internal audit[26814]: CRYPTO_KEY_USER pid=26814 uid=0 auid=4294967295 ses=4294967295 subj=system_u:system_r:sshd_t:s0-s0:c0.c1023 msg='op=destroy kind=server fp=SHA256:18:92:4d:9f:63:53:7c:f0:56:89:07:73:00:0c:be:ea:cf:2e:ef:2d:2f:12:62:c9:2c:15:84:3e:2b:cd:74:8b direction=? spid=26814 suid=0 exe="/usr/sbin/sshd" hostname=? addr=181.188.147.10 terminal=? res=success'
Jul 12 12:52:02 ip-172-31-31-174.ec2.internal audit[26813]: CRYPTO_SESSION pid=26813 uid=0 auid=4294967295 ses=4294967295 subj=system_u:system_r:sshd_t:s0-s0:c0.c1023 msg='op=start direction=from-server cipher=aes256-gcm@openssh.com ksize=256 mac= pfs=curve25519-sha256 spid=26814 suid=74 rport=50200 laddr=172.31.31.174 lport=22 exe="/usr/sbin/sshd" hostname=? addr=181.188.147.10 terminal=? res=success'
Jul 12 12:52:02 ip-172-31-31-174.ec2.internal audit[26813]: CRYPTO_SESSION pid=26813 uid=0 auid=4294967295 ses=4294967295 subj=system_u:system_r:sshd_t:s0-s0:c0.c1023 msg='op=start direction=from-client cipher=aes256-gcm@openssh.com ksize=256 mac= pfs=curve25519-sha256 spid=26814 suid=74 rport=50200 laddr=172.31.31.174 lport=22 exe="/usr/sbin/sshd" hostname=? addr=181.188.147.10 terminal=? res=success'
Jul 12 12:52:03 ip-172-31-31-174.ec2.internal sshd[26813]: Invalid user student from 181.188.147.10 port 50200
Jul 12 12:52:03 ip-172-31-31-174.ec2.internal sshd[26813]: Received disconnect from 181.188.147.10 port 50200:11: Bye Bye [preauth]
Jul 12 12:52:03 ip-172-31-31-174.ec2.internal audit[26813]: CRYPTO_KEY_USER pid=26813 uid=0 auid=4294967295 ses=4294967295 subj=system_u:system_r:sshd_t:s0-s0:c0.c1023 msg='op=destroy kind=session fp=? direction=both spid=26814 suid=74 rport=50200 laddr=172.31.31.174 lport=22 exe="/usr/sbin/sshd" hostname=? addr=181.188.147.10 terminal=? res=success'
Jul 12 12:52:03 ip-172-31-31-174.ec2.internal audit[26813]: CRYPTO_KEY_USER pid=26813 uid=0 auid=4294967295 ses=4294967295 subj=system_u:system_r:sshd_t:s0-s0:c0.c1023 msg='op=destroy kind=server fp=SHA256:18:92:4d:9f:63:53:7c:f0:56:89:07:73:00:0c:be:ea:cf:2e:ef:2d:2f:12:62:c9:2c:15:84:3e:2b:cd:74:8b direction=? spid=26814 suid=74 exe="/usr/sbin/sshd" hostname=? addr=181.188.147.10 terminal=? res=success'
Jul 12 12:52:03 ip-172-31-31-174.ec2.internal sshd[26813]: Disconnected from invalid user student 181.188.147.10 port 50200 [preauth]
Jul 12 12:52:03 ip-172-31-31-174.ec2.internal audit[26813]: USER_ERR pid=26813 uid=0 auid=4294967295 ses=4294967295 subj=system_u:system_r:sshd_t:s0-s0:c0.c1023 msg='op=PAM:bad_ident grantors=? acct="?" exe="/usr/sbin/sshd" hostname=181.188.147.10 addr=181.188.147.10 terminal=ssh res=failed'
Jul 12 12:52:03 ip-172-31-31-174.ec2.internal audit[26813]: CRYPTO_KEY_USER pid=26813 uid=0 auid=4294967295 ses=4294967295 subj=system_u:system_r:sshd_t:s0-s0:c0.c1023 msg='op=destroy kind=server fp=SHA256:18:92:4d:9f:63:53:7c:f0:56:89:07:73:00:0c:be:ea:cf:2e:ef:2d:2f:12:62:c9:2c:15:84:3e:2b:cd:74:8b direction=? spid=26813 suid=0 exe="/usr/sbin/sshd" hostname=? addr=181.188.147.10 terminal=? res=success'
Jul 12 12:52:03 ip-172-31-31-174.ec2.internal audit[26813]: USER_LOGIN pid=26813 uid=0 auid=4294967295 ses=4294967295 subj=system_u:system_r:sshd_t:s0-s0:c0.c1023 msg='op=login acct="(unknown)" exe="/usr/sbin/sshd" hostname=? addr=181.188.147.10 terminal=ssh res=failed'
Jul 12 12:52:04 ip-172-31-31-174.ec2.internal audit[26910]: CRYPTO_KEY_USER pid=26910 uid=0 auid=4294967295 ses=4294967295 subj=system_u:system_r:sshd_t:s0-s0:c0.c1023 msg='op=destroy kind=server fp=SHA256:18:92:4d:9f:63:53:7c:f0:56:89:07:73:00:0c:be:ea:cf:2e:ef:2d:2f:12:62:c9:2c:15:84:3e:2b:cd:74:8b direction=? spid=26910 suid=0 exe="/usr/sbin/sshd" hostname=? addr=152.32.156.127 terminal=? res=success'
Jul 12 12:52:04 ip-172-31-31-174.ec2.internal audit[26909]: CRYPTO_SESSION pid=26909 uid=0 auid=4294967295 ses=4294967295 subj=system_u:system_r:sshd_t:s0-s0:c0.c1023 msg='op=start direction=from-server cipher=aes256-gcm@openssh.com ksize=256 mac= pfs=curve25519-sha256 spid=26910 suid=74 rport=19218 laddr=172.31.31.174 lport=22 exe="/usr/sbin/sshd" hostname=? addr=152.32.156.127 terminal=? res=success'
Jul 12 12:52:04 ip-172-31-31-174.ec2.internal audit[26909]: CRYPTO_SESSION pid=26909 uid=0 auid=4294967295 ses=4294967295 subj=system_u:system_r:sshd_t:s0-s0:c0.c1023 msg='op=start direction=from-client cipher=aes256-gcm@openssh.com ksize=256 mac= pfs=curve25519-sha256 spid=26910 suid=74 rport=19218 laddr=172.31.31.174 lport=22 exe="/usr/sbin/sshd" hostname=? addr=152.32.156.127 terminal=? res=success'
Jul 12 12:52:05 ip-172-31-31-174.ec2.internal sshd[26909]: Invalid user user from 152.32.156.127 port 19218
Jul 12 12:52:05 ip-172-31-31-174.ec2.internal sshd[26909]: Received disconnect from 152.32.156.127 port 19218:11: Bye Bye [preauth]
Jul 12 12:52:05 ip-172-31-31-174.ec2.internal audit[26909]: CRYPTO_KEY_USER pid=26909 uid=0 auid=4294967295 ses=4294967295 subj=system_u:system_r:sshd_t:s0-s0:c0.c1023 msg='op=destroy kind=session fp=? direction=both spid=26910 suid=74 rport=19218 laddr=172.31.31.174 lport=22 exe="/usr/sbin/sshd" hostname=? addr=152.32.156.127 terminal=? res=success'
Jul 12 12:52:05 ip-172-31-31-174.ec2.internal audit[26909]: CRYPTO_KEY_USER pid=26909 uid=0 auid=4294967295 ses=4294967295 subj=system_u:system_r:sshd_t:s0-s0:c0.c1023 msg='op=destroy kind=server fp=SHA256:18:92:4d:9f:63:53:7c:f0:56:89:07:73:00:0c:be:ea:cf:2e:ef:2d:2f:12:62:c9:2c:15:84:3e:2b:cd:74:8b direction=? spid=26910 suid=74 exe="/usr/sbin/sshd" hostname=? addr=152.32.156.127 terminal=? res=success'
Jul 12 12:52:05 ip-172-31-31-174.ec2.internal sshd[26909]: Disconnected from invalid user user 152.32.156.127 port 19218 [preauth]
Jul 12 12:52:05 ip-172-31-31-174.ec2.internal audit[26909]: USER_ERR pid=26909 uid=0 auid=4294967295 ses=4294967295 subj=system_u:system_r:sshd_t:s0-s0:c0.c1023 msg='op=PAM:bad_ident grantors=? acct="?" exe="/usr/sbin/sshd" hostname=152.32.156.127 addr=152.32.156.127 terminal=ssh res=failed'
Jul 12 12:52:05 ip-172-31-31-174.ec2.internal audit[26909]: CRYPTO_KEY_USER pid=26909 uid=0 auid=4294967295 ses=4294967295 subj=system_u:system_r:sshd_t:s0-s0:c0.c1023 msg='op=destroy kind=server fp=SHA256:18:92:4d:9f:63:53:7c:f0:56:89:07:73:00:0c:be:ea:cf:2e:ef:2d:2f:12:62:c9:2c:15:84:3e:2b:cd:74:8b direction=? spid=26909 suid=0 exe="/usr/sbin/sshd" hostname=? addr=152.32.156.127 terminal=? res=success'
Jul 12 12:52:05 ip-172-31-31-174.ec2.internal audit[26909]: USER_LOGIN pid=26909 uid=0 auid=4294967295 ses=4294967295 subj=system_u:system_r:sshd_t:s0-s0:c0.c1023 msg='op=login acct="(unknown)" exe="/usr/sbin/sshd" hostname=? addr=152.32.156.127 terminal=ssh res=failed'
Jul 12 12:52:06 ip-172-31-31-174.ec2.internal systemd[1]: systemd-timedated.service: Deactivated successfully.
Jul 12 12:52:06 ip-172-31-31-174.ec2.internal audit[1]: SERVICE_STOP pid=1 uid=0 auid=4294967295 ses=4294967295 subj=system_u:system_r:init_t:s0 msg='unit=systemd-timedated comm="systemd" exe="/usr/lib/systemd/systemd" hostname=? addr=? terminal=? res=success'
Jul 12 12:52:06 ip-172-31-31-174.ec2.internal audit: BPF prog-id=93 op=UNLOAD
Jul 12 12:52:06 ip-172-31-31-174.ec2.internal audit: BPF prog-id=92 op=UNLOAD
Jul 12 12:52:06 ip-172-31-31-174.ec2.internal audit: BPF prog-id=91 op=UNLOAD
Jul 12 12:52:06 ip-172-31-31-174.ec2.internal cloud-init[1647]: 2024/07/12 12:52:06 Sending heartbeat...
Jul 12 12:52:06 ip-172-31-31-174.ec2.internal cloud-init[1647]: 2024/07/12 12:52:06 Sent heartbeat!
Jul 12 12:52:09 ip-172-31-31-174.ec2.internal audit: BPF prog-id=94 op=LOAD
Jul 12 12:52:09 ip-172-31-31-174.ec2.internal audit: BPF prog-id=95 op=LOAD
Jul 12 12:52:09 ip-172-31-31-174.ec2.internal audit: BPF prog-id=96 op=LOAD
Jul 12 12:52:09 ip-172-31-31-174.ec2.internal systemd[1]: Starting systemd-timedated.service - Time & Date Service...
Jul 12 12:52:09 ip-172-31-31-174.ec2.internal systemd[1]: Started systemd-timedated.service - Time & Date Service.
Jul 12 12:52:09 ip-172-31-31-174.ec2.internal audit[1]: SERVICE_START pid=1 uid=0 auid=4294967295 ses=4294967295 subj=system_u:system_r:init_t:s0 msg='unit=systemd-timedated comm="systemd" exe="/usr/lib/systemd/systemd" hostname=? addr=? terminal=? res=success'
Jul 12 12:52:18 ip-172-31-31-174.ec2.internal audit[27026]: CRYPTO_KEY_USER pid=27026 uid=0 auid=4294967295 ses=4294967295 subj=system_u:system_r:sshd_t:s0-s0:c0.c1023 msg='op=destroy kind=server fp=SHA256:18:92:4d:9f:63:53:7c:f0:56:89:07:73:00:0c:be:ea:cf:2e:ef:2d:2f:12:62:c9:2c:15:84:3e:2b:cd:74:8b direction=? spid=27026 suid=0 exe="/usr/sbin/sshd" hostname=? addr=43.155.176.172 terminal=? res=success'
Jul 12 12:52:18 ip-172-31-31-174.ec2.internal audit[27025]: CRYPTO_SESSION pid=27025 uid=0 auid=4294967295 ses=4294967295 subj=system_u:system_r:sshd_t:s0-s0:c0.c1023 msg='op=start direction=from-server cipher=aes256-gcm@openssh.com ksize=256 mac= pfs=curve25519-sha256 spid=27026 suid=74 rport=49036 laddr=172.31.31.174 lport=22 exe="/usr/sbin/sshd" hostname=? addr=43.155.176.172 terminal=? res=success'
Jul 12 12:52:18 ip-172-31-31-174.ec2.internal audit[27025]: CRYPTO_SESSION pid=27025 uid=0 auid=4294967295 ses=4294967295 subj=system_u:system_r:sshd_t:s0-s0:c0.c1023 msg='op=start direction=from-client cipher=aes256-gcm@openssh.com ksize=256 mac= pfs=curve25519-sha256 spid=27026 suid=74 rport=49036 laddr=172.31.31.174 lport=22 exe="/usr/sbin/sshd" hostname=? addr=43.155.176.172 terminal=? res=success'
Jul 12 12:52:19 ip-172-31-31-174.ec2.internal sshd[27025]: Invalid user postgres from 43.155.176.172 port 49036
Jul 12 12:52:19 ip-172-31-31-174.ec2.internal sshd[27025]: Received disconnect from 43.155.176.172 port 49036:11: Bye Bye [preauth]
Jul 12 12:52:19 ip-172-31-31-174.ec2.internal audit[27025]: CRYPTO_KEY_USER pid=27025 uid=0 auid=4294967295 ses=4294967295 subj=system_u:system_r:sshd_t:s0-s0:c0.c1023 msg='op=destroy kind=session fp=? direction=both spid=27026 suid=74 rport=49036 laddr=172.31.31.174 lport=22 exe="/usr/sbin/sshd" hostname=? addr=43.155.176.172 terminal=? res=success'
Jul 12 12:52:19 ip-172-31-31-174.ec2.internal sshd[27025]: Disconnected from invalid user postgres 43.155.176.172 port 49036 [preauth]
Jul 12 12:52:19 ip-172-31-31-174.ec2.internal audit[27025]: CRYPTO_KEY_USER pid=27025 uid=0 auid=4294967295 ses=4294967295 subj=system_u:system_r:sshd_t:s0-s0:c0.c1023 msg='op=destroy kind=server fp=SHA256:18:92:4d:9f:63:53:7c:f0:56:89:07:73:00:0c:be:ea:cf:2e:ef:2d:2f:12:62:c9:2c:15:84:3e:2b:cd:74:8b direction=? spid=27026 suid=74 exe="/usr/sbin/sshd" hostname=? addr=43.155.176.172 terminal=? res=success'
Jul 12 12:52:19 ip-172-31-31-174.ec2.internal audit[27025]: USER_ERR pid=27025 uid=0 auid=4294967295 ses=4294967295 subj=system_u:system_r:sshd_t:s0-s0:c0.c1023 msg='op=PAM:bad_ident grantors=? acct="?" exe="/usr/sbin/sshd" hostname=43.155.176.172 addr=43.155.176.172 terminal=ssh res=failed'
Jul 12 12:52:19 ip-172-31-31-174.ec2.internal audit[27025]: CRYPTO_KEY_USER pid=27025 uid=0 auid=4294967295 ses=4294967295 subj=system_u:system_r:sshd_t:s0-s0:c0.c1023 msg='op=destroy kind=server fp=SHA256:18:92:4d:9f:63:53:7c:f0:56:89:07:73:00:0c:be:ea:cf:2e:ef:2d:2f:12:62:c9:2c:15:84:3e:2b:cd:74:8b direction=? spid=27025 suid=0 exe="/usr/sbin/sshd" hostname=? addr=43.155.176.172 terminal=? res=success'
Jul 12 12:52:19 ip-172-31-31-174.ec2.internal audit[27025]: USER_LOGIN pid=27025 uid=0 auid=4294967295 ses=4294967295 subj=system_u:system_r:sshd_t:s0-s0:c0.c1023 msg='op=login acct="(unknown)" exe="/usr/sbin/sshd" hostname=? addr=43.155.176.172 terminal=ssh res=failed'
Jul 12 12:52:22 ip-172-31-31-174.ec2.internal audit[27028]: CRYPTO_KEY_USER pid=27028 uid=0 auid=4294967295 ses=4294967295 subj=system_u:system_r:sshd_t:s0-s0:c0.c1023 msg='op=destroy kind=server fp=SHA256:18:92:4d:9f:63:53:7c:f0:56:89:07:73:00:0c:be:ea:cf:2e:ef:2d:2f:12:62:c9:2c:15:84:3e:2b:cd:74:8b direction=? spid=27028 suid=0 exe="/usr/sbin/sshd" hostname=? addr=128.201.78.253 terminal=? res=success'
Jul 12 12:52:22 ip-172-31-31-174.ec2.internal audit[27027]: CRYPTO_SESSION pid=27027 uid=0 auid=4294967295 ses=4294967295 subj=system_u:system_r:sshd_t:s0-s0:c0.c1023 msg='op=start direction=from-server cipher=aes256-gcm@openssh.com ksize=256 mac= pfs=curve25519-sha256 spid=27028 suid=74 rport=43568 laddr=172.31.31.174 lport=22 exe="/usr/sbin/sshd" hostname=? addr=128.201.78.253 terminal=? res=success'
Jul 12 12:52:22 ip-172-31-31-174.ec2.internal audit[27027]: CRYPTO_SESSION pid=27027 uid=0 auid=4294967295 ses=4294967295 subj=system_u:system_r:sshd_t:s0-s0:c0.c1023 msg='op=start direction=from-client cipher=aes256-gcm@openssh.com ksize=256 mac= pfs=curve25519-sha256 spid=27028 suid=74 rport=43568 laddr=172.31.31.174 lport=22 exe="/usr/sbin/sshd" hostname=? addr=128.201.78.253 terminal=? res=success'
Jul 12 12:52:22 ip-172-31-31-174.ec2.internal sshd[27027]: Received disconnect from 128.201.78.253 port 43568:11: Bye Bye [preauth]
Jul 12 12:52:22 ip-172-31-31-174.ec2.internal audit[27027]: CRYPTO_KEY_USER pid=27027 uid=0 auid=4294967295 ses=4294967295 subj=system_u:system_r:sshd_t:s0-s0:c0.c1023 msg='op=destroy kind=session fp=? direction=both spid=27028 suid=74 rport=43568 laddr=172.31.31.174 lport=22 exe="/usr/sbin/sshd" hostname=? addr=128.201.78.253 terminal=? res=success'
Jul 12 12:52:22 ip-172-31-31-174.ec2.internal audit[27027]: CRYPTO_KEY_USER pid=27027 uid=0 auid=4294967295 ses=4294967295 subj=system_u:system_r:sshd_t:s0-s0:c0.c1023 msg='op=destroy kind=server fp=SHA256:18:92:4d:9f:63:53:7c:f0:56:89:07:73:00:0c:be:ea:cf:2e:ef:2d:2f:12:62:c9:2c:15:84:3e:2b:cd:74:8b direction=? spid=27028 suid=74 exe="/usr/sbin/sshd" hostname=? addr=128.201.78.253 terminal=? res=success'
Jul 12 12:52:22 ip-172-31-31-174.ec2.internal sshd[27027]: Disconnected from authenticating user root 128.201.78.253 port 43568 [preauth]
Jul 12 12:52:22 ip-172-31-31-174.ec2.internal audit[27027]: USER_ERR pid=27027 uid=0 auid=4294967295 ses=4294967295 subj=system_u:system_r:sshd_t:s0-s0:c0.c1023 msg='op=PAM:bad_ident grantors=? acct="?" exe="/usr/sbin/sshd" hostname=128.201.78.253 addr=128.201.78.253 terminal=ssh res=failed'
Jul 12 12:52:22 ip-172-31-31-174.ec2.internal audit[27027]: CRYPTO_KEY_USER pid=27027 uid=0 auid=4294967295 ses=4294967295 subj=system_u:system_r:sshd_t:s0-s0:c0.c1023 msg='op=destroy kind=server fp=SHA256:18:92:4d:9f:63:53:7c:f0:56:89:07:73:00:0c:be:ea:cf:2e:ef:2d:2f:12:62:c9:2c:15:84:3e:2b:cd:74:8b direction=? spid=27027 suid=0 exe="/usr/sbin/sshd" hostname=? addr=128.201.78.253 terminal=? res=success'
Jul 12 12:52:22 ip-172-31-31-174.ec2.internal audit[27027]: USER_LOGIN pid=27027 uid=0 auid=4294967295 ses=4294967295 subj=system_u:system_r:sshd_t:s0-s0:c0.c1023 msg='op=login acct="root" exe="/usr/sbin/sshd" hostname=? addr=128.201.78.253 terminal=ssh res=failed'
Jul 12 12:52:34 ip-172-31-31-174.ec2.internal audit[27047]: CRYPTO_KEY_USER pid=27047 uid=0 auid=4294967295 ses=4294967295 subj=system_u:system_r:sshd_t:s0-s0:c0.c1023 msg='op=destroy kind=server fp=SHA256:18:92:4d:9f:63:53:7c:f0:56:89:07:73:00:0c:be:ea:cf:2e:ef:2d:2f:12:62:c9:2c:15:84:3e:2b:cd:74:8b direction=? spid=27047 suid=0 exe="/usr/sbin/sshd" hostname=? addr=43.163.195.123 terminal=? res=success'
Jul 12 12:52:34 ip-172-31-31-174.ec2.internal audit[27046]: CRYPTO_SESSION pid=27046 uid=0 auid=4294967295 ses=4294967295 subj=system_u:system_r:sshd_t:s0-s0:c0.c1023 msg='op=start direction=from-server cipher=aes256-gcm@openssh.com ksize=256 mac= pfs=curve25519-sha256 spid=27047 suid=74 rport=54692 laddr=172.31.31.174 lport=22 exe="/usr/sbin/sshd" hostname=? addr=43.163.195.123 terminal=? res=success'
Jul 12 12:52:34 ip-172-31-31-174.ec2.internal audit[27046]: CRYPTO_SESSION pid=27046 uid=0 auid=4294967295 ses=4294967295 subj=system_u:system_r:sshd_t:s0-s0:c0.c1023 msg='op=start direction=from-client cipher=aes256-gcm@openssh.com ksize=256 mac= pfs=curve25519-sha256 spid=27047 suid=74 rport=54692 laddr=172.31.31.174 lport=22 exe="/usr/sbin/sshd" hostname=? addr=43.163.195.123 terminal=? res=success'
Jul 12 12:52:35 ip-172-31-31-174.ec2.internal sshd[27046]: Invalid user ftpuser from 43.163.195.123 port 54692
Jul 12 12:52:35 ip-172-31-31-174.ec2.internal sshd[27046]: Received disconnect from 43.163.195.123 port 54692:11: Bye Bye [preauth]
Jul 12 12:52:35 ip-172-31-31-174.ec2.internal audit[27046]: CRYPTO_KEY_USER pid=27046 uid=0 auid=4294967295 ses=4294967295 subj=system_u:system_r:sshd_t:s0-s0:c0.c1023 msg='op=destroy kind=session fp=? direction=both spid=27047 suid=74 rport=54692 laddr=172.31.31.174 lport=22 exe="/usr/sbin/sshd" hostname=? addr=43.163.195.123 terminal=? res=success'
Jul 12 12:52:35 ip-172-31-31-174.ec2.internal audit[27046]: CRYPTO_KEY_USER pid=27046 uid=0 auid=4294967295 ses=4294967295 subj=system_u:system_r:sshd_t:s0-s0:c0.c1023 msg='op=destroy kind=server fp=SHA256:18:92:4d:9f:63:53:7c:f0:56:89:07:73:00:0c:be:ea:cf:2e:ef:2d:2f:12:62:c9:2c:15:84:3e:2b:cd:74:8b direction=? spid=27047 suid=74 exe="/usr/sbin/sshd" hostname=? addr=43.163.195.123 terminal=? res=success'
Jul 12 12:52:35 ip-172-31-31-174.ec2.internal sshd[27046]: Disconnected from invalid user ftpuser 43.163.195.123 port 54692 [preauth]
Jul 12 12:52:35 ip-172-31-31-174.ec2.internal audit[27046]: USER_ERR pid=27046 uid=0 auid=4294967295 ses=4294967295 subj=system_u:system_r:sshd_t:s0-s0:c0.c1023 msg='op=PAM:bad_ident grantors=? acct="?" exe="/usr/sbin/sshd" hostname=43.163.195.123 addr=43.163.195.123 terminal=ssh res=failed'
Jul 12 12:52:35 ip-172-31-31-174.ec2.internal audit[27046]: CRYPTO_KEY_USER pid=27046 uid=0 auid=4294967295 ses=4294967295 subj=system_u:system_r:sshd_t:s0-s0:c0.c1023 msg='op=destroy kind=server fp=SHA256:18:92:4d:9f:63:53:7c:f0:56:89:07:73:00:0c:be:ea:cf:2e:ef:2d:2f:12:62:c9:2c:15:84:3e:2b:cd:74:8b direction=? spid=27046 suid=0 exe="/usr/sbin/sshd" hostname=? addr=43.163.195.123 terminal=? res=success'
Jul 12 12:52:35 ip-172-31-31-174.ec2.internal audit[27046]: USER_LOGIN pid=27046 uid=0 auid=4294967295 ses=4294967295 subj=system_u:system_r:sshd_t:s0-s0:c0.c1023 msg='op=login acct="(unknown)" exe="/usr/sbin/sshd" hostname=? addr=43.163.195.123 terminal=ssh res=failed'
Jul 12 12:52:35 ip-172-31-31-174.ec2.internal audit[27049]: CRYPTO_KEY_USER pid=27049 uid=0 auid=4294967295 ses=4294967295 subj=system_u:system_r:sshd_t:s0-s0:c0.c1023 msg='op=destroy kind=server fp=SHA256:18:92:4d:9f:63:53:7c:f0:56:89:07:73:00:0c:be:ea:cf:2e:ef:2d:2f:12:62:c9:2c:15:84:3e:2b:cd:74:8b direction=? spid=27049 suid=0 exe="/usr/sbin/sshd" hostname=? addr=103.93.248.247 terminal=? res=success'
Jul 12 12:52:36 ip-172-31-31-174.ec2.internal audit[27048]: CRYPTO_SESSION pid=27048 uid=0 auid=4294967295 ses=4294967295 subj=system_u:system_r:sshd_t:s0-s0:c0.c1023 msg='op=start direction=from-server cipher=aes256-gcm@openssh.com ksize=256 mac= pfs=curve25519-sha256 spid=27049 suid=74 rport=35468 laddr=172.31.31.174 lport=22 exe="/usr/sbin/sshd" hostname=? addr=103.93.248.247 terminal=? res=success'
Jul 12 12:52:36 ip-172-31-31-174.ec2.internal audit[27048]: CRYPTO_SESSION pid=27048 uid=0 auid=4294967295 ses=4294967295 subj=system_u:system_r:sshd_t:s0-s0:c0.c1023 msg='op=start direction=from-client cipher=aes256-gcm@openssh.com ksize=256 mac= pfs=curve25519-sha256 spid=27049 suid=74 rport=35468 laddr=172.31.31.174 lport=22 exe="/usr/sbin/sshd" hostname=? addr=103.93.248.247 terminal=? res=success'
Jul 12 12:52:37 ip-172-31-31-174.ec2.internal sshd[27048]: Received disconnect from 103.93.248.247 port 35468:11: Bye Bye [preauth]
Jul 12 12:52:37 ip-172-31-31-174.ec2.internal audit[27048]: CRYPTO_KEY_USER pid=27048 uid=0 auid=4294967295 ses=4294967295 subj=system_u:system_r:sshd_t:s0-s0:c0.c1023 msg='op=destroy kind=session fp=? direction=both spid=27049 suid=74 rport=35468 laddr=172.31.31.174 lport=22 exe="/usr/sbin/sshd" hostname=? addr=103.93.248.247 terminal=? res=success'
Jul 12 12:52:37 ip-172-31-31-174.ec2.internal audit[27048]: CRYPTO_KEY_USER pid=27048 uid=0 auid=4294967295 ses=4294967295 subj=system_u:system_r:sshd_t:s0-s0:c0.c1023 msg='op=destroy kind=server fp=SHA256:18:92:4d:9f:63:53:7c:f0:56:89:07:73:00:0c:be:ea:cf:2e:ef:2d:2f:12:62:c9:2c:15:84:3e:2b:cd:74:8b direction=? spid=27049 suid=74 exe="/usr/sbin/sshd" hostname=? addr=103.93.248.247 terminal=? res=success'
Jul 12 12:52:37 ip-172-31-31-174.ec2.internal sshd[27048]: Disconnected from authenticating user root 103.93.248.247 port 35468 [preauth]
Jul 12 12:52:37 ip-172-31-31-174.ec2.internal audit[27048]: USER_ERR pid=27048 uid=0 auid=4294967295 ses=4294967295 subj=system_u:system_r:sshd_t:s0-s0:c0.c1023 msg='op=PAM:bad_ident grantors=? acct="?" exe="/usr/sbin/sshd" hostname=103.93.248.247 addr=103.93.248.247 terminal=ssh res=failed'
Jul 12 12:52:37 ip-172-31-31-174.ec2.internal audit[27048]: CRYPTO_KEY_USER pid=27048 uid=0 auid=4294967295 ses=4294967295 subj=system_u:system_r:sshd_t:s0-s0:c0.c1023 msg='op=destroy kind=server fp=SHA256:18:92:4d:9f:63:53:7c:f0:56:89:07:73:00:0c:be:ea:cf:2e:ef:2d:2f:12:62:c9:2c:15:84:3e:2b:cd:74:8b direction=? spid=27048 suid=0 exe="/usr/sbin/sshd" hostname=? addr=103.93.248.247 terminal=? res=success'
Jul 12 12:52:37 ip-172-31-31-174.ec2.internal audit[27048]: USER_LOGIN pid=27048 uid=0 auid=4294967295 ses=4294967295 subj=system_u:system_r:sshd_t:s0-s0:c0.c1023 msg='op=login acct="root" exe="/usr/sbin/sshd" hostname=? addr=103.93.248.247 terminal=ssh res=failed'
Jul 12 12:52:37 ip-172-31-31-174.ec2.internal audit[27105]: CRYPTO_KEY_USER pid=27105 uid=0 auid=4294967295 ses=4294967295 subj=system_u:system_r:sshd_t:s0-s0:c0.c1023 msg='op=destroy kind=server fp=SHA256:18:92:4d:9f:63:53:7c:f0:56:89:07:73:00:0c:be:ea:cf:2e:ef:2d:2f:12:62:c9:2c:15:84:3e:2b:cd:74:8b direction=? spid=27105 suid=0 exe="/usr/sbin/sshd" hostname=? addr=143.110.250.108 terminal=? res=success'
Jul 12 12:52:37 ip-172-31-31-174.ec2.internal audit[27104]: CRYPTO_SESSION pid=27104 uid=0 auid=4294967295 ses=4294967295 subj=system_u:system_r:sshd_t:s0-s0:c0.c1023 msg='op=start direction=from-server cipher=aes256-gcm@openssh.com ksize=256 mac= pfs=curve25519-sha256 spid=27105 suid=74 rport=39018 laddr=172.31.31.174 lport=22 exe="/usr/sbin/sshd" hostname=? addr=143.110.250.108 terminal=? res=success'
Jul 12 12:52:37 ip-172-31-31-174.ec2.internal audit[27104]: CRYPTO_SESSION pid=27104 uid=0 auid=4294967295 ses=4294967295 subj=system_u:system_r:sshd_t:s0-s0:c0.c1023 msg='op=start direction=from-client cipher=aes256-gcm@openssh.com ksize=256 mac= pfs=curve25519-sha256 spid=27105 suid=74 rport=39018 laddr=172.31.31.174 lport=22 exe="/usr/sbin/sshd" hostname=? addr=143.110.250.108 terminal=? res=success'
Jul 12 12:52:39 ip-172-31-31-174.ec2.internal sshd[27104]: Received disconnect from 143.110.250.108 port 39018:11: Bye Bye [preauth]
Jul 12 12:52:39 ip-172-31-31-174.ec2.internal audit[27104]: CRYPTO_KEY_USER pid=27104 uid=0 auid=4294967295 ses=4294967295 subj=system_u:system_r:sshd_t:s0-s0:c0.c1023 msg='op=destroy kind=session fp=? direction=both spid=27105 suid=74 rport=39018 laddr=172.31.31.174 lport=22 exe="/usr/sbin/sshd" hostname=? addr=143.110.250.108 terminal=? res=success'
Jul 12 12:52:39 ip-172-31-31-174.ec2.internal audit[27104]: CRYPTO_KEY_USER pid=27104 uid=0 auid=4294967295 ses=4294967295 subj=system_u:system_r:sshd_t:s0-s0:c0.c1023 msg='op=destroy kind=server fp=SHA256:18:92:4d:9f:63:53:7c:f0:56:89:07:73:00:0c:be:ea:cf:2e:ef:2d:2f:12:62:c9:2c:15:84:3e:2b:cd:74:8b direction=? spid=27105 suid=74 exe="/usr/sbin/sshd" hostname=? addr=143.110.250.108 terminal=? res=success'
Jul 12 12:52:39 ip-172-31-31-174.ec2.internal sshd[27104]: Disconnected from authenticating user root 143.110.250.108 port 39018 [preauth]
Jul 12 12:52:39 ip-172-31-31-174.ec2.internal audit[27104]: USER_ERR pid=27104 uid=0 auid=4294967295 ses=4294967295 subj=system_u:system_r:sshd_t:s0-s0:c0.c1023 msg='op=PAM:bad_ident grantors=? acct="?" exe="/usr/sbin/sshd" hostname=143.110.250.108 addr=143.110.250.108 terminal=ssh res=failed'
Jul 12 12:52:39 ip-172-31-31-174.ec2.internal audit[27104]: CRYPTO_KEY_USER pid=27104 uid=0 auid=4294967295 ses=4294967295 subj=system_u:system_r:sshd_t:s0-s0:c0.c1023 msg='op=destroy kind=server fp=SHA256:18:92:4d:9f:63:53:7c:f0:56:89:07:73:00:0c:be:ea:cf:2e:ef:2d:2f:12:62:c9:2c:15:84:3e:2b:cd:74:8b direction=? spid=27104 suid=0 exe="/usr/sbin/sshd" hostname=? addr=143.110.250.108 terminal=? res=success'
Jul 12 12:52:39 ip-172-31-31-174.ec2.internal audit[27104]: USER_LOGIN pid=27104 uid=0 auid=4294967295 ses=4294967295 subj=system_u:system_r:sshd_t:s0-s0:c0.c1023 msg='op=login acct="root" exe="/usr/sbin/sshd" hostname=? addr=143.110.250.108 terminal=ssh res=failed'
Jul 12 12:52:39 ip-172-31-31-174.ec2.internal systemd[1]: systemd-timedated.service: Deactivated successfully.
Jul 12 12:52:39 ip-172-31-31-174.ec2.internal audit[1]: SERVICE_STOP pid=1 uid=0 auid=4294967295 ses=4294967295 subj=system_u:system_r:init_t:s0 msg='unit=systemd-timedated comm="systemd" exe="/usr/lib/systemd/systemd" hostname=? addr=? terminal=? res=success'
Jul 12 12:52:39 ip-172-31-31-174.ec2.internal audit: BPF prog-id=96 op=UNLOAD
Jul 12 12:52:39 ip-172-31-31-174.ec2.internal audit: BPF prog-id=95 op=UNLOAD
Jul 12 12:52:39 ip-172-31-31-174.ec2.internal audit: BPF prog-id=94 op=UNLOAD
Jul 12 12:52:42 ip-172-31-31-174.ec2.internal audit: BPF prog-id=97 op=LOAD
Jul 12 12:52:42 ip-172-31-31-174.ec2.internal audit: BPF prog-id=98 op=LOAD
Jul 12 12:52:42 ip-172-31-31-174.ec2.internal audit: BPF prog-id=99 op=LOAD
Jul 12 12:52:42 ip-172-31-31-174.ec2.internal systemd[1]: Starting systemd-timedated.service - Time & Date Service...
Jul 12 12:52:42 ip-172-31-31-174.ec2.internal systemd[1]: Started systemd-timedated.service - Time & Date Service.
Jul 12 12:52:42 ip-172-31-31-174.ec2.internal audit[1]: SERVICE_START pid=1 uid=0 auid=4294967295 ses=4294967295 subj=system_u:system_r:init_t:s0 msg='unit=systemd-timedated comm="systemd" exe="/usr/lib/systemd/systemd" hostname=? addr=? terminal=? res=success'
Jul 12 12:52:58 ip-172-31-31-174.ec2.internal audit[27220]: CRYPTO_KEY_USER pid=27220 uid=0 auid=4294967295 ses=4294967295 subj=system_u:system_r:sshd_t:s0-s0:c0.c1023 msg='op=destroy kind=server fp=SHA256:18:92:4d:9f:63:53:7c:f0:56:89:07:73:00:0c:be:ea:cf:2e:ef:2d:2f:12:62:c9:2c:15:84:3e:2b:cd:74:8b direction=? spid=27220 suid=0 exe="/usr/sbin/sshd" hostname=? addr=181.188.147.10 terminal=? res=success'
Jul 12 12:52:58 ip-172-31-31-174.ec2.internal audit[27219]: CRYPTO_SESSION pid=27219 uid=0 auid=4294967295 ses=4294967295 subj=system_u:system_r:sshd_t:s0-s0:c0.c1023 msg='op=start direction=from-server cipher=aes256-gcm@openssh.com ksize=256 mac= pfs=curve25519-sha256 spid=27220 suid=74 rport=10697 laddr=172.31.31.174 lport=22 exe="/usr/sbin/sshd" hostname=? addr=181.188.147.10 terminal=? res=success'
Jul 12 12:52:58 ip-172-31-31-174.ec2.internal audit[27219]: CRYPTO_SESSION pid=27219 uid=0 auid=4294967295 ses=4294967295 subj=system_u:system_r:sshd_t:s0-s0:c0.c1023 msg='op=start direction=from-client cipher=aes256-gcm@openssh.com ksize=256 mac= pfs=curve25519-sha256 spid=27220 suid=74 rport=10697 laddr=172.31.31.174 lport=22 exe="/usr/sbin/sshd" hostname=? addr=181.188.147.10 terminal=? res=success'
Jul 12 12:52:59 ip-172-31-31-174.ec2.internal sshd[27219]: Received disconnect from 181.188.147.10 port 10697:11: Bye Bye [preauth]
Jul 12 12:52:59 ip-172-31-31-174.ec2.internal audit[27219]: CRYPTO_KEY_USER pid=27219 uid=0 auid=4294967295 ses=4294967295 subj=system_u:system_r:sshd_t:s0-s0:c0.c1023 msg='op=destroy kind=session fp=? direction=both spid=27220 suid=74 rport=10697 laddr=172.31.31.174 lport=22 exe="/usr/sbin/sshd" hostname=? addr=181.188.147.10 terminal=? res=success'
Jul 12 12:52:59 ip-172-31-31-174.ec2.internal audit[27219]: CRYPTO_KEY_USER pid=27219 uid=0 auid=4294967295 ses=4294967295 subj=system_u:system_r:sshd_t:s0-s0:c0.c1023 msg='op=destroy kind=server fp=SHA256:18:92:4d:9f:63:53:7c:f0:56:89:07:73:00:0c:be:ea:cf:2e:ef:2d:2f:12:62:c9:2c:15:84:3e:2b:cd:74:8b direction=? spid=27220 suid=74 exe="/usr/sbin/sshd" hostname=? addr=181.188.147.10 terminal=? res=success'
Jul 12 12:52:59 ip-172-31-31-174.ec2.internal sshd[27219]: Disconnected from authenticating user root 181.188.147.10 port 10697 [preauth]
Jul 12 12:52:59 ip-172-31-31-174.ec2.internal audit[27219]: USER_ERR pid=27219 uid=0 auid=4294967295 ses=4294967295 subj=system_u:system_r:sshd_t:s0-s0:c0.c1023 msg='op=PAM:bad_ident grantors=? acct="?" exe="/usr/sbin/sshd" hostname=181.188.147.10 addr=181.188.147.10 terminal=ssh res=failed'
Jul 12 12:52:59 ip-172-31-31-174.ec2.internal audit[27219]: CRYPTO_KEY_USER pid=27219 uid=0 auid=4294967295 ses=4294967295 subj=system_u:system_r:sshd_t:s0-s0:c0.c1023 msg='op=destroy kind=server fp=SHA256:18:92:4d:9f:63:53:7c:f0:56:89:07:73:00:0c:be:ea:cf:2e:ef:2d:2f:12:62:c9:2c:15:84:3e:2b:cd:74:8b direction=? spid=27219 suid=0 exe="/usr/sbin/sshd" hostname=? addr=181.188.147.10 terminal=? res=success'
Jul 12 12:52:59 ip-172-31-31-174.ec2.internal audit[27219]: USER_LOGIN pid=27219 uid=0 auid=4294967295 ses=4294967295 subj=system_u:system_r:sshd_t:s0-s0:c0.c1023 msg='op=login acct="root" exe="/usr/sbin/sshd" hostname=? addr=181.188.147.10 terminal=ssh res=failed'
Jul 12 12:53:06 ip-172-31-31-174.ec2.internal cloud-init[1647]: 2024/07/12 12:53:06 Sending heartbeat...
Jul 12 12:53:06 ip-172-31-31-174.ec2.internal cloud-init[1647]: 2024/07/12 12:53:06 Sent heartbeat!
Jul 12 12:53:12 ip-172-31-31-174.ec2.internal systemd[1]: systemd-timedated.service: Deactivated successfully.
Jul 12 12:53:12 ip-172-31-31-174.ec2.internal audit[1]: SERVICE_STOP pid=1 uid=0 auid=4294967295 ses=4294967295 subj=system_u:system_r:init_t:s0 msg='unit=systemd-timedated comm="systemd" exe="/usr/lib/systemd/systemd" hostname=? addr=? terminal=? res=success'
Jul 12 12:53:12 ip-172-31-31-174.ec2.internal audit: BPF prog-id=99 op=UNLOAD
Jul 12 12:53:12 ip-172-31-31-174.ec2.internal audit: BPF prog-id=98 op=UNLOAD
Jul 12 12:53:12 ip-172-31-31-174.ec2.internal audit: BPF prog-id=97 op=UNLOAD
Jul 12 12:53:15 ip-172-31-31-174.ec2.internal audit[27326]: CRYPTO_KEY_USER pid=27326 uid=0 auid=4294967295 ses=4294967295 subj=system_u:system_r:sshd_t:s0-s0:c0.c1023 msg='op=destroy kind=server fp=SHA256:18:92:4d:9f:63:53:7c:f0:56:89:07:73:00:0c:be:ea:cf:2e:ef:2d:2f:12:62:c9:2c:15:84:3e:2b:cd:74:8b direction=? spid=27326 suid=0 exe="/usr/sbin/sshd" hostname=? addr=43.155.176.172 terminal=? res=success'
Jul 12 12:53:15 ip-172-31-31-174.ec2.internal audit[27325]: CRYPTO_SESSION pid=27325 uid=0 auid=4294967295 ses=4294967295 subj=system_u:system_r:sshd_t:s0-s0:c0.c1023 msg='op=start direction=from-server cipher=aes256-gcm@openssh.com ksize=256 mac= pfs=curve25519-sha256 spid=27326 suid=74 rport=37840 laddr=172.31.31.174 lport=22 exe="/usr/sbin/sshd" hostname=? addr=43.155.176.172 terminal=? res=success'
Jul 12 12:53:15 ip-172-31-31-174.ec2.internal audit[27325]: CRYPTO_SESSION pid=27325 uid=0 auid=4294967295 ses=4294967295 subj=system_u:system_r:sshd_t:s0-s0:c0.c1023 msg='op=start direction=from-client cipher=aes256-gcm@openssh.com ksize=256 mac= pfs=curve25519-sha256 spid=27326 suid=74 rport=37840 laddr=172.31.31.174 lport=22 exe="/usr/sbin/sshd" hostname=? addr=43.155.176.172 terminal=? res=success'
Jul 12 12:53:15 ip-172-31-31-174.ec2.internal audit: BPF prog-id=100 op=LOAD
Jul 12 12:53:15 ip-172-31-31-174.ec2.internal audit: BPF prog-id=101 op=LOAD
Jul 12 12:53:15 ip-172-31-31-174.ec2.internal audit: BPF prog-id=102 op=LOAD
Jul 12 12:53:15 ip-172-31-31-174.ec2.internal systemd[1]: Starting systemd-timedated.service - Time & Date Service...
Jul 12 12:53:15 ip-172-31-31-174.ec2.internal systemd[1]: Started systemd-timedated.service - Time & Date Service.
Jul 12 12:53:15 ip-172-31-31-174.ec2.internal audit[1]: SERVICE_START pid=1 uid=0 auid=4294967295 ses=4294967295 subj=system_u:system_r:init_t:s0 msg='unit=systemd-timedated comm="systemd" exe="/usr/lib/systemd/systemd" hostname=? addr=? terminal=? res=success'
Jul 12 12:53:16 ip-172-31-31-174.ec2.internal sshd[27325]: Invalid user admin from 43.155.176.172 port 37840
Jul 12 12:53:16 ip-172-31-31-174.ec2.internal sshd[27325]: Received disconnect from 43.155.176.172 port 37840:11: Bye Bye [preauth]
Jul 12 12:53:16 ip-172-31-31-174.ec2.internal audit[27325]: CRYPTO_KEY_USER pid=27325 uid=0 auid=4294967295 ses=4294967295 subj=system_u:system_r:sshd_t:s0-s0:c0.c1023 msg='op=destroy kind=session fp=? direction=both spid=27326 suid=74 rport=37840 laddr=172.31.31.174 lport=22 exe="/usr/sbin/sshd" hostname=? addr=43.155.176.172 terminal=? res=success'
Jul 12 12:53:16 ip-172-31-31-174.ec2.internal audit[27325]: CRYPTO_KEY_USER pid=27325 uid=0 auid=4294967295 ses=4294967295 subj=system_u:system_r:sshd_t:s0-s0:c0.c1023 msg='op=destroy kind=server fp=SHA256:18:92:4d:9f:63:53:7c:f0:56:89:07:73:00:0c:be:ea:cf:2e:ef:2d:2f:12:62:c9:2c:15:84:3e:2b:cd:74:8b direction=? spid=27326 suid=74 exe="/usr/sbin/sshd" hostname=? addr=43.155.176.172 terminal=? res=success'
Jul 12 12:53:16 ip-172-31-31-174.ec2.internal sshd[27325]: Disconnected from invalid user admin 43.155.176.172 port 37840 [preauth]
Jul 12 12:53:16 ip-172-31-31-174.ec2.internal audit[27325]: USER_ERR pid=27325 uid=0 auid=4294967295 ses=4294967295 subj=system_u:system_r:sshd_t:s0-s0:c0.c1023 msg='op=PAM:bad_ident grantors=? acct="?" exe="/usr/sbin/sshd" hostname=43.155.176.172 addr=43.155.176.172 terminal=ssh res=failed'
Jul 12 12:53:16 ip-172-31-31-174.ec2.internal audit[27325]: CRYPTO_KEY_USER pid=27325 uid=0 auid=4294967295 ses=4294967295 subj=system_u:system_r:sshd_t:s0-s0:c0.c1023 msg='op=destroy kind=server fp=SHA256:18:92:4d:9f:63:53:7c:f0:56:89:07:73:00:0c:be:ea:cf:2e:ef:2d:2f:12:62:c9:2c:15:84:3e:2b:cd:74:8b direction=? spid=27325 suid=0 exe="/usr/sbin/sshd" hostname=? addr=43.155.176.172 terminal=? res=success'
Jul 12 12:53:16 ip-172-31-31-174.ec2.internal audit[27325]: USER_LOGIN pid=27325 uid=0 auid=4294967295 ses=4294967295 subj=system_u:system_r:sshd_t:s0-s0:c0.c1023 msg='op=login acct="(unknown)" exe="/usr/sbin/sshd" hostname=? addr=43.155.176.172 terminal=ssh res=failed'
Jul 12 12:53:20 ip-172-31-31-174.ec2.internal audit[27402]: CRYPTO_KEY_USER pid=27402 uid=0 auid=4294967295 ses=4294967295 subj=system_u:system_r:sshd_t:s0-s0:c0.c1023 msg='op=destroy kind=server fp=SHA256:18:92:4d:9f:63:53:7c:f0:56:89:07:73:00:0c:be:ea:cf:2e:ef:2d:2f:12:62:c9:2c:15:84:3e:2b:cd:74:8b direction=? spid=27402 suid=0 exe="/usr/sbin/sshd" hostname=? addr=128.201.78.253 terminal=? res=success'
Jul 12 12:53:20 ip-172-31-31-174.ec2.internal audit[27401]: CRYPTO_SESSION pid=27401 uid=0 auid=4294967295 ses=4294967295 subj=system_u:system_r:sshd_t:s0-s0:c0.c1023 msg='op=start direction=from-server cipher=aes256-gcm@openssh.com ksize=256 mac= pfs=curve25519-sha256 spid=27402 suid=74 rport=60898 laddr=172.31.31.174 lport=22 exe="/usr/sbin/sshd" hostname=? addr=128.201.78.253 terminal=? res=success'
Jul 12 12:53:20 ip-172-31-31-174.ec2.internal audit[27401]: CRYPTO_SESSION pid=27401 uid=0 auid=4294967295 ses=4294967295 subj=system_u:system_r:sshd_t:s0-s0:c0.c1023 msg='op=start direction=from-client cipher=aes256-gcm@openssh.com ksize=256 mac= pfs=curve25519-sha256 spid=27402 suid=74 rport=60898 laddr=172.31.31.174 lport=22 exe="/usr/sbin/sshd" hostname=? addr=128.201.78.253 terminal=? res=success'
Jul 12 12:53:21 ip-172-31-31-174.ec2.internal sshd[27401]: Received disconnect from 128.201.78.253 port 60898:11: Bye Bye [preauth]
Jul 12 12:53:21 ip-172-31-31-174.ec2.internal audit[27401]: CRYPTO_KEY_USER pid=27401 uid=0 auid=4294967295 ses=4294967295 subj=system_u:system_r:sshd_t:s0-s0:c0.c1023 msg='op=destroy kind=session fp=? direction=both spid=27402 suid=74 rport=60898 laddr=172.31.31.174 lport=22 exe="/usr/sbin/sshd" hostname=? addr=128.201.78.253 terminal=? res=success'
Jul 12 12:53:21 ip-172-31-31-174.ec2.internal audit[27401]: CRYPTO_KEY_USER pid=27401 uid=0 auid=4294967295 ses=4294967295 subj=system_u:system_r:sshd_t:s0-s0:c0.c1023 msg='op=destroy kind=server fp=SHA256:18:92:4d:9f:63:53:7c:f0:56:89:07:73:00:0c:be:ea:cf:2e:ef:2d:2f:12:62:c9:2c:15:84:3e:2b:cd:74:8b direction=? spid=27402 suid=74 exe="/usr/sbin/sshd" hostname=? addr=128.201.78.253 terminal=? res=success'
Jul 12 12:53:21 ip-172-31-31-174.ec2.internal sshd[27401]: Disconnected from authenticating user root 128.201.78.253 port 60898 [preauth]
Jul 12 12:53:21 ip-172-31-31-174.ec2.internal audit[27401]: USER_ERR pid=27401 uid=0 auid=4294967295 ses=4294967295 subj=system_u:system_r:sshd_t:s0-s0:c0.c1023 msg='op=PAM:bad_ident grantors=? acct="?" exe="/usr/sbin/sshd" hostname=128.201.78.253 addr=128.201.78.253 terminal=ssh res=failed'
Jul 12 12:53:21 ip-172-31-31-174.ec2.internal audit[27401]: CRYPTO_KEY_USER pid=27401 uid=0 auid=4294967295 ses=4294967295 subj=system_u:system_r:sshd_t:s0-s0:c0.c1023 msg='op=destroy kind=server fp=SHA256:18:92:4d:9f:63:53:7c:f0:56:89:07:73:00:0c:be:ea:cf:2e:ef:2d:2f:12:62:c9:2c:15:84:3e:2b:cd:74:8b direction=? spid=27401 suid=0 exe="/usr/sbin/sshd" hostname=? addr=128.201.78.253 terminal=? res=success'
Jul 12 12:53:21 ip-172-31-31-174.ec2.internal audit[27401]: USER_LOGIN pid=27401 uid=0 auid=4294967295 ses=4294967295 subj=system_u:system_r:sshd_t:s0-s0:c0.c1023 msg='op=login acct="root" exe="/usr/sbin/sshd" hostname=? addr=128.201.78.253 terminal=ssh res=failed'
Jul 12 12:53:31 ip-172-31-31-174.ec2.internal audit[27404]: CRYPTO_KEY_USER pid=27404 uid=0 auid=4294967295 ses=4294967295 subj=system_u:system_r:sshd_t:s0-s0:c0.c1023 msg='op=destroy kind=server fp=SHA256:18:92:4d:9f:63:53:7c:f0:56:89:07:73:00:0c:be:ea:cf:2e:ef:2d:2f:12:62:c9:2c:15:84:3e:2b:cd:74:8b direction=? spid=27404 suid=0 exe="/usr/sbin/sshd" hostname=? addr=43.163.195.123 terminal=? res=success'
Jul 12 12:53:31 ip-172-31-31-174.ec2.internal audit[27403]: CRYPTO_SESSION pid=27403 uid=0 auid=4294967295 ses=4294967295 subj=system_u:system_r:sshd_t:s0-s0:c0.c1023 msg='op=start direction=from-server cipher=aes256-gcm@openssh.com ksize=256 mac= pfs=curve25519-sha256 spid=27404 suid=74 rport=43488 laddr=172.31.31.174 lport=22 exe="/usr/sbin/sshd" hostname=? addr=43.163.195.123 terminal=? res=success'
Jul 12 12:53:31 ip-172-31-31-174.ec2.internal audit[27403]: CRYPTO_SESSION pid=27403 uid=0 auid=4294967295 ses=4294967295 subj=system_u:system_r:sshd_t:s0-s0:c0.c1023 msg='op=start direction=from-client cipher=aes256-gcm@openssh.com ksize=256 mac= pfs=curve25519-sha256 spid=27404 suid=74 rport=43488 laddr=172.31.31.174 lport=22 exe="/usr/sbin/sshd" hostname=? addr=43.163.195.123 terminal=? res=success'
Jul 12 12:53:32 ip-172-31-31-174.ec2.internal sshd[27403]: Received disconnect from 43.163.195.123 port 43488:11: Bye Bye [preauth]
Jul 12 12:53:32 ip-172-31-31-174.ec2.internal audit[27403]: CRYPTO_KEY_USER pid=27403 uid=0 auid=4294967295 ses=4294967295 subj=system_u:system_r:sshd_t:s0-s0:c0.c1023 msg='op=destroy kind=session fp=? direction=both spid=27404 suid=74 rport=43488 laddr=172.31.31.174 lport=22 exe="/usr/sbin/sshd" hostname=? addr=43.163.195.123 terminal=? res=success'
Jul 12 12:53:32 ip-172-31-31-174.ec2.internal audit[27403]: CRYPTO_KEY_USER pid=27403 uid=0 auid=4294967295 ses=4294967295 subj=system_u:system_r:sshd_t:s0-s0:c0.c1023 msg='op=destroy kind=server fp=SHA256:18:92:4d:9f:63:53:7c:f0:56:89:07:73:00:0c:be:ea:cf:2e:ef:2d:2f:12:62:c9:2c:15:84:3e:2b:cd:74:8b direction=? spid=27404 suid=74 exe="/usr/sbin/sshd" hostname=? addr=43.163.195.123 terminal=? res=success'
Jul 12 12:53:32 ip-172-31-31-174.ec2.internal sshd[27403]: Disconnected from authenticating user root 43.163.195.123 port 43488 [preauth]
Jul 12 12:53:32 ip-172-31-31-174.ec2.internal audit[27403]: USER_ERR pid=27403 uid=0 auid=4294967295 ses=4294967295 subj=system_u:system_r:sshd_t:s0-s0:c0.c1023 msg='op=PAM:bad_ident grantors=? acct="?" exe="/usr/sbin/sshd" hostname=43.163.195.123 addr=43.163.195.123 terminal=ssh res=failed'
Jul 12 12:53:32 ip-172-31-31-174.ec2.internal audit[27403]: CRYPTO_KEY_USER pid=27403 uid=0 auid=4294967295 ses=4294967295 subj=system_u:system_r:sshd_t:s0-s0:c0.c1023 msg='op=destroy kind=server fp=SHA256:18:92:4d:9f:63:53:7c:f0:56:89:07:73:00:0c:be:ea:cf:2e:ef:2d:2f:12:62:c9:2c:15:84:3e:2b:cd:74:8b direction=? spid=27403 suid=0 exe="/usr/sbin/sshd" hostname=? addr=43.163.195.123 terminal=? res=success'
Jul 12 12:53:32 ip-172-31-31-174.ec2.internal audit[27403]: USER_LOGIN pid=27403 uid=0 auid=4294967295 ses=4294967295 subj=system_u:system_r:sshd_t:s0-s0:c0.c1023 msg='op=login acct="root" exe="/usr/sbin/sshd" hostname=? addr=43.163.195.123 terminal=ssh res=failed'
Jul 12 12:53:32 ip-172-31-31-174.ec2.internal audit[27408]: CRYPTO_KEY_USER pid=27408 uid=0 auid=4294967295 ses=4294967295 subj=system_u:system_r:sshd_t:s0-s0:c0.c1023 msg='op=destroy kind=server fp=SHA256:18:92:4d:9f:63:53:7c:f0:56:89:07:73:00:0c:be:ea:cf:2e:ef:2d:2f:12:62:c9:2c:15:84:3e:2b:cd:74:8b direction=? spid=27408 suid=0 exe="/usr/sbin/sshd" hostname=? addr=103.93.248.247 terminal=? res=success'
Jul 12 12:53:32 ip-172-31-31-174.ec2.internal audit[27407]: CRYPTO_SESSION pid=27407 uid=0 auid=4294967295 ses=4294967295 subj=system_u:system_r:sshd_t:s0-s0:c0.c1023 msg='op=start direction=from-server cipher=aes256-gcm@openssh.com ksize=256 mac= pfs=curve25519-sha256 spid=27408 suid=74 rport=33086 laddr=172.31.31.174 lport=22 exe="/usr/sbin/sshd" hostname=? addr=103.93.248.247 terminal=? res=success'
Jul 12 12:53:32 ip-172-31-31-174.ec2.internal audit[27407]: CRYPTO_SESSION pid=27407 uid=0 auid=4294967295 ses=4294967295 subj=system_u:system_r:sshd_t:s0-s0:c0.c1023 msg='op=start direction=from-client cipher=aes256-gcm@openssh.com ksize=256 mac= pfs=curve25519-sha256 spid=27408 suid=74 rport=33086 laddr=172.31.31.174 lport=22 exe="/usr/sbin/sshd" hostname=? addr=103.93.248.247 terminal=? res=success'
Jul 12 12:53:33 ip-172-31-31-174.ec2.internal audit[27410]: CRYPTO_KEY_USER pid=27410 uid=0 auid=4294967295 ses=4294967295 subj=system_u:system_r:sshd_t:s0-s0:c0.c1023 msg='op=destroy kind=server fp=SHA256:18:92:4d:9f:63:53:7c:f0:56:89:07:73:00:0c:be:ea:cf:2e:ef:2d:2f:12:62:c9:2c:15:84:3e:2b:cd:74:8b direction=? spid=27410 suid=0 exe="/usr/sbin/sshd" hostname=? addr=143.110.250.108 terminal=? res=success'
Jul 12 12:53:33 ip-172-31-31-174.ec2.internal audit[27409]: CRYPTO_SESSION pid=27409 uid=0 auid=4294967295 ses=4294967295 subj=system_u:system_r:sshd_t:s0-s0:c0.c1023 msg='op=start direction=from-server cipher=aes256-gcm@openssh.com ksize=256 mac= pfs=curve25519-sha256 spid=27410 suid=74 rport=57082 laddr=172.31.31.174 lport=22 exe="/usr/sbin/sshd" hostname=? addr=143.110.250.108 terminal=? res=success'
Jul 12 12:53:33 ip-172-31-31-174.ec2.internal audit[27409]: CRYPTO_SESSION pid=27409 uid=0 auid=4294967295 ses=4294967295 subj=system_u:system_r:sshd_t:s0-s0:c0.c1023 msg='op=start direction=from-client cipher=aes256-gcm@openssh.com ksize=256 mac= pfs=curve25519-sha256 spid=27410 suid=74 rport=57082 laddr=172.31.31.174 lport=22 exe="/usr/sbin/sshd" hostname=? addr=143.110.250.108 terminal=? res=success'
Jul 12 12:53:34 ip-172-31-31-174.ec2.internal sshd[27407]: Received disconnect from 103.93.248.247 port 33086:11: Bye Bye [preauth]
Jul 12 12:53:34 ip-172-31-31-174.ec2.internal audit[27407]: CRYPTO_KEY_USER pid=27407 uid=0 auid=4294967295 ses=4294967295 subj=system_u:system_r:sshd_t:s0-s0:c0.c1023 msg='op=destroy kind=session fp=? direction=both spid=27408 suid=74 rport=33086 laddr=172.31.31.174 lport=22 exe="/usr/sbin/sshd" hostname=? addr=103.93.248.247 terminal=? res=success'
Jul 12 12:53:34 ip-172-31-31-174.ec2.internal audit[27407]: CRYPTO_KEY_USER pid=27407 uid=0 auid=4294967295 ses=4294967295 subj=system_u:system_r:sshd_t:s0-s0:c0.c1023 msg='op=destroy kind=server fp=SHA256:18:92:4d:9f:63:53:7c:f0:56:89:07:73:00:0c:be:ea:cf:2e:ef:2d:2f:12:62:c9:2c:15:84:3e:2b:cd:74:8b direction=? spid=27408 suid=74 exe="/usr/sbin/sshd" hostname=? addr=103.93.248.247 terminal=? res=success'
Jul 12 12:53:34 ip-172-31-31-174.ec2.internal sshd[27407]: Disconnected from authenticating user root 103.93.248.247 port 33086 [preauth]
Jul 12 12:53:34 ip-172-31-31-174.ec2.internal audit[27407]: USER_ERR pid=27407 uid=0 auid=4294967295 ses=4294967295 subj=system_u:system_r:sshd_t:s0-s0:c0.c1023 msg='op=PAM:bad_ident grantors=? acct="?" exe="/usr/sbin/sshd" hostname=103.93.248.247 addr=103.93.248.247 terminal=ssh res=failed'
Jul 12 12:53:34 ip-172-31-31-174.ec2.internal audit[27407]: CRYPTO_KEY_USER pid=27407 uid=0 auid=4294967295 ses=4294967295 subj=system_u:system_r:sshd_t:s0-s0:c0.c1023 msg='op=destroy kind=server fp=SHA256:18:92:4d:9f:63:53:7c:f0:56:89:07:73:00:0c:be:ea:cf:2e:ef:2d:2f:12:62:c9:2c:15:84:3e:2b:cd:74:8b direction=? spid=27407 suid=0 exe="/usr/sbin/sshd" hostname=? addr=103.93.248.247 terminal=? res=success'
Jul 12 12:53:34 ip-172-31-31-174.ec2.internal audit[27407]: USER_LOGIN pid=27407 uid=0 auid=4294967295 ses=4294967295 subj=system_u:system_r:sshd_t:s0-s0:c0.c1023 msg='op=login acct="root" exe="/usr/sbin/sshd" hostname=? addr=103.93.248.247 terminal=ssh res=failed'
Jul 12 12:53:34 ip-172-31-31-174.ec2.internal sshd[27409]: Invalid user ubuntu from 143.110.250.108 port 57082
Jul 12 12:53:34 ip-172-31-31-174.ec2.internal sshd[27409]: Received disconnect from 143.110.250.108 port 57082:11: Bye Bye [preauth]
Jul 12 12:53:34 ip-172-31-31-174.ec2.internal audit[27409]: CRYPTO_KEY_USER pid=27409 uid=0 auid=4294967295 ses=4294967295 subj=system_u:system_r:sshd_t:s0-s0:c0.c1023 msg='op=destroy kind=session fp=? direction=both spid=27410 suid=74 rport=57082 laddr=172.31.31.174 lport=22 exe="/usr/sbin/sshd" hostname=? addr=143.110.250.108 terminal=? res=success'
