Jul 31 16:38:17 cirrus-task-6448315997356032 docker-registry[842]: time="2024-07-31T16:38:17.880964218-05:00" level=info msg="response completed" go.version=go1.19.9 http.request.host="127.0.0.1:60333" http.request.id=2b623123-3b98-4f19-b36d-429d3602bff9 http.request.method=GET http.request.remoteaddr="127.0.0.1:47274" http.request.uri="/v2/libpod/busybox/manifests/latest" http.request.useragent="containers/5.32.0 (github.com/containers/image)" http.response.contenttype="application/vnd.docker.distribution.manifest.list.v2+json" http.response.duration=2.506833ms http.response.status=200 http.response.written=2080
Jul 31 16:38:17 cirrus-task-6448315997356032 docker-registry[842]: 127.0.0.1 - - [31/Jul/2024:16:38:17 -0500] "GET /v2/libpod/busybox/manifests/latest HTTP/1.1" 200 2080 "" "containers/5.32.0 (github.com/containers/image)"
Jul 31 16:38:17 cirrus-task-6448315997356032 docker-registry[842]: time="2024-07-31T16:38:17.884374855-05:00" level=info msg="response completed" go.version=go1.19.9 http.request.host="127.0.0.1:60333" http.request.id=e1154c12-1e8b-4191-887e-a0ab0156e320 http.request.method=GET http.request.remoteaddr="127.0.0.1:47274" http.request.uri="/v2/libpod/busybox/manifests/sha256:c9249fdf56138f0d929e2080ae98ee9cb2946f71498fc1484288e6a935b5e5bc" http.request.useragent="containers/5.32.0 (github.com/containers/image)" http.response.contenttype="application/vnd.docker.distribution.manifest.v2+json" http.response.duration=1.801234ms http.response.status=200 http.response.written=527
Jul 31 16:38:17 cirrus-task-6448315997356032 docker-registry[842]: 127.0.0.1 - - [31/Jul/2024:16:38:17 -0500] "GET /v2/libpod/busybox/manifests/sha256:c9249fdf56138f0d929e2080ae98ee9cb2946f71498fc1484288e6a935b5e5bc HTTP/1.1" 200 527 "" "containers/5.32.0 (github.com/containers/image)"
Jul 31 16:38:17 cirrus-task-6448315997356032 docker-registry[842]: time="2024-07-31T16:38:17.893800397-05:00" level=info msg="response completed" go.version=go1.19.9 http.request.host="127.0.0.1:60333" http.request.id=f16f9d42-7637-47a6-81e9-75dde784a62a http.request.method=GET http.request.remoteaddr="127.0.0.1:47300" http.request.uri="/v2/" http.request.useragent="containers/5.32.0 (github.com/containers/image)" http.response.contenttype="application/json; charset=utf-8" http.response.duration=1.842008ms http.response.status=200 http.response.written=2
Jul 31 16:38:17 cirrus-task-6448315997356032 docker-registry[842]: 127.0.0.1 - - [31/Jul/2024:16:38:17 -0500] "GET /v2/ HTTP/1.1" 200 2 "" "containers/5.32.0 (github.com/containers/image)"
Jul 31 16:38:17 cirrus-task-6448315997356032 docker-registry[842]: time="2024-07-31T16:38:17.896566188-05:00" level=info msg="response completed" go.version=go1.19.9 http.request.host="127.0.0.1:60333" http.request.id=e67c3a74-78cf-4521-82a4-925b9cfef818 http.request.method=GET http.request.remoteaddr="127.0.0.1:47314" http.request.uri="/v2/libpod/testdigest_v2s2/manifests/latest" http.request.useragent="containers/5.32.0 (github.com/containers/image)" http.response.contenttype="application/vnd.docker.distribution.manifest.v2+json" http.response.duration=2.116597ms http.response.status=200 http.response.written=583
Jul 31 16:38:17 cirrus-task-6448315997356032 docker-registry[842]: 127.0.0.1 - - [31/Jul/2024:16:38:17 -0500] "GET /v2/libpod/testdigest_v2s2/manifests/latest HTTP/1.1" 200 583 "" "containers/5.32.0 (github.com/containers/image)"
Jul 31 16:38:17 cirrus-task-6448315997356032 docker-registry[842]: time="2024-07-31T16:38:17.899550761-05:00" level=info msg="response completed" go.version=go1.19.9 http.request.host="127.0.0.1:60333" http.request.id=9537a2e0-408f-44f6-9c65-dd7fa932b6f2 http.request.method=GET http.request.remoteaddr="127.0.0.1:47324" http.request.uri="/v2/" http.request.useragent="containers/5.32.0 (github.com/containers/image)" http.response.contenttype="application/json; charset=utf-8" http.response.duration="955.451µs" http.response.status=200 http.response.written=2
Jul 31 16:38:17 cirrus-task-6448315997356032 docker-registry[842]: 127.0.0.1 - - [31/Jul/2024:16:38:17 -0500] "GET /v2/ HTTP/1.1" 200 2 "" "containers/5.32.0 (github.com/containers/image)"
Jul 31 16:38:17 cirrus-task-6448315997356032 docker-registry[842]: time="2024-07-31T16:38:17.901785143-05:00" level=info msg="response completed" go.version=go1.19.9 http.request.host="127.0.0.1:60333" http.request.id=7fa20790-ec79-44c0-88ab-522ec2b00af6 http.request.method=GET http.request.remoteaddr="127.0.0.1:47334" http.request.uri="/v2/libpod/testdigest_v2s2/manifests/latest" http.request.useragent="containers/5.32.0 (github.com/containers/image)" http.response.contenttype="application/vnd.docker.distribution.manifest.v2+json" http.response.duration=1.623209ms http.response.status=200 http.response.written=583
Jul 31 16:38:17 cirrus-task-6448315997356032 docker-registry[842]: 127.0.0.1 - - [31/Jul/2024:16:38:17 -0500] "GET /v2/libpod/testdigest_v2s2/manifests/latest HTTP/1.1" 200 583 "" "containers/5.32.0 (github.com/containers/image)"
Jul 31 16:38:17 cirrus-task-6448315997356032 docker-registry[842]: time="2024-07-31T16:38:17.909883872-05:00" level=info msg="response completed" go.version=go1.19.9 http.request.host="127.0.0.1:60333" http.request.id=799f55a2-ca57-4de2-8a1c-0ff3036b0199 http.request.method=GET http.request.remoteaddr="127.0.0.1:47334" http.request.uri="/v2/libpod/testdigest_v2s2/blobs/sha256:3d5dbb2d6d2da27154e983e0430910642bf1f14a8e528584ef26e8b5d65735d0" http.request.useragent="containers/5.32.0 (github.com/containers/image)" http.response.contenttype="application/octet-stream" http.response.duration=7.235662ms http.response.status=200 http.response.written=468
Jul 31 16:38:17 cirrus-task-6448315997356032 docker-registry[842]: 127.0.0.1 - - [31/Jul/2024:16:38:17 -0500] "GET /v2/libpod/testdigest_v2s2/blobs/sha256:3d5dbb2d6d2da27154e983e0430910642bf1f14a8e528584ef26e8b5d65735d0 HTTP/1.1" 200 468 "" "containers/5.32.0 (github.com/containers/image)"
Jul 31 16:38:17 cirrus-task-6448315997356032 docker-registry[842]: time="2024-07-31T16:38:17.972073737-05:00" level=info msg="response completed" go.version=go1.19.9 http.request.host="127.0.0.1:60333" http.request.id=9df1bc2e-2bd9-486f-9a4f-babedff00ece http.request.method=GET http.request.remoteaddr="127.0.0.1:47350" http.request.uri="/v2/" http.request.useragent="containers/5.32.0 (github.com/containers/image)" http.response.contenttype="application/json; charset=utf-8" http.response.duration=1.50357ms http.response.status=200 http.response.written=2
Jul 31 16:38:17 cirrus-task-6448315997356032 docker-registry[842]: 127.0.0.1 - - [31/Jul/2024:16:38:17 -0500] "GET /v2/ HTTP/1.1" 200 2 "" "containers/5.32.0 (github.com/containers/image)"
Jul 31 16:38:17 cirrus-task-6448315997356032 docker-registry[842]: time="2024-07-31T16:38:17.974650893-05:00" level=info msg="response completed" go.version=go1.19.9 http.request.host="127.0.0.1:60333" http.request.id=e33554b8-9a3b-4522-ac04-f81f46638a83 http.request.method=GET http.request.remoteaddr="127.0.0.1:47352" http.request.uri="/v2/libpod/testdigest_v2s2/manifests/latest" http.request.useragent="containers/5.32.0 (github.com/containers/image)" http.response.contenttype="application/vnd.docker.distribution.manifest.v2+json" http.response.duration=1.822608ms http.response.status=200 http.response.written=583
Jul 31 16:38:17 cirrus-task-6448315997356032 docker-registry[842]: 127.0.0.1 - - [31/Jul/2024:16:38:17 -0500] "GET /v2/libpod/testdigest_v2s2/manifests/latest HTTP/1.1" 200 583 "" "containers/5.32.0 (github.com/containers/image)"
Jul 31 16:38:17 cirrus-task-6448315997356032 docker-registry[842]: time="2024-07-31T16:38:17.986617556-05:00" level=info msg="response completed" go.version=go1.19.9 http.request.host="127.0.0.1:60333" http.request.id=0cd95e3d-cf01-49fe-83ca-a668b4ec2e46 http.request.method=GET http.request.remoteaddr="127.0.0.1:47352" http.request.uri="/v2/libpod/testdigest_v2s2/blobs/sha256:a3ed95caeb02ffe68cdd9fd84406680ae93d633cb16422d00e8a7c22955b46d4" http.request.useragent="containers/5.32.0 (github.com/containers/image)" http.response.contenttype="application/octet-stream" http.response.duration=10.076599ms http.response.status=200 http.response.written=32
Jul 31 16:38:17 cirrus-task-6448315997356032 docker-registry[842]: 127.0.0.1 - - [31/Jul/2024:16:38:17 -0500] "GET /v2/libpod/testdigest_v2s2/blobs/sha256:a3ed95caeb02ffe68cdd9fd84406680ae93d633cb16422d00e8a7c22955b46d4 HTTP/1.1" 200 32 "" "containers/5.32.0 (github.com/containers/image)"
Jul 31 16:38:17 cirrus-task-6448315997356032 docker-registry[842]: time="2024-07-31T16:38:17.987989712-05:00" level=info msg="response completed" go.version=go1.19.9 http.request.host="127.0.0.1:60333" http.request.id=e8cf4da4-2b5a-4409-abde-659cbfeed781 http.request.method=GET http.request.remoteaddr="127.0.0.1:47354" http.request.uri="/v2/libpod/testdigest_v2s2/blobs/sha256:51125d395dda71b3b65ef7be50fceb192f9a9d649ccca8ee85e5162e43c9ca2c" http.request.useragent="containers/5.32.0 (github.com/containers/image)" http.response.contenttype="application/octet-stream" http.response.duration=11.164914ms http.response.status=200 http.response.written=2253
Jul 31 16:38:17 cirrus-task-6448315997356032 docker-registry[842]: 127.0.0.1 - - [31/Jul/2024:16:38:17 -0500] "GET /v2/libpod/testdigest_v2s2/blobs/sha256:51125d395dda71b3b65ef7be50fceb192f9a9d649ccca8ee85e5162e43c9ca2c HTTP/1.1" 200 2253 "" "containers/5.32.0 (github.com/containers/image)"
Jul 31 16:38:17 cirrus-task-6448315997356032 docker-registry[842]: time="2024-07-31T16:38:17.992601285-05:00" level=info msg="response completed" go.version=go1.19.9 http.request.host="127.0.0.1:60333" http.request.id=37516b7b-b236-4dd8-ad42-21fdb8edb81c http.request.method=GET http.request.remoteaddr="127.0.0.1:47354" http.request.uri="/v2/libpod/testdigest_v2s2/blobs/sha256:3d5dbb2d6d2da27154e983e0430910642bf1f14a8e528584ef26e8b5d65735d0" http.request.useragent="containers/5.32.0 (github.com/containers/image)" http.response.contenttype="application/octet-stream" http.response.duration=3.00981ms http.response.status=200 http.response.written=468
Jul 31 16:38:17 cirrus-task-6448315997356032 docker-registry[842]: 127.0.0.1 - - [31/Jul/2024:16:38:17 -0500] "GET /v2/libpod/testdigest_v2s2/blobs/sha256:3d5dbb2d6d2da27154e983e0430910642bf1f14a8e528584ef26e8b5d65735d0 HTTP/1.1" 200 468 "" "containers/5.32.0 (github.com/containers/image)"
Jul 31 16:38:18 cirrus-task-6448315997356032 systemd[1]: tmp-CI_LJhR-podman\x2de2e\x2d2391904137-subtest\x2d3421516384-root-overlay.mount: Deactivated successfully.
Jul 31 16:38:18 cirrus-task-6448315997356032 systemd[1]: tmp-CI_LJhR-podman\x2de2e\x2d2391904137-subtest\x2d2338764715-root-overlay.mount: Deactivated successfully.
Jul 31 16:38:18 cirrus-task-6448315997356032 systemd[1]: tmp-CI_LJhR-podman\x2de2e\x2d2391904137-subtest\x2d4056861756-root-overlay.mount: Deactivated successfully.
Jul 31 16:38:18 cirrus-task-6448315997356032 registry[52072]: 2024/07/31 21:38:18 http: TLS handshake error from 10.88.0.1:58808: EOF
Jul 31 16:38:18 cirrus-task-6448315997356032 avahi-daemon[838]: Joining mDNS multicast group on interface podman0.IPv6 with address fe80::4847:e7ff:fe5c:51d9.
Jul 31 16:38:18 cirrus-task-6448315997356032 avahi-daemon[838]: New relevant interface podman0.IPv6 for mDNS.
Jul 31 16:38:18 cirrus-task-6448315997356032 avahi-daemon[838]: Registering new address record for fe80::4847:e7ff:fe5c:51d9 on podman0.*.
Jul 31 16:38:18 cirrus-task-6448315997356032 registry[52072]: time="2024-07-31T21:38:18.929739625Z" level=warning msg="error authorizing context: basic authentication challenge for realm "Registry Realm": invalid authorization credential" go.version=go1.19.9 http.request.host="localhost:5059" http.request.id=dd4f7cf5-552a-4235-a045-f2da24160121 http.request.method=GET http.request.remoteaddr="10.88.0.1:58824" http.request.uri="/v2/" http.request.useragent="containers/5.32.0 (github.com/containers/image)"
Jul 31 16:38:18 cirrus-task-6448315997356032 registry[52072]: 10.88.0.1 - - [31/Jul/2024:21:38:18 +0000] "GET /v2/ HTTP/1.1" 401 87 "" "containers/5.32.0 (github.com/containers/image)"
Jul 31 16:38:18 cirrus-task-6448315997356032 registry[52072]: time="2024-07-31T21:38:18.974307967Z" level=info msg="authorized request" go.version=go1.19.9 http.request.host="localhost:5059" http.request.id=0f32bacd-e9ae-4cde-b1dd-c05dc8cbe044 http.request.method=HEAD http.request.remoteaddr="10.88.0.1:58836" http.request.uri="/v2/citest/blobs/sha256:25a964f60e84b2d24f8098376c985a5c057bea74d699ee50c93e417c26516cc3" http.request.useragent="containers/5.32.0 (github.com/containers/image)" vars.digest="sha256:25a964f60e84b2d24f8098376c985a5c057bea74d699ee50c93e417c26516cc3" vars.name=citest
Jul 31 16:38:18 cirrus-task-6448315997356032 registry[52072]: time="2024-07-31T21:38:18.974730602Z" level=error msg="response completed with error" auth.user.name=userXbQ6 err.code="blob unknown" err.detail=sha256:25a964f60e84b2d24f8098376c985a5c057bea74d699ee50c93e417c26516cc3 err.message="blob unknown to registry" go.version=go1.19.9 http.request.host="localhost:5059" http.request.id=0f32bacd-e9ae-4cde-b1dd-c05dc8cbe044 http.request.method=HEAD http.request.remoteaddr="10.88.0.1:58836" http.request.uri="/v2/citest/blobs/sha256:25a964f60e84b2d24f8098376c985a5c057bea74d699ee50c93e417c26516cc3" http.request.useragent="containers/5.32.0 (github.com/containers/image)" http.response.contenttype="application/json; charset=utf-8" http.response.duration=5.132988ms http.response.status=404 http.response.written=157 vars.digest="sha256:25a964f60e84b2d24f8098376c985a5c057bea74d699ee50c93e417c26516cc3" vars.name=citest
Jul 31 16:38:18 cirrus-task-6448315997356032 registry[52072]: 10.88.0.1 - - [31/Jul/2024:21:38:18 +0000] "HEAD /v2/citest/blobs/sha256:25a964f60e84b2d24f8098376c985a5c057bea74d699ee50c93e417c26516cc3 HTTP/1.1" 404 157 "" "containers/5.32.0 (github.com/containers/image)"
Jul 31 16:38:18 cirrus-task-6448315997356032 registry[52072]: time="2024-07-31T21:38:18.984048825Z" level=info msg="authorized request" go.version=go1.19.9 http.request.host="localhost:5059" http.request.id=3b71186c-5af5-4e21-8fdf-4c536c3b3f35 http.request.method=HEAD http.request.remoteaddr="10.88.0.1:58836" http.request.uri="/v2/citest/blobs/sha256:5f70bf18a086007016e948b04aed3b82103a36bea41755b6cddfaf10ace3c6ef" http.request.useragent="containers/5.32.0 (github.com/containers/image)" vars.digest="sha256:5f70bf18a086007016e948b04aed3b82103a36bea41755b6cddfaf10ace3c6ef" vars.name=citest
Jul 31 16:38:18 cirrus-task-6448315997356032 registry[52072]: 10.88.0.1 - - [31/Jul/2024:21:38:18 +0000] "HEAD /v2/citest/blobs/sha256:5f70bf18a086007016e948b04aed3b82103a36bea41755b6cddfaf10ace3c6ef HTTP/1.1" 404 157 "" "containers/5.32.0 (github.com/containers/image)"
Jul 31 16:38:18 cirrus-task-6448315997356032 registry[52072]: time="2024-07-31T21:38:18.984393611Z" level=error msg="response completed with error" auth.user.name=userXbQ6 err.code="blob unknown" err.detail=sha256:5f70bf18a086007016e948b04aed3b82103a36bea41755b6cddfaf10ace3c6ef err.message="blob unknown to registry" go.version=go1.19.9 http.request.host="localhost:5059" http.request.id=3b71186c-5af5-4e21-8fdf-4c536c3b3f35 http.request.method=HEAD http.request.remoteaddr="10.88.0.1:58836" http.request.uri="/v2/citest/blobs/sha256:5f70bf18a086007016e948b04aed3b82103a36bea41755b6cddfaf10ace3c6ef" http.request.useragent="containers/5.32.0 (github.com/containers/image)" http.response.contenttype="application/json; charset=utf-8" http.response.duration=8.156956ms http.response.status=404 http.response.written=157 vars.digest="sha256:5f70bf18a086007016e948b04aed3b82103a36bea41755b6cddfaf10ace3c6ef" vars.name=citest
Jul 31 16:38:18 cirrus-task-6448315997356032 registry[52072]: time="2024-07-31T21:38:18.988849742Z" level=info msg="authorized request" go.version=go1.19.9 http.request.host="localhost:5059" http.request.id=76ce7611-e078-4e14-a903-fe1fdafc9eec http.request.method=HEAD http.request.remoteaddr="10.88.0.1:58852" http.request.uri="/v2/citest/blobs/sha256:abbb4fed5b1fdc439f1f0138b257ea2ae6a69ddf7d9508eaf6ab268636b0a842" http.request.useragent="containers/5.32.0 (github.com/containers/image)" vars.digest="sha256:abbb4fed5b1fdc439f1f0138b257ea2ae6a69ddf7d9508eaf6ab268636b0a842" vars.name=citest
Jul 31 16:38:18 cirrus-task-6448315997356032 registry[52072]: time="2024-07-31T21:38:18.989298237Z" level=error msg="response completed with error" auth.user.name=userXbQ6 err.code="blob unknown" err.detail=sha256:abbb4fed5b1fdc439f1f0138b257ea2ae6a69ddf7d9508eaf6ab268636b0a842 err.message="blob unknown to registry" go.version=go1.19.9 http.request.host="localhost:5059" http.request.id=76ce7611-e078-4e14-a903-fe1fdafc9eec http.request.method=HEAD http.request.remoteaddr="10.88.0.1:58852" http.request.uri="/v2/citest/blobs/sha256:abbb4fed5b1fdc439f1f0138b257ea2ae6a69ddf7d9508eaf6ab268636b0a842" http.request.useragent="containers/5.32.0 (github.com/containers/image)" http.response.contenttype="application/json; charset=utf-8" http.response.duration=5.965486ms http.response.status=404 http.response.written=157 vars.digest="sha256:abbb4fed5b1fdc439f1f0138b257ea2ae6a69ddf7d9508eaf6ab268636b0a842" vars.name=citest
Jul 31 16:38:18 cirrus-task-6448315997356032 registry[52072]: 10.88.0.1 - - [31/Jul/2024:21:38:18 +0000] "HEAD /v2/citest/blobs/sha256:abbb4fed5b1fdc439f1f0138b257ea2ae6a69ddf7d9508eaf6ab268636b0a842 HTTP/1.1" 404 157 "" "containers/5.32.0 (github.com/containers/image)"
Jul 31 16:38:18 cirrus-task-6448315997356032 registry[52072]: 10.88.0.1 - - [31/Jul/2024:21:38:18 +0000] "HEAD /v2/citest/blobs/sha256:a3ed95caeb02ffe68cdd9fd84406680ae93d633cb16422d00e8a7c22955b46d4 HTTP/1.1" 404 157 "" "containers/5.32.0 (github.com/containers/image)"
Jul 31 16:38:18 cirrus-task-6448315997356032 registry[52072]: time="2024-07-31T21:38:18.993995988Z" level=info msg="authorized request" go.version=go1.19.9 http.request.host="localhost:5059" http.request.id=eefdfb15-61f5-4350-a95c-17b6d683006d http.request.method=HEAD http.request.remoteaddr="10.88.0.1:58836" http.request.uri="/v2/citest/blobs/sha256:a3ed95caeb02ffe68cdd9fd84406680ae93d633cb16422d00e8a7c22955b46d4" http.request.useragent="containers/5.32.0 (github.com/containers/image)" vars.digest="sha256:a3ed95caeb02ffe68cdd9fd84406680ae93d633cb16422d00e8a7c22955b46d4" vars.name=citest
Jul 31 16:38:18 cirrus-task-6448315997356032 registry[52072]: time="2024-07-31T21:38:18.994188239Z" level=error msg="response completed with error" auth.user.name=userXbQ6 err.code="blob unknown" err.detail=sha256:a3ed95caeb02ffe68cdd9fd84406680ae93d633cb16422d00e8a7c22955b46d4 err.message="blob unknown to registry" go.version=go1.19.9 http.request.host="localhost:5059" http.request.id=eefdfb15-61f5-4350-a95c-17b6d683006d http.request.method=HEAD http.request.remoteaddr="10.88.0.1:58836" http.request.uri="/v2/citest/blobs/sha256:a3ed95caeb02ffe68cdd9fd84406680ae93d633cb16422d00e8a7c22955b46d4" http.request.useragent="containers/5.32.0 (github.com/containers/image)" http.response.contenttype="application/json; charset=utf-8" http.response.duration=9.012109ms http.response.status=404 http.response.written=157 vars.digest="sha256:a3ed95caeb02ffe68cdd9fd84406680ae93d633cb16422d00e8a7c22955b46d4" vars.name=citest
Jul 31 16:38:19 cirrus-task-6448315997356032 registry[52072]: 10.88.0.1 - - [31/Jul/2024:21:38:19 +0000] "POST /v2/citest/blobs/uploads/ HTTP/1.1" 202 0 "" "containers/5.32.0 (github.com/containers/image)"
Jul 31 16:38:19 cirrus-task-6448315997356032 registry[52072]: time="2024-07-31T21:38:19.016533647Z" level=info msg="authorized request" go.version=go1.19.9 http.request.host="localhost:5059" http.request.id=d3cd1227-9072-4a84-bcc5-685c471327c8 http.request.method=POST http.request.remoteaddr="10.88.0.1:58836" http.request.uri="/v2/citest/blobs/uploads/" http.request.useragent="containers/5.32.0 (github.com/containers/image)" vars.name=citest
Jul 31 16:38:19 cirrus-task-6448315997356032 registry[52072]: time="2024-07-31T21:38:19.017354706Z" level=info msg="response completed" go.version=go1.19.9 http.request.host="localhost:5059" http.request.id=d3cd1227-9072-4a84-bcc5-685c471327c8 http.request.method=POST http.request.remoteaddr="10.88.0.1:58836" http.request.uri="/v2/citest/blobs/uploads/" http.request.useragent="containers/5.32.0 (github.com/containers/image)" http.response.duration=15.653513ms http.response.status=202 http.response.written=0
Jul 31 16:38:19 cirrus-task-6448315997356032 registry[52072]: time="2024-07-31T21:38:19.023046304Z" level=info msg="authorized request" go.version=go1.19.9 http.request.contenttype="application/octet-stream" http.request.host="localhost:5059" http.request.id=2070c835-c384-47a2-ad99-ba3f4de9ba37 http.request.method=PATCH http.request.remoteaddr="10.88.0.1:58836" http.request.uri="/v2/citest/blobs/uploads/3d068d9e-e394-44a4-85d4-d5e22fc06add?_state=5tOaChDGypcObPojBxXmHj1UifEKkPuRnQz5bECyjYZ7Ik5hbWUiOiJjaXRlc3QiLCJVVUlEIjoiM2QwNjhkOWUtZTM5NC00NGE0LTg1ZDQtZDVlMjJmYzA2YWRkIiwiT2Zmc2V0IjowLCJTdGFydGVkQXQiOiIyMDI0LTA3LTMxVDIxOjM4OjE5LjAxNjYyNzA0M1oifQ%3D%3D" http.request.useragent="containers/5.32.0 (github.com/containers/image)" vars.name=citest vars.uuid=3d068d9e-e394-44a4-85d4-d5e22fc06add
Jul 31 16:38:19 cirrus-task-6448315997356032 registry[52072]: time="2024-07-31T21:38:19.025128299Z" level=info msg="response completed" go.version=go1.19.9 http.request.contenttype="application/octet-stream" http.request.host="localhost:5059" http.request.id=2070c835-c384-47a2-ad99-ba3f4de9ba37 http.request.method=PATCH http.request.remoteaddr="10.88.0.1:58836" http.request.uri="/v2/citest/blobs/uploads/3d068d9e-e394-44a4-85d4-d5e22fc06add?_state=5tOaChDGypcObPojBxXmHj1UifEKkPuRnQz5bECyjYZ7Ik5hbWUiOiJjaXRlc3QiLCJVVUlEIjoiM2QwNjhkOWUtZTM5NC00NGE0LTg1ZDQtZDVlMjJmYzA2YWRkIiwiT2Zmc2V0IjowLCJTdGFydGVkQXQiOiIyMDI0LTA3LTMxVDIxOjM4OjE5LjAxNjYyNzA0M1oifQ%3D%3D" http.request.useragent="containers/5.32.0 (github.com/containers/image)" http.response.duration=6.898207ms http.response.status=202 http.response.written=0
Jul 31 16:38:19 cirrus-task-6448315997356032 registry[52072]: 10.88.0.1 - - [31/Jul/2024:21:38:19 +0000] "PATCH /v2/citest/blobs/uploads/3d068d9e-e394-44a4-85d4-d5e22fc06add?_state=5tOaChDGypcObPojBxXmHj1UifEKkPuRnQz5bECyjYZ7Ik5hbWUiOiJjaXRlc3QiLCJVVUlEIjoiM2QwNjhkOWUtZTM5NC00NGE0LTg1ZDQtZDVlMjJmYzA2YWRkIiwiT2Zmc2V0IjowLCJTdGFydGVkQXQiOiIyMDI0LTA3LTMxVDIxOjM4OjE5LjAxNjYyNzA0M1oifQ%3D%3D HTTP/1.1" 202 0 "" "containers/5.32.0 (github.com/containers/image)"
Jul 31 16:38:19 cirrus-task-6448315997356032 registry[52072]: time="2024-07-31T21:38:19.03181379Z" level=info msg="authorized request" go.version=go1.19.9 http.request.contenttype="application/octet-stream" http.request.host="localhost:5059" http.request.id=3430b7df-97bf-476d-a2b8-76bd15d7a31f http.request.method=PUT http.request.remoteaddr="10.88.0.1:58836" http.request.uri="/v2/citest/blobs/uploads/3d068d9e-e394-44a4-85d4-d5e22fc06add?_state=OejKK93nwerBzEyHKa2GJbKIcvvGXXJoG-qBAzz3uKp7Ik5hbWUiOiJjaXRlc3QiLCJVVUlEIjoiM2QwNjhkOWUtZTM5NC00NGE0LTg1ZDQtZDVlMjJmYzA2YWRkIiwiT2Zmc2V0IjozNCwiU3RhcnRlZEF0IjoiMjAyNC0wNy0zMVQyMTozODoxOVoifQ%3D%3D&digest=sha256%3Abd9ddc54bea929a22b334e73e026d4136e5b73f5cc29942896c72e4ece69b13d" http.request.useragent="containers/5.32.0 (github.com/containers/image)" vars.name=citest vars.uuid=3d068d9e-e394-44a4-85d4-d5e22fc06add
Jul 31 16:38:19 cirrus-task-6448315997356032 registry[52072]: 10.88.0.1 - - [31/Jul/2024:21:38:19 +0000] "PUT /v2/citest/blobs/uploads/3d068d9e-e394-44a4-85d4-d5e22fc06add?_state=OejKK93nwerBzEyHKa2GJbKIcvvGXXJoG-qBAzz3uKp7Ik5hbWUiOiJjaXRlc3QiLCJVVUlEIjoiM2QwNjhkOWUtZTM5NC00NGE0LTg1ZDQtZDVlMjJmYzA2YWRkIiwiT2Zmc2V0IjozNCwiU3RhcnRlZEF0IjoiMjAyNC0wNy0zMVQyMTozODoxOVoifQ%3D%3D&digest=sha256%3Abd9ddc54bea929a22b334e73e026d4136e5b73f5cc29942896c72e4ece69b13d HTTP/1.1" 201 0 "" "containers/5.32.0 (github.com/containers/image)"
Jul 31 16:38:19 cirrus-task-6448315997356032 registry[52072]: time="2024-07-31T21:38:19.035836422Z" level=info msg="response completed" go.version=go1.19.9 http.request.contenttype="application/octet-stream" http.request.host="localhost:5059" http.request.id=3430b7df-97bf-476d-a2b8-76bd15d7a31f http.request.method=PUT http.request.remoteaddr="10.88.0.1:58836" http.request.uri="/v2/citest/blobs/uploads/3d068d9e-e394-44a4-85d4-d5e22fc06add?_state=OejKK93nwerBzEyHKa2GJbKIcvvGXXJoG-qBAzz3uKp7Ik5hbWUiOiJjaXRlc3QiLCJVVUlEIjoiM2QwNjhkOWUtZTM5NC00NGE0LTg1ZDQtZDVlMjJmYzA2YWRkIiwiT2Zmc2V0IjozNCwiU3RhcnRlZEF0IjoiMjAyNC0wNy0zMVQyMTozODoxOVoifQ%3D%3D&digest=sha256%3Abd9ddc54bea929a22b334e73e026d4136e5b73f5cc29942896c72e4ece69b13d" http.request.useragent="containers/5.32.0 (github.com/containers/image)" http.response.duration=9.45392ms http.response.status=201 http.response.written=0
Jul 31 16:38:19 cirrus-task-6448315997356032 kernel: podman0: port 2(veth1) entered blocking state
Jul 31 16:38:19 cirrus-task-6448315997356032 kernel: podman0: port 2(veth1) entered disabled state
Jul 31 16:38:19 cirrus-task-6448315997356032 kernel: veth1: entered allmulticast mode
Jul 31 16:38:19 cirrus-task-6448315997356032 systemd[1]: tmp-CI_LJhR-podman\x2de2e\x2d2391904137-subtest\x2d4056861756-root-overlay.mount: Deactivated successfully.
Jul 31 16:38:19 cirrus-task-6448315997356032 systemd[1]: tmp-CI_LJhR-podman\x2de2e\x2d2391904137-subtest\x2d2338764715-root-overlay.mount: Deactivated successfully.
Jul 31 16:38:19 cirrus-task-6448315997356032 kernel: veth1: entered promiscuous mode
Jul 31 16:38:19 cirrus-task-6448315997356032 audit: ANOM_PROMISCUOUS dev=veth1 prom=256 old_prom=0 auid=4294967295 uid=0 gid=0 ses=4294967295
Jul 31 16:38:19 cirrus-task-6448315997356032 NetworkManager[907]: [1722461899.0593] manager: (veth1): new Veth device (/org/freedesktop/NetworkManager/Devices/211)
Jul 31 16:38:19 cirrus-task-6448315997356032 kernel: podman0: port 2(veth1) entered blocking state
Jul 31 16:38:19 cirrus-task-6448315997356032 kernel: podman0: port 2(veth1) entered forwarding state
Jul 31 16:38:19 cirrus-task-6448315997356032 NetworkManager[907]: [1722461899.0738] device (veth1): carrier: link connected
Jul 31 16:38:19 cirrus-task-6448315997356032 registry[52072]: time="2024-07-31T21:38:19.074725766Z" level=info msg="authorized request" go.version=go1.19.9 http.request.host="localhost:5059" http.request.id=8b95000c-8aca-497d-a22e-962ce9db26ba http.request.method=POST http.request.remoteaddr="10.88.0.1:58854" http.request.uri="/v2/citest/blobs/uploads/" http.request.useragent="containers/5.32.0 (github.com/containers/image)" vars.name=citest
Jul 31 16:38:19 cirrus-task-6448315997356032 registry[52072]: 10.88.0.1 - - [31/Jul/2024:21:38:19 +0000] "POST /v2/citest/blobs/uploads/ HTTP/1.1" 202 0 "" "containers/5.32.0 (github.com/containers/image)"
Jul 31 16:38:19 cirrus-task-6448315997356032 registry[52072]: time="2024-07-31T21:38:19.075827337Z" level=info msg="response completed" go.version=go1.19.9 http.request.host="localhost:5059" http.request.id=8b95000c-8aca-497d-a22e-962ce9db26ba http.request.method=POST http.request.remoteaddr="10.88.0.1:58854" http.request.uri="/v2/citest/blobs/uploads/" http.request.useragent="containers/5.32.0 (github.com/containers/image)" http.response.duration=6.383733ms http.response.status=202 http.response.written=0
Jul 31 16:38:19 cirrus-task-6448315997356032 avahi-daemon[838]: Joining mDNS multicast group on interface veth0.IPv6 with address fe80::cf2:7aff:fe34:9061.
Jul 31 16:38:19 cirrus-task-6448315997356032 avahi-daemon[838]: New relevant interface veth0.IPv6 for mDNS.
Jul 31 16:38:19 cirrus-task-6448315997356032 avahi-daemon[838]: Registering new address record for fe80::cf2:7aff:fe34:9061 on veth0.*.
Jul 31 16:38:19 cirrus-task-6448315997356032 registry[52072]: time="2024-07-31T21:38:19.083268309Z" level=info msg="authorized request" go.version=go1.19.9 http.request.contenttype="application/octet-stream" http.request.host="localhost:5059" http.request.id=511aecf5-a465-4f46-835b-e78258624f89 http.request.method=PATCH http.request.remoteaddr="10.88.0.1:58854" http.request.uri="/v2/citest/blobs/uploads/4bfc4e16-ad46-4c95-a804-43d0b8f86f30?_state=WmqhGBss0cS1QPZYx8cvGn_Zu33mmdKLkG6qcK28sw57Ik5hbWUiOiJjaXRlc3QiLCJVVUlEIjoiNGJmYzRlMTYtYWQ0Ni00Yzk1LWE4MDQtNDNkMGI4Zjg2ZjMwIiwiT2Zmc2V0IjowLCJTdGFydGVkQXQiOiIyMDI0LTA3LTMxVDIxOjM4OjE5LjA3NDk0OTU1OFoifQ%3D%3D" http.request.useragent="containers/5.32.0 (github.com/containers/image)" vars.name=citest vars.uuid=4bfc4e16-ad46-4c95-a804-43d0b8f86f30
Jul 31 16:38:19 cirrus-task-6448315997356032 systemd[1]: tmp-CI_LJhR-podman\x2de2e\x2d2391904137-subtest\x2d896812244-root-overlay.mount: Deactivated successfully.
Jul 31 16:38:19 cirrus-task-6448315997356032 audit[52675]: NETFILTER_CFG table=netavark:250 family=1 entries=10 op=nft_register_chain pid=52675 subj=unconfined_u:unconfined_r:iptables_t:s0 comm="nft"
Jul 31 16:38:19 cirrus-task-6448315997356032 systemd[1]: Started libpod-2329a69c8f093386a5b0a29de3204b856c149bff3e258c5bb129633fce8d925b.scope - libcrun container.
Jul 31 16:38:19 cirrus-task-6448315997356032 registry[52072]: time="2024-07-31T21:38:19.294094442Z" level=info msg="response completed" go.version=go1.19.9 http.request.contenttype="application/octet-stream" http.request.host="localhost:5059" http.request.id=511aecf5-a465-4f46-835b-e78258624f89 http.request.method=PATCH http.request.remoteaddr="10.88.0.1:58854" http.request.uri="/v2/citest/blobs/uploads/4bfc4e16-ad46-4c95-a804-43d0b8f86f30?_state=WmqhGBss0cS1QPZYx8cvGn_Zu33mmdKLkG6qcK28sw57Ik5hbWUiOiJjaXRlc3QiLCJVVUlEIjoiNGJmYzRlMTYtYWQ0Ni00Yzk1LWE4MDQtNDNkMGI4Zjg2ZjMwIiwiT2Zmc2V0IjowLCJTdGFydGVkQXQiOiIyMDI0LTA3LTMxVDIxOjM4OjE5LjA3NDk0OTU1OFoifQ%3D%3D" http.request.useragent="containers/5.32.0 (github.com/containers/image)" http.response.duration=217.353766ms http.response.status=202 http.response.written=0
Jul 31 16:38:19 cirrus-task-6448315997356032 registry[52072]: 10.88.0.1 - - [31/Jul/2024:21:38:19 +0000] "PATCH /v2/citest/blobs/uploads/4bfc4e16-ad46-4c95-a804-43d0b8f86f30?_state=WmqhGBss0cS1QPZYx8cvGn_Zu33mmdKLkG6qcK28sw57Ik5hbWUiOiJjaXRlc3QiLCJVVUlEIjoiNGJmYzRlMTYtYWQ0Ni00Yzk1LWE4MDQtNDNkMGI4Zjg2ZjMwIiwiT2Zmc2V0IjowLCJTdGFydGVkQXQiOiIyMDI0LTA3LTMxVDIxOjM4OjE5LjA3NDk0OTU1OFoifQ%3D%3D HTTP/1.1" 202 0 "" "containers/5.32.0 (github.com/containers/image)"
Jul 31 16:38:19 cirrus-task-6448315997356032 registry[52072]: time="2024-07-31T21:38:19.300367774Z" level=info msg="authorized request" go.version=go1.19.9 http.request.contenttype="application/octet-stream" http.request.host="localhost:5059" http.request.id=0f8ded3c-a3ce-4d8e-91e2-c5d308c6d6fc http.request.method=PUT http.request.remoteaddr="10.88.0.1:58854" http.request.uri="/v2/citest/blobs/uploads/4bfc4e16-ad46-4c95-a804-43d0b8f86f30?_state=NxSJginjtBBFKgNqg8KzxpNLVZgs8fUBwlEd2V5ieLd7Ik5hbWUiOiJjaXRlc3QiLCJVVUlEIjoiNGJmYzRlMTYtYWQ0Ni00Yzk1LWE4MDQtNDNkMGI4Zjg2ZjMwIiwiT2Zmc2V0Ijo1Mzg3NDI0LCJTdGFydGVkQXQiOiIyMDI0LTA3LTMxVDIxOjM4OjE5WiJ9&digest=sha256%3Aabbb4fed5b1fdc439f1f0138b257ea2ae6a69ddf7d9508eaf6ab268636b0a842" http.request.useragent="containers/5.32.0 (github.com/containers/image)" vars.name=citest vars.uuid=4bfc4e16-ad46-4c95-a804-43d0b8f86f30
Jul 31 16:38:19 cirrus-task-6448315997356032 docker-registry[842]: time="2024-07-31T16:38:19.301376303-05:00" level=info msg="response completed" go.version=go1.19.9 http.request.host="127.0.0.1:60333" http.request.id=4a9b9cb0-be49-472b-81eb-ba84b443108c http.request.method=GET http.request.remoteaddr="127.0.0.1:47372" http.request.uri="/v2/" http.request.useragent="containers/5.32.0 (github.com/containers/image)" http.response.contenttype="application/json; charset=utf-8" http.response.duration=1.373484ms http.response.status=200 http.response.written=2
Jul 31 16:38:19 cirrus-task-6448315997356032 docker-registry[842]: 127.0.0.1 - - [31/Jul/2024:16:38:19 -0500] "GET /v2/ HTTP/1.1" 200 2 "" "containers/5.32.0 (github.com/containers/image)"
Jul 31 16:38:19 cirrus-task-6448315997356032 registry[52072]: 10.88.0.1 - - [31/Jul/2024:21:38:19 +0000] "PUT /v2/citest/blobs/uploads/4bfc4e16-ad46-4c95-a804-43d0b8f86f30?_state=NxSJginjtBBFKgNqg8KzxpNLVZgs8fUBwlEd2V5ieLd7Ik5hbWUiOiJjaXRlc3QiLCJVVUlEIjoiNGJmYzRlMTYtYWQ0Ni00Yzk1LWE4MDQtNDNkMGI4Zjg2ZjMwIiwiT2Zmc2V0Ijo1Mzg3NDI0LCJTdGFydGVkQXQiOiIyMDI0LTA3LTMxVDIxOjM4OjE5WiJ9&digest=sha256%3Aabbb4fed5b1fdc439f1f0138b257ea2ae6a69ddf7d9508eaf6ab268636b0a842 HTTP/1.1" 201 0 "" "containers/5.32.0 (github.com/containers/image)"
Jul 31 16:38:19 cirrus-task-6448315997356032 registry[52072]: time="2024-07-31T21:38:19.301532406Z" level=info msg="response completed" go.version=go1.19.9 http.request.contenttype="application/octet-stream" http.request.host="localhost:5059" http.request.id=0f8ded3c-a3ce-4d8e-91e2-c5d308c6d6fc http.request.method=PUT http.request.remoteaddr="10.88.0.1:58854" http.request.uri="/v2/citest/blobs/uploads/4bfc4e16-ad46-4c95-a804-43d0b8f86f30?_state=NxSJginjtBBFKgNqg8KzxpNLVZgs8fUBwlEd2V5ieLd7Ik5hbWUiOiJjaXRlc3QiLCJVVUlEIjoiNGJmYzRlMTYtYWQ0Ni00Yzk1LWE4MDQtNDNkMGI4Zjg2ZjMwIiwiT2Zmc2V0Ijo1Mzg3NDI0LCJTdGFydGVkQXQiOiIyMDI0LTA3LTMxVDIxOjM4OjE5WiJ9&digest=sha256%3Aabbb4fed5b1fdc439f1f0138b257ea2ae6a69ddf7d9508eaf6ab268636b0a842" http.request.useragent="containers/5.32.0 (github.com/containers/image)" http.response.duration=6.822735ms http.response.status=201 http.response.written=0
Jul 31 16:38:19 cirrus-task-6448315997356032 docker-registry[842]: time="2024-07-31T16:38:19.304097116-05:00" level=info msg="response completed" go.version=go1.19.9 http.request.host="127.0.0.1:60333" http.request.id=c50ac11c-1b6a-478c-ae2e-8defd300f1f3 http.request.method=GET http.request.remoteaddr="127.0.0.1:47378" http.request.uri="/v2/libpod/testimage/manifests/00000004" http.request.useragent="containers/5.32.0 (github.com/containers/image)" http.response.contenttype="application/vnd.docker.distribution.manifest.list.v2+json" http.response.duration=2.17866ms http.response.status=200 http.response.written=970
Jul 31 16:38:19 cirrus-task-6448315997356032 docker-registry[842]: 127.0.0.1 - - [31/Jul/2024:16:38:19 -0500] "GET /v2/libpod/testimage/manifests/00000004 HTTP/1.1" 200 970 "" "containers/5.32.0 (github.com/containers/image)"
Jul 31 16:38:19 cirrus-task-6448315997356032 docker-registry[842]: time="2024-07-31T16:38:19.306848892-05:00" level=info msg="response completed" go.version=go1.19.9 http.request.host="127.0.0.1:60333" http.request.id=f237ec66-8260-4569-be62-baa3bdc4e875 http.request.method=GET http.request.remoteaddr="127.0.0.1:47378" http.request.uri="/v2/libpod/testimage/manifests/sha256:cb68b7bfd2f4f7d36006efbe3bef04b57a343e0839588476ca336d9ff9240dbf" http.request.useragent="containers/5.32.0 (github.com/containers/image)" http.response.contenttype="application/vnd.docker.distribution.manifest.v2+json" http.response.duration=1.361545ms http.response.status=200 http.response.written=528
Jul 31 16:38:19 cirrus-task-6448315997356032 docker-registry[842]: 127.0.0.1 - - [31/Jul/2024:16:38:19 -0500] "GET /v2/libpod/testimage/manifests/sha256:cb68b7bfd2f4f7d36006efbe3bef04b57a343e0839588476ca336d9ff9240dbf HTTP/1.1" 200 528 "" "containers/5.32.0 (github.com/containers/image)"
Jul 31 16:38:19 cirrus-task-6448315997356032 docker-registry[842]: time="2024-07-31T16:38:19.309202564-05:00" level=info msg="response completed" go.version=go1.19.9 http.request.host="127.0.0.1:60333" http.request.id=f3e1a8a3-3d6c-44d1-99c8-4f649bcfc12a http.request.method=GET http.request.remoteaddr="127.0.0.1:47378" http.request.uri="/v2/libpod/testimage/manifests/sha256:9b7c3300f5f7cfe94e3101a28d1f0a28728f8dbc854fb16dd545b7e5aa351785" http.request.useragent="containers/5.32.0 (github.com/containers/image)" http.response.contenttype="application/vnd.docker.distribution.manifest.v2+json" http.response.duration=1.705336ms http.response.status=200 http.response.written=528
Jul 31 16:38:19 cirrus-task-6448315997356032 docker-registry[842]: 127.0.0.1 - - [31/Jul/2024:16:38:19 -0500] "GET /v2/libpod/testimage/manifests/sha256:9b7c3300f5f7cfe94e3101a28d1f0a28728f8dbc854fb16dd545b7e5aa351785 HTTP/1.1" 200 528 "" "containers/5.32.0 (github.com/containers/image)"
Jul 31 16:38:19 cirrus-task-6448315997356032 registry[52072]: time="2024-07-31T21:38:19.30937571Z" level=info msg="authorized request" go.version=go1.19.9 http.request.host="localhost:5059" http.request.id=2ad68c83-97d5-4279-887f-2db2a7aa2734 http.request.method=HEAD http.request.remoteaddr="10.88.0.1:58854" http.request.uri="/v2/citest/blobs/sha256:1f6acd4c4a1d4d39395870e1c12dbb68da27dd432afecf86e7cb6e23cf4b75d0" http.request.useragent="containers/5.32.0 (github.com/containers/image)" vars.digest="sha256:1f6acd4c4a1d4d39395870e1c12dbb68da27dd432afecf86e7cb6e23cf4b75d0" vars.name=citest
Jul 31 16:38:19 cirrus-task-6448315997356032 registry[52072]: 10.88.0.1 - - [31/Jul/2024:21:38:19 +0000] "HEAD /v2/citest/blobs/sha256:1f6acd4c4a1d4d39395870e1c12dbb68da27dd432afecf86e7cb6e23cf4b75d0 HTTP/1.1" 404 157 "" "containers/5.32.0 (github.com/containers/image)"
Jul 31 16:38:19 cirrus-task-6448315997356032 registry[52072]: time="2024-07-31T21:38:19.309655393Z" level=error msg="response completed with error" auth.user.name=userXbQ6 err.code="blob unknown" err.detail=sha256:1f6acd4c4a1d4d39395870e1c12dbb68da27dd432afecf86e7cb6e23cf4b75d0 err.message="blob unknown to registry" go.version=go1.19.9 http.request.host="localhost:5059" http.request.id=2ad68c83-97d5-4279-887f-2db2a7aa2734 http.request.method=HEAD http.request.remoteaddr="10.88.0.1:58854" http.request.uri="/v2/citest/blobs/sha256:1f6acd4c4a1d4d39395870e1c12dbb68da27dd432afecf86e7cb6e23cf4b75d0" http.request.useragent="containers/5.32.0 (github.com/containers/image)" http.response.contenttype="application/json; charset=utf-8" http.response.duration=4.185704ms http.response.status=404 http.response.written=157 vars.digest="sha256:1f6acd4c4a1d4d39395870e1c12dbb68da27dd432afecf86e7cb6e23cf4b75d0" vars.name=citest
Jul 31 16:38:19 cirrus-task-6448315997356032 docker-registry[842]: time="2024-07-31T16:38:19.311395918-05:00" level=info msg="response completed" go.version=go1.19.9 http.request.host="127.0.0.1:60333" http.request.id=aaa3973f-899a-4522-840a-320e039a6733 http.request.method=GET http.request.remoteaddr="127.0.0.1:47378" http.request.uri="/v2/libpod/testimage/manifests/sha256:1385ce282f3a959d0d6baf45636efe686c1e14c3e7240eb31907436f7bc531fa" http.request.useragent="containers/5.32.0 (github.com/containers/image)" http.response.contenttype="application/vnd.docker.distribution.manifest.v2+json" http.response.duration=1.662944ms http.response.status=200 http.response.written=527
Jul 31 16:38:19 cirrus-task-6448315997356032 docker-registry[842]: 127.0.0.1 - - [31/Jul/2024:16:38:19 -0500] "GET /v2/libpod/testimage/manifests/sha256:1385ce282f3a959d0d6baf45636efe686c1e14c3e7240eb31907436f7bc531fa HTTP/1.1" 200 527 "" "containers/5.32.0 (github.com/containers/image)"
Jul 31 16:38:19 cirrus-task-6448315997356032 registry[52072]: time="2024-07-31T21:38:19.313828136Z" level=info msg="authorized request" go.version=go1.19.9 http.request.host="localhost:5059" http.request.id=71c10230-25f7-4e3c-b583-cee24b8a8797 http.request.method=POST http.request.remoteaddr="10.88.0.1:58854" http.request.uri="/v2/citest/blobs/uploads/" http.request.useragent="containers/5.32.0 (github.com/containers/image)" vars.name=citest
Jul 31 16:38:19 cirrus-task-6448315997356032 docker-registry[842]: time="2024-07-31T16:38:19.314139745-05:00" level=info msg="response completed" go.version=go1.19.9 http.request.host="127.0.0.1:60333" http.request.id=cbd3f15d-2352-434e-a791-934fee2c6483 http.request.method=GET http.request.remoteaddr="127.0.0.1:47378" http.request.uri="/v2/libpod/testimage/manifests/sha256:1462c8e885d567d534d82004656c764263f98deda813eb379689729658a133fb" http.request.useragent="containers/5.32.0 (github.com/containers/image)" http.response.contenttype="application/vnd.docker.distribution.manifest.v2+json" http.response.duration=1.771554ms http.response.status=200 http.response.written=527
Jul 31 16:38:19 cirrus-task-6448315997356032 docker-registry[842]: 127.0.0.1 - - [31/Jul/2024:16:38:19 -0500] "GET /v2/libpod/testimage/manifests/sha256:1462c8e885d567d534d82004656c764263f98deda813eb379689729658a133fb HTTP/1.1" 200 527 "" "containers/5.32.0 (github.com/containers/image)"
Jul 31 16:38:19 cirrus-task-6448315997356032 registry[52072]: 10.88.0.1 - - [31/Jul/2024:21:38:19 +0000] "POST /v2/citest/blobs/uploads/ HTTP/1.1" 202 0 "" "containers/5.32.0 (github.com/containers/image)"
Jul 31 16:38:19 cirrus-task-6448315997356032 registry[52072]: time="2024-07-31T21:38:19.314680287Z" level=info msg="response completed" go.version=go1.19.9 http.request.host="localhost:5059" http.request.id=71c10230-25f7-4e3c-b583-cee24b8a8797 http.request.method=POST http.request.remoteaddr="10.88.0.1:58854" http.request.uri="/v2/citest/blobs/uploads/" http.request.useragent="containers/5.32.0 (github.com/containers/image)" http.response.duration=4.685263ms http.response.status=202 http.response.written=0
Jul 31 16:38:19 cirrus-task-6448315997356032 docker-registry[842]: time="2024-07-31T16:38:19.31921235-05:00" level=info msg="response completed" go.version=go1.19.9 http.request.host="127.0.0.1:60333" http.request.id=7a05697f-dceb-4115-a96a-b0101438abb9 http.request.method=GET http.request.remoteaddr="127.0.0.1:47378" http.request.uri="/v2/libpod/testimage/manifests/sha256:1462c8e885d567d534d82004656c764263f98deda813eb379689729658a133fb" http.request.useragent="containers/5.32.0 (github.com/containers/image)" http.response.contenttype="application/vnd.docker.distribution.manifest.v2+json" http.response.duration=3.645677ms http.response.status=200 http.response.written=527
Jul 31 16:38:19 cirrus-task-6448315997356032 docker-registry[842]: 127.0.0.1 - - [31/Jul/2024:16:38:19 -0500] "GET /v2/libpod/testimage/manifests/sha256:1462c8e885d567d534d82004656c764263f98deda813eb379689729658a133fb HTTP/1.1" 200 527 "" "containers/5.32.0 (github.com/containers/image)"
Jul 31 16:38:19 cirrus-task-6448315997356032 registry[52072]: time="2024-07-31T21:38:19.322472868Z" level=info msg="authorized request" go.version=go1.19.9 http.request.contenttype="application/octet-stream" http.request.host="localhost:5059" http.request.id=7fbb70dd-2018-4e27-918f-feee7715b585 http.request.method=PATCH http.request.remoteaddr="10.88.0.1:58854" http.request.uri="/v2/citest/blobs/uploads/1b28a6b3-d7b1-4c6c-b48d-c8a7e6c8fe8e?_state=usM6rLbXUKYHZWVaNh3F31-SWwlGhDaF-1y5f5RIamR7Ik5hbWUiOiJjaXRlc3QiLCJVVUlEIjoiMWIyOGE2YjMtZDdiMS00YzZjLWI0OGQtYzhhN2U2YzhmZThlIiwiT2Zmc2V0IjowLCJTdGFydGVkQXQiOiIyMDI0LTA3LTMxVDIxOjM4OjE5LjMxMzkyNzY2MVoifQ%3D%3D" http.request.useragent="containers/5.32.0 (github.com/containers/image)" vars.name=citest vars.uuid=1b28a6b3-d7b1-4c6c-b48d-c8a7e6c8fe8e
Jul 31 16:38:19 cirrus-task-6448315997356032 registry[52072]: time="2024-07-31T21:38:19.323174813Z" level=info msg="response completed" go.version=go1.19.9 http.request.contenttype="application/octet-stream" http.request.host="localhost:5059" http.request.id=7fbb70dd-2018-4e27-918f-feee7715b585 http.request.method=PATCH http.request.remoteaddr="10.88.0.1:58854" http.request.uri="/v2/citest/blobs/uploads/1b28a6b3-d7b1-4c6c-b48d-c8a7e6c8fe8e?_state=usM6rLbXUKYHZWVaNh3F31-SWwlGhDaF-1y5f5RIamR7Ik5hbWUiOiJjaXRlc3QiLCJVVUlEIjoiMWIyOGE2YjMtZDdiMS00YzZjLWI0OGQtYzhhN2U2YzhmZThlIiwiT2Zmc2V0IjowLCJTdGFydGVkQXQiOiIyMDI0LTA3LTMxVDIxOjM4OjE5LjMxMzkyNzY2MVoifQ%3D%3D" http.request.useragent="containers/5.32.0 (github.com/containers/image)" http.response.duration=7.542549ms http.response.status=202 http.response.written=0
Jul 31 16:38:19 cirrus-task-6448315997356032 registry[52072]: 10.88.0.1 - - [31/Jul/2024:21:38:19 +0000] "PATCH /v2/citest/blobs/uploads/1b28a6b3-d7b1-4c6c-b48d-c8a7e6c8fe8e?_state=usM6rLbXUKYHZWVaNh3F31-SWwlGhDaF-1y5f5RIamR7Ik5hbWUiOiJjaXRlc3QiLCJVVUlEIjoiMWIyOGE2YjMtZDdiMS00YzZjLWI0OGQtYzhhN2U2YzhmZThlIiwiT2Zmc2V0IjowLCJTdGFydGVkQXQiOiIyMDI0LTA3LTMxVDIxOjM4OjE5LjMxMzkyNzY2MVoifQ%3D%3D HTTP/1.1" 202 0 "" "containers/5.32.0 (github.com/containers/image)"
Jul 31 16:38:19 cirrus-task-6448315997356032 registry[52072]: time="2024-07-31T21:38:19.32765009Z" level=info msg="authorized request" go.version=go1.19.9 http.request.contenttype="application/octet-stream" http.request.host="localhost:5059" http.request.id=a158b173-1988-4f8b-b4a5-d2f23557f862 http.request.method=PUT http.request.remoteaddr="10.88.0.1:58854" http.request.uri="/v2/citest/blobs/uploads/1b28a6b3-d7b1-4c6c-b48d-c8a7e6c8fe8e?_state=x_Kzj5FcVyxVDllIU_TRK3VLvy7WkXq_9BT-LD6lKvx7Ik5hbWUiOiJjaXRlc3QiLCJVVUlEIjoiMWIyOGE2YjMtZDdiMS00YzZjLWI0OGQtYzhhN2U2YzhmZThlIiwiT2Zmc2V0IjoxNTk0LCJTdGFydGVkQXQiOiIyMDI0LTA3LTMxVDIxOjM4OjE5WiJ9&digest=sha256%3A1f6acd4c4a1d4d39395870e1c12dbb68da27dd432afecf86e7cb6e23cf4b75d0" http.request.useragent="containers/5.32.0 (github.com/containers/image)" vars.name=citest vars.uuid=1b28a6b3-d7b1-4c6c-b48d-c8a7e6c8fe8e
Jul 31 16:38:19 cirrus-task-6448315997356032 registry[52072]: time="2024-07-31T21:38:19.328762668Z" level=info msg="response completed" go.version=go1.19.9 http.request.contenttype="application/octet-stream" http.request.host="localhost:5059" http.request.id=a158b173-1988-4f8b-b4a5-d2f23557f862 http.request.method=PUT http.request.remoteaddr="10.88.0.1:58854" http.request.uri="/v2/citest/blobs/uploads/1b28a6b3-d7b1-4c6c-b48d-c8a7e6c8fe8e?_state=x_Kzj5FcVyxVDllIU_TRK3VLvy7WkXq_9BT-LD6lKvx7Ik5hbWUiOiJjaXRlc3QiLCJVVUlEIjoiMWIyOGE2YjMtZDdiMS00YzZjLWI0OGQtYzhhN2U2YzhmZThlIiwiT2Zmc2V0IjoxNTk0LCJTdGFydGVkQXQiOiIyMDI0LTA3LTMxVDIxOjM4OjE5WiJ9&digest=sha256%3A1f6acd4c4a1d4d39395870e1c12dbb68da27dd432afecf86e7cb6e23cf4b75d0" http.request.useragent="containers/5.32.0 (github.com/containers/image)" http.response.duration=5.196564ms http.response.status=201 http.response.written=0
Jul 31 16:38:19 cirrus-task-6448315997356032 registry[52072]: 10.88.0.1 - - [31/Jul/2024:21:38:19 +0000] "PUT /v2/citest/blobs/uploads/1b28a6b3-d7b1-4c6c-b48d-c8a7e6c8fe8e?_state=x_Kzj5FcVyxVDllIU_TRK3VLvy7WkXq_9BT-LD6lKvx7Ik5hbWUiOiJjaXRlc3QiLCJVVUlEIjoiMWIyOGE2YjMtZDdiMS00YzZjLWI0OGQtYzhhN2U2YzhmZThlIiwiT2Zmc2V0IjoxNTk0LCJTdGFydGVkQXQiOiIyMDI0LTA3LTMxVDIxOjM4OjE5WiJ9&digest=sha256%3A1f6acd4c4a1d4d39395870e1c12dbb68da27dd432afecf86e7cb6e23cf4b75d0 HTTP/1.1" 201 0 "" "containers/5.32.0 (github.com/containers/image)"
Jul 31 16:38:19 cirrus-task-6448315997356032 registry[52072]: time="2024-07-31T21:38:19.334064788Z" level=info msg="authorized request" go.version=go1.19.9 http.request.contenttype="application/vnd.docker.distribution.manifest.v2+json" http.request.host="localhost:5059" http.request.id=0812bbc7-4474-466a-9c9b-2ba88be156ad http.request.method=PUT http.request.remoteaddr="10.88.0.1:58854" http.request.uri="/v2/citest/manifests/latest" http.request.useragent="containers/5.32.0 (github.com/containers/image)" vars.name=citest vars.reference=latest
Jul 31 16:38:19 cirrus-task-6448315997356032 registry[52072]: 10.88.0.1 - - [31/Jul/2024:21:38:19 +0000] "PUT /v2/citest/manifests/latest HTTP/1.1" 201 0 "" "containers/5.32.0 (github.com/containers/image)"
Jul 31 16:38:19 cirrus-task-6448315997356032 registry[52072]: time="2024-07-31T21:38:19.335301035Z" level=info msg="response completed" go.version=go1.19.9 http.request.contenttype="application/vnd.docker.distribution.manifest.v2+json" http.request.host="localhost:5059" http.request.id=0812bbc7-4474-466a-9c9b-2ba88be156ad http.request.method=PUT http.request.remoteaddr="10.88.0.1:58854" http.request.uri="/v2/citest/manifests/latest" http.request.useragent="containers/5.32.0 (github.com/containers/image)" http.response.duration=5.249801ms http.response.status=201 http.response.written=0
Jul 31 16:38:19 cirrus-task-6448315997356032 registry[52072]: 10.88.0.1 - - [31/Jul/2024:21:38:19 +0000] "GET /v2/ HTTP/1.1" 401 87 "" "containers/5.32.0 (github.com/containers/image)"
Jul 31 16:38:19 cirrus-task-6448315997356032 registry[52072]: time="2024-07-31T21:38:19.421093405Z" level=warning msg="error authorizing context: basic authentication challenge for realm "Registry Realm": invalid authorization credential" go.version=go1.19.9 http.request.host="localhost:5059" http.request.id=ef7f7604-f60c-46d4-8485-fc774fe5c7bd http.request.method=GET http.request.remoteaddr="10.88.0.1:58860" http.request.uri="/v2/" http.request.useragent="containers/5.32.0 (github.com/containers/image)"
Jul 31 16:38:19 cirrus-task-6448315997356032 kernel: podman0: port 3(veth2) entered blocking state
Jul 31 16:38:19 cirrus-task-6448315997356032 kernel: podman0: port 3(veth2) entered disabled state
Jul 31 16:38:19 cirrus-task-6448315997356032 kernel: veth2: entered allmulticast mode
Jul 31 16:38:19 cirrus-task-6448315997356032 kernel: veth2: entered promiscuous mode
Jul 31 16:38:19 cirrus-task-6448315997356032 audit: ANOM_PROMISCUOUS dev=veth2 prom=256 old_prom=0 auid=4294967295 uid=0 gid=0 ses=4294967295
Jul 31 16:38:19 cirrus-task-6448315997356032 kernel: podman0: port 3(veth2) entered blocking state
Jul 31 16:38:19 cirrus-task-6448315997356032 NetworkManager[907]: [1722461899.4512] manager: (veth2): new Veth device (/org/freedesktop/NetworkManager/Devices/212)
Jul 31 16:38:19 cirrus-task-6448315997356032 registry[52072]: time="2024-07-31T21:38:19.460194482Z" level=info msg="authorized request" go.version=go1.19.9 http.request.host="localhost:5059" http.request.id=7daf2509-3914-4fa0-8066-828783224a9b http.request.method=GET http.request.remoteaddr="10.88.0.1:58866" http.request.uri="/v2/citest/manifests/latest" http.request.useragent="containers/5.32.0 (github.com/containers/image)" vars.name=citest vars.reference=latest
