Jul 31 16:38:15 cirrus-task-6448315997356032 docker-registry[842]: 127.0.0.1 - - [31/Jul/2024:16:38:15 -0500] "GET /v2/libpod/testimage/manifests/sha256:cb68b7bfd2f4f7d36006efbe3bef04b57a343e0839588476ca336d9ff9240dbf HTTP/1.1" 200 528 "" "containers/5.32.0 (github.com/containers/image)"
Jul 31 16:38:15 cirrus-task-6448315997356032 registry[51055]: time="2024-07-31T21:38:15.755876489Z" level=error msg="response completed with error" err.code="blob unknown" err.detail=sha256:4819930274ea2bd6ab611972f9928e07b84edcbfe1d2462fb2941957308dfae2 err.message="blob unknown to registry" go.version=go1.19.9 http.request.host="localhost:5007" http.request.id=fa23ec9e-068c-46e1-94e7-2abca817df99 http.request.method=HEAD http.request.remoteaddr="10.88.0.1:35622" http.request.uri="/v2/list/blobs/sha256:4819930274ea2bd6ab611972f9928e07b84edcbfe1d2462fb2941957308dfae2" http.request.useragent="containers/5.32.0 (github.com/containers/image)" http.response.contenttype="application/json; charset=utf-8" http.response.duration=2.269484ms http.response.status=404 http.response.written=157 vars.digest="sha256:4819930274ea2bd6ab611972f9928e07b84edcbfe1d2462fb2941957308dfae2" vars.name=list
Jul 31 16:38:15 cirrus-task-6448315997356032 registry[51055]: 10.88.0.1 - - [31/Jul/2024:21:38:15 +0000] "HEAD /v2/list/blobs/sha256:4819930274ea2bd6ab611972f9928e07b84edcbfe1d2462fb2941957308dfae2 HTTP/1.1" 404 157 "" "containers/5.32.0 (github.com/containers/image)"
Jul 31 16:38:15 cirrus-task-6448315997356032 registry[51055]: 10.88.0.1 - - [31/Jul/2024:21:38:15 +0000] "POST /v2/list/blobs/uploads/ HTTP/1.1" 202 0 "" "containers/5.32.0 (github.com/containers/image)"
Jul 31 16:38:15 cirrus-task-6448315997356032 registry[51055]: time="2024-07-31T21:38:15.758454209Z" level=info msg="response completed" go.version=go1.19.9 http.request.host="localhost:5007" http.request.id=649f7de4-5088-41ae-83bf-084afc7758f2 http.request.method=POST http.request.remoteaddr="10.88.0.1:35622" http.request.uri="/v2/list/blobs/uploads/" http.request.useragent="containers/5.32.0 (github.com/containers/image)" http.response.duration=1.588506ms http.response.status=202 http.response.written=0
Jul 31 16:38:15 cirrus-task-6448315997356032 docker-registry[842]: time="2024-07-31T16:38:15.761577229-05:00" level=info msg="response completed" go.version=go1.19.9 http.request.host="127.0.0.1:60333" http.request.id=5e1ef7d9-152f-4a0c-9adf-73141789c78b http.request.method=GET http.request.remoteaddr="127.0.0.1:50070" http.request.uri="/v2/libpod/testimage/blobs/sha256:a2b63dd54b3be40c1c489ba648c26875b4fa20723b08158cce30784a6ecafdc0" http.request.useragent="containers/5.32.0 (github.com/containers/image)" http.response.contenttype="application/octet-stream" http.response.duration=9.41205ms http.response.status=200 http.response.written=2006977
Jul 31 16:38:15 cirrus-task-6448315997356032 docker-registry[842]: 127.0.0.1 - - [31/Jul/2024:16:38:15 -0500] "GET /v2/libpod/testimage/blobs/sha256:a2b63dd54b3be40c1c489ba648c26875b4fa20723b08158cce30784a6ecafdc0 HTTP/1.1" 200 2006977 "" "containers/5.32.0 (github.com/containers/image)"
Jul 31 16:38:15 cirrus-task-6448315997356032 registry[51055]: 10.88.0.1 - - [31/Jul/2024:21:38:15 +0000] "PATCH /v2/list/blobs/uploads/34f1b280-e565-4a85-9f87-99ba62a8ea19?_state=U2qIEluK2671jA1V4Y1M9YCrMdtnMkS-sDCuSdZ3cS57Ik5hbWUiOiJsaXN0IiwiVVVJRCI6IjM0ZjFiMjgwLWU1NjUtNGE4NS05Zjg3LTk5YmE2MmE4ZWExOSIsIk9mZnNldCI6MCwiU3RhcnRlZEF0IjoiMjAyNC0wNy0zMVQyMTozODoxNS43NTgwNTE3MjdaIn0%3D HTTP/1.1" 202 0 "" "containers/5.32.0 (github.com/containers/image)"
Jul 31 16:38:15 cirrus-task-6448315997356032 registry[51055]: time="2024-07-31T21:38:15.763598571Z" level=info msg="response completed" go.version=go1.19.9 http.request.contenttype="application/octet-stream" http.request.host="localhost:5007" http.request.id=5d203172-83b8-49d8-908a-b3f1c34bdf6c http.request.method=PATCH http.request.remoteaddr="10.88.0.1:35622" http.request.uri="/v2/list/blobs/uploads/34f1b280-e565-4a85-9f87-99ba62a8ea19?_state=U2qIEluK2671jA1V4Y1M9YCrMdtnMkS-sDCuSdZ3cS57Ik5hbWUiOiJsaXN0IiwiVVVJRCI6IjM0ZjFiMjgwLWU1NjUtNGE4NS05Zjg3LTk5YmE2MmE4ZWExOSIsIk9mZnNldCI6MCwiU3RhcnRlZEF0IjoiMjAyNC0wNy0zMVQyMTozODoxNS43NTgwNTE3MjdaIn0%3D" http.request.useragent="containers/5.32.0 (github.com/containers/image)" http.response.duration=4.73147ms http.response.status=202 http.response.written=0
Jul 31 16:38:15 cirrus-task-6448315997356032 registry[51055]: 10.88.0.1 - - [31/Jul/2024:21:38:15 +0000] "PUT /v2/list/blobs/uploads/34f1b280-e565-4a85-9f87-99ba62a8ea19?_state=CrDpKyUvFZx130NGea_s7LCIDDHXBu7rvol8FH_cgkl7Ik5hbWUiOiJsaXN0IiwiVVVJRCI6IjM0ZjFiMjgwLWU1NjUtNGE4NS05Zjg3LTk5YmE2MmE4ZWExOSIsIk9mZnNldCI6NjA0LCJTdGFydGVkQXQiOiIyMDI0LTA3LTMxVDIxOjM4OjE1WiJ9&digest=sha256%3A4819930274ea2bd6ab611972f9928e07b84edcbfe1d2462fb2941957308dfae2 HTTP/1.1" 201 0 "" "containers/5.32.0 (github.com/containers/image)"
Jul 31 16:38:15 cirrus-task-6448315997356032 registry[51055]: time="2024-07-31T21:38:15.766986941Z" level=info msg="response completed" go.version=go1.19.9 http.request.contenttype="application/octet-stream" http.request.host="localhost:5007" http.request.id=7faeb0fd-89fa-4b2f-9ca2-b3e8b41b19b4 http.request.method=PUT http.request.remoteaddr="10.88.0.1:35622" http.request.uri="/v2/list/blobs/uploads/34f1b280-e565-4a85-9f87-99ba62a8ea19?_state=CrDpKyUvFZx130NGea_s7LCIDDHXBu7rvol8FH_cgkl7Ik5hbWUiOiJsaXN0IiwiVVVJRCI6IjM0ZjFiMjgwLWU1NjUtNGE4NS05Zjg3LTk5YmE2MmE4ZWExOSIsIk9mZnNldCI6NjA0LCJTdGFydGVkQXQiOiIyMDI0LTA3LTMxVDIxOjM4OjE1WiJ9&digest=sha256%3A4819930274ea2bd6ab611972f9928e07b84edcbfe1d2462fb2941957308dfae2" http.request.useragent="containers/5.32.0 (github.com/containers/image)" http.response.duration=3.041569ms http.response.status=201 http.response.written=0
Jul 31 16:38:15 cirrus-task-6448315997356032 registry[51055]: time="2024-07-31T21:38:15.769829348Z" level=info msg="response completed" go.version=go1.19.9 http.request.contenttype="application/vnd.oci.image.manifest.v1+json" http.request.host="localhost:5007" http.request.id=f2ef90bb-cbc0-4726-8024-4f920ff4b7ba http.request.method=PUT http.request.remoteaddr="10.88.0.1:35622" http.request.uri="/v2/list/manifests/sha256:6b0dc7cfab8a6435dc5063cd775028b24b4a8d2a4b2a88675efbbf48d3bcfd9b" http.request.useragent="containers/5.32.0 (github.com/containers/image)" http.response.duration=1.747808ms http.response.status=201 http.response.written=0
Jul 31 16:38:15 cirrus-task-6448315997356032 registry[51055]: 10.88.0.1 - - [31/Jul/2024:21:38:15 +0000] "PUT /v2/list/manifests/sha256:6b0dc7cfab8a6435dc5063cd775028b24b4a8d2a4b2a88675efbbf48d3bcfd9b HTTP/1.1" 201 0 "" "containers/5.32.0 (github.com/containers/image)"
Jul 31 16:38:15 cirrus-task-6448315997356032 registry[51055]: 10.88.0.1 - - [31/Jul/2024:21:38:15 +0000] "HEAD /v2/list/blobs/sha256:161a397ac5ee9e631cd79cdfb5f0b36a861071d42e67afe98ed3cb69155ea5ff HTTP/1.1" 404 157 "" "containers/5.32.0 (github.com/containers/image)"
Jul 31 16:38:15 cirrus-task-6448315997356032 registry[51055]: time="2024-07-31T21:38:15.775079334Z" level=error msg="response completed with error" err.code="blob unknown" err.detail=sha256:161a397ac5ee9e631cd79cdfb5f0b36a861071d42e67afe98ed3cb69155ea5ff err.message="blob unknown to registry" go.version=go1.19.9 http.request.host="localhost:5007" http.request.id=80a14b87-5c0b-45e6-92b1-63516bcd3c2f http.request.method=HEAD http.request.remoteaddr="10.88.0.1:35622" http.request.uri="/v2/list/blobs/sha256:161a397ac5ee9e631cd79cdfb5f0b36a861071d42e67afe98ed3cb69155ea5ff" http.request.useragent="containers/5.32.0 (github.com/containers/image)" http.response.contenttype="application/json; charset=utf-8" http.response.duration=1.205064ms http.response.status=404 http.response.written=157 vars.digest="sha256:161a397ac5ee9e631cd79cdfb5f0b36a861071d42e67afe98ed3cb69155ea5ff" vars.name=list
Jul 31 16:38:15 cirrus-task-6448315997356032 docker-registry[842]: time="2024-07-31T16:38:15.781396228-05:00" level=info msg="response completed" go.version=go1.19.9 http.request.host="127.0.0.1:60333" http.request.id=c9770c04-bc5d-42f6-9c64-2c31792a6143 http.request.method=GET http.request.remoteaddr="127.0.0.1:50070" http.request.uri="/v2/libpod/testimage/blobs/sha256:516b112c951d71b8fb87870d6199670e76d5848f3b2197693e3b789d6255f255" http.request.useragent="containers/5.32.0 (github.com/containers/image)" http.response.contenttype="application/octet-stream" http.response.duration=4.576149ms http.response.status=200 http.response.written=1455
Jul 31 16:38:15 cirrus-task-6448315997356032 docker-registry[842]: 127.0.0.1 - - [31/Jul/2024:16:38:15 -0500] "GET /v2/libpod/testimage/blobs/sha256:516b112c951d71b8fb87870d6199670e76d5848f3b2197693e3b789d6255f255 HTTP/1.1" 200 1455 "" "containers/5.32.0 (github.com/containers/image)"
Jul 31 16:38:15 cirrus-task-6448315997356032 registry[51055]: time="2024-07-31T21:38:15.830625896Z" level=info msg="response completed" go.version=go1.19.9 http.request.host="localhost:5007" http.request.id=26cee554-ed5e-46b0-83b5-5333f42459f0 http.request.method=POST http.request.remoteaddr="10.88.0.1:35622" http.request.uri="/v2/list/blobs/uploads/" http.request.useragent="containers/5.32.0 (github.com/containers/image)" http.response.duration=3.086243ms http.response.status=202 http.response.written=0
Jul 31 16:38:15 cirrus-task-6448315997356032 registry[51055]: 10.88.0.1 - - [31/Jul/2024:21:38:15 +0000] "POST /v2/list/blobs/uploads/ HTTP/1.1" 202 0 "" "containers/5.32.0 (github.com/containers/image)"
Jul 31 16:38:15 cirrus-task-6448315997356032 systemd[1]: Started crun-buildah-buildah3516693085.scope - libcrun container.
Jul 31 16:38:15 cirrus-task-6448315997356032 audit: BPF prog-id=577 op=LOAD
Jul 31 16:38:15 cirrus-task-6448315997356032 audit: BPF prog-id=578 op=LOAD
Jul 31 16:38:15 cirrus-task-6448315997356032 audit: BPF prog-id=395 op=UNLOAD
Jul 31 16:38:15 cirrus-task-6448315997356032 audit: BPF prog-id=396 op=UNLOAD
Jul 31 16:38:15 cirrus-task-6448315997356032 audit: BPF prog-id=579 op=LOAD
Jul 31 16:38:15 cirrus-task-6448315997356032 audit: BPF prog-id=397 op=UNLOAD
Jul 31 16:38:15 cirrus-task-6448315997356032 audit: BPF prog-id=580 op=LOAD
Jul 31 16:38:15 cirrus-task-6448315997356032 audit: BPF prog-id=398 op=UNLOAD
Jul 31 16:38:15 cirrus-task-6448315997356032 audit: BPF prog-id=581 op=LOAD
Jul 31 16:38:15 cirrus-task-6448315997356032 audit: BPF prog-id=582 op=LOAD
Jul 31 16:38:15 cirrus-task-6448315997356032 audit: BPF prog-id=399 op=UNLOAD
Jul 31 16:38:15 cirrus-task-6448315997356032 audit: BPF prog-id=400 op=UNLOAD
Jul 31 16:38:15 cirrus-task-6448315997356032 audit: BPF prog-id=583 op=LOAD
Jul 31 16:38:15 cirrus-task-6448315997356032 audit: BPF prog-id=584 op=LOAD
Jul 31 16:38:15 cirrus-task-6448315997356032 audit: BPF prog-id=401 op=UNLOAD
Jul 31 16:38:15 cirrus-task-6448315997356032 audit: BPF prog-id=585 op=LOAD
Jul 31 16:38:15 cirrus-task-6448315997356032 audit: BPF prog-id=402 op=UNLOAD
Jul 31 16:38:15 cirrus-task-6448315997356032 audit: BPF prog-id=586 op=LOAD
Jul 31 16:38:15 cirrus-task-6448315997356032 audit: BPF prog-id=403 op=UNLOAD
Jul 31 16:38:15 cirrus-task-6448315997356032 audit: BPF prog-id=587 op=LOAD
Jul 31 16:38:15 cirrus-task-6448315997356032 audit: BPF prog-id=588 op=LOAD
Jul 31 16:38:15 cirrus-task-6448315997356032 audit: BPF prog-id=404 op=UNLOAD
Jul 31 16:38:15 cirrus-task-6448315997356032 audit: BPF prog-id=405 op=UNLOAD
Jul 31 16:38:15 cirrus-task-6448315997356032 audit: BPF prog-id=589 op=LOAD
Jul 31 16:38:15 cirrus-task-6448315997356032 audit: BPF prog-id=406 op=UNLOAD
Jul 31 16:38:15 cirrus-task-6448315997356032 audit: BPF prog-id=590 op=LOAD
Jul 31 16:38:15 cirrus-task-6448315997356032 audit: BPF prog-id=591 op=LOAD
Jul 31 16:38:15 cirrus-task-6448315997356032 audit: BPF prog-id=407 op=UNLOAD
Jul 31 16:38:15 cirrus-task-6448315997356032 audit: BPF prog-id=408 op=UNLOAD
Jul 31 16:38:15 cirrus-task-6448315997356032 audit: BPF prog-id=592 op=LOAD
Jul 31 16:38:15 cirrus-task-6448315997356032 audit: BPF prog-id=409 op=UNLOAD
Jul 31 16:38:15 cirrus-task-6448315997356032 audit: BPF prog-id=593 op=LOAD
Jul 31 16:38:15 cirrus-task-6448315997356032 audit: BPF prog-id=594 op=LOAD
Jul 31 16:38:15 cirrus-task-6448315997356032 audit: BPF prog-id=410 op=UNLOAD
Jul 31 16:38:15 cirrus-task-6448315997356032 audit: BPF prog-id=411 op=UNLOAD
Jul 31 16:38:15 cirrus-task-6448315997356032 audit: BPF prog-id=595 op=LOAD
Jul 31 16:38:15 cirrus-task-6448315997356032 audit: BPF prog-id=596 op=LOAD
Jul 31 16:38:15 cirrus-task-6448315997356032 audit: BPF prog-id=412 op=UNLOAD
Jul 31 16:38:15 cirrus-task-6448315997356032 audit: BPF prog-id=413 op=UNLOAD
Jul 31 16:38:15 cirrus-task-6448315997356032 systemd[1]: tmp-CI_LJhR-podman\x2de2e\x2d2391904137-subtest\x2d1658922996-root-overlay.mount: Deactivated successfully.
Jul 31 16:38:15 cirrus-task-6448315997356032 systemd[1]: tmp-CI_LJhR-podman\x2de2e\x2d2391904137-subtest\x2d2422239310-root-overlay.mount: Deactivated successfully.
Jul 31 16:38:15 cirrus-task-6448315997356032 kernel: podman0: port 2(veth1) entered blocking state
Jul 31 16:38:15 cirrus-task-6448315997356032 kernel: podman0: port 2(veth1) entered disabled state
Jul 31 16:38:15 cirrus-task-6448315997356032 kernel: veth1: entered allmulticast mode
Jul 31 16:38:15 cirrus-task-6448315997356032 kernel: veth1: entered promiscuous mode
Jul 31 16:38:15 cirrus-task-6448315997356032 audit: ANOM_PROMISCUOUS dev=veth1 prom=256 old_prom=0 auid=4294967295 uid=0 gid=0 ses=4294967295
Jul 31 16:38:16 cirrus-task-6448315997356032 kernel: podman0: port 2(veth1) entered blocking state
Jul 31 16:38:16 cirrus-task-6448315997356032 kernel: podman0: port 2(veth1) entered forwarding state
Jul 31 16:38:16 cirrus-task-6448315997356032 registry[51055]: 10.88.0.1 - - [31/Jul/2024:21:38:15 +0000] "PATCH /v2/list/blobs/uploads/e34cbd51-e15a-4a16-a701-09fe490ef837?_state=bwMkk1C7Ly8q8if6TtfP8KRCq-aaSHchVXFsFSLdyPh7Ik5hbWUiOiJsaXN0IiwiVVVJRCI6ImUzNGNiZDUxLWUxNWEtNGExNi1hNzAxLTA5ZmU0OTBlZjgzNyIsIk9mZnNldCI6MCwiU3RhcnRlZEF0IjoiMjAyNC0wNy0zMVQyMTozODoxNS44Mjk5ODU3OTZaIn0%3D HTTP/1.1" 202 0 "" "containers/5.32.0 (github.com/containers/image)"
Jul 31 16:38:16 cirrus-task-6448315997356032 registry[51055]: time="2024-07-31T21:38:16.008257217Z" level=info msg="response completed" go.version=go1.19.9 http.request.contenttype="application/octet-stream" http.request.host="localhost:5007" http.request.id=72302fc9-6b11-4a2d-8d82-8147075f981b http.request.method=PATCH http.request.remoteaddr="10.88.0.1:35622" http.request.uri="/v2/list/blobs/uploads/e34cbd51-e15a-4a16-a701-09fe490ef837?_state=bwMkk1C7Ly8q8if6TtfP8KRCq-aaSHchVXFsFSLdyPh7Ik5hbWUiOiJsaXN0IiwiVVVJRCI6ImUzNGNiZDUxLWUxNWEtNGExNi1hNzAxLTA5ZmU0OTBlZjgzNyIsIk9mZnNldCI6MCwiU3RhcnRlZEF0IjoiMjAyNC0wNy0zMVQyMTozODoxNS44Mjk5ODU3OTZaIn0%3D" http.request.useragent="containers/5.32.0 (github.com/containers/image)" http.response.duration=176.379384ms http.response.status=202 http.response.written=0
Jul 31 16:38:16 cirrus-task-6448315997356032 registry[51055]: 10.88.0.1 - - [31/Jul/2024:21:38:16 +0000] "PUT /v2/list/blobs/uploads/e34cbd51-e15a-4a16-a701-09fe490ef837?_state=U7JB2yRy2kiRk5KHpqvHGqcrQaD8NuroWxNrMD5zryV7Ik5hbWUiOiJsaXN0IiwiVVVJRCI6ImUzNGNiZDUxLWUxNWEtNGExNi1hNzAxLTA5ZmU0OTBlZjgzNyIsIk9mZnNldCI6Mjc2NTU4NCwiU3RhcnRlZEF0IjoiMjAyNC0wNy0zMVQyMTozODoxNVoifQ%3D%3D&digest=sha256%3Ad8761bb9b4751d85618813b8f32d545dfb8dabc79ec8c2a59429851e8e5ee6f5 HTTP/1.1" 201 0 "" "containers/5.32.0 (github.com/containers/image)"
Jul 31 16:38:16 cirrus-task-6448315997356032 registry[51055]: time="2024-07-31T21:38:16.011466502Z" level=info msg="response completed" go.version=go1.19.9 http.request.contenttype="application/octet-stream" http.request.host="localhost:5007" http.request.id=4f8672cb-70d5-4fc3-9ed1-07329baa7507 http.request.method=PUT http.request.remoteaddr="10.88.0.1:35622" http.request.uri="/v2/list/blobs/uploads/e34cbd51-e15a-4a16-a701-09fe490ef837?_state=U7JB2yRy2kiRk5KHpqvHGqcrQaD8NuroWxNrMD5zryV7Ik5hbWUiOiJsaXN0IiwiVVVJRCI6ImUzNGNiZDUxLWUxNWEtNGExNi1hNzAxLTA5ZmU0OTBlZjgzNyIsIk9mZnNldCI6Mjc2NTU4NCwiU3RhcnRlZEF0IjoiMjAyNC0wNy0zMVQyMTozODoxNVoifQ%3D%3D&digest=sha256%3Ad8761bb9b4751d85618813b8f32d545dfb8dabc79ec8c2a59429851e8e5ee6f5" http.request.useragent="containers/5.32.0 (github.com/containers/image)" http.response.duration=2.392737ms http.response.status=201 http.response.written=0
Jul 31 16:38:16 cirrus-task-6448315997356032 NetworkManager[907]: [1722461896.0148] manager: (veth1): new Veth device (/org/freedesktop/NetworkManager/Devices/208)
Jul 31 16:38:16 cirrus-task-6448315997356032 NetworkManager[907]: [1722461896.0161] device (veth1): carrier: link connected
Jul 31 16:38:16 cirrus-task-6448315997356032 registry[51055]: 10.88.0.1 - - [31/Jul/2024:21:38:16 +0000] "HEAD /v2/list/blobs/sha256:915beeae46751fc564998c79e73a1026542e945ca4f73dc841d09ccc6c2c0672 HTTP/1.1" 404 157 "" "containers/5.32.0 (github.com/containers/image)"
Jul 31 16:38:16 cirrus-task-6448315997356032 registry[51055]: time="2024-07-31T21:38:16.021160696Z" level=error msg="response completed with error" err.code="blob unknown" err.detail=sha256:915beeae46751fc564998c79e73a1026542e945ca4f73dc841d09ccc6c2c0672 err.message="blob unknown to registry" go.version=go1.19.9 http.request.host="localhost:5007" http.request.id=34a4dae0-a799-4587-a9cc-2a805c662b0f http.request.method=HEAD http.request.remoteaddr="10.88.0.1:35622" http.request.uri="/v2/list/blobs/sha256:915beeae46751fc564998c79e73a1026542e945ca4f73dc841d09ccc6c2c0672" http.request.useragent="containers/5.32.0 (github.com/containers/image)" http.response.contenttype="application/json; charset=utf-8" http.response.duration=3.078397ms http.response.status=404 http.response.written=157 vars.digest="sha256:915beeae46751fc564998c79e73a1026542e945ca4f73dc841d09ccc6c2c0672" vars.name=list
Jul 31 16:38:16 cirrus-task-6448315997356032 registry[51055]: time="2024-07-31T21:38:16.023709656Z" level=info msg="response completed" go.version=go1.19.9 http.request.host="localhost:5007" http.request.id=238ae323-732d-4640-9c8c-782c2a1f958e http.request.method=POST http.request.remoteaddr="10.88.0.1:35622" http.request.uri="/v2/list/blobs/uploads/" http.request.useragent="containers/5.32.0 (github.com/containers/image)" http.response.duration=1.766657ms http.response.status=202 http.response.written=0
Jul 31 16:38:16 cirrus-task-6448315997356032 registry[51055]: time="2024-07-31T21:38:16.026062043Z" level=info msg="response completed" go.version=go1.19.9 http.request.contenttype="application/octet-stream" http.request.host="localhost:5007" http.request.id=36e2b4e8-3034-4782-951b-5faa16dd430b http.request.method=PATCH http.request.remoteaddr="10.88.0.1:35622" http.request.uri="/v2/list/blobs/uploads/78d1292d-d83d-4861-ab0e-19c0b50e2648?_state=4EGcWjUPIVIt644OTevGv2EHVdoBpderyLOoCY6sHi17Ik5hbWUiOiJsaXN0IiwiVVVJRCI6Ijc4ZDEyOTJkLWQ4M2QtNDg2MS1hYjBlLTE5YzBiNTBlMjY0OCIsIk9mZnNldCI6MCwiU3RhcnRlZEF0IjoiMjAyNC0wNy0zMVQyMTozODoxNi4wMjMzMDYyODlaIn0%3D" http.request.useragent="containers/5.32.0 (github.com/containers/image)" http.response.duration=1.71771ms http.response.status=202 http.response.written=0
Jul 31 16:38:16 cirrus-task-6448315997356032 registry[51055]: 10.88.0.1 - - [31/Jul/2024:21:38:16 +0000] "POST /v2/list/blobs/uploads/ HTTP/1.1" 202 0 "" "containers/5.32.0 (github.com/containers/image)"
Jul 31 16:38:16 cirrus-task-6448315997356032 registry[51055]: 10.88.0.1 - - [31/Jul/2024:21:38:16 +0000] "PATCH /v2/list/blobs/uploads/78d1292d-d83d-4861-ab0e-19c0b50e2648?_state=4EGcWjUPIVIt644OTevGv2EHVdoBpderyLOoCY6sHi17Ik5hbWUiOiJsaXN0IiwiVVVJRCI6Ijc4ZDEyOTJkLWQ4M2QtNDg2MS1hYjBlLTE5YzBiNTBlMjY0OCIsIk9mZnNldCI6MCwiU3RhcnRlZEF0IjoiMjAyNC0wNy0zMVQyMTozODoxNi4wMjMzMDYyODlaIn0%3D HTTP/1.1" 202 0 "" "containers/5.32.0 (github.com/containers/image)"
Jul 31 16:38:16 cirrus-task-6448315997356032 audit[51723]: NETFILTER_CFG table=netavark:245 family=1 entries=10 op=nft_register_chain pid=51723 subj=unconfined_u:unconfined_r:iptables_t:s0 comm="nft"
Jul 31 16:38:16 cirrus-task-6448315997356032 registry[51055]: 10.88.0.1 - - [31/Jul/2024:21:38:16 +0000] "PUT /v2/list/blobs/uploads/78d1292d-d83d-4861-ab0e-19c0b50e2648?_state=3kht3S2mjS8JfCDVr0sVuxnndwudv5jz3KQ75jz6zid7Ik5hbWUiOiJsaXN0IiwiVVVJRCI6Ijc4ZDEyOTJkLWQ4M2QtNDg2MS1hYjBlLTE5YzBiNTBlMjY0OCIsIk9mZnNldCI6MTUxMiwiU3RhcnRlZEF0IjoiMjAyNC0wNy0zMVQyMTozODoxNloifQ%3D%3D&digest=sha256%3A915beeae46751fc564998c79e73a1026542e945ca4f73dc841d09ccc6c2c0672 HTTP/1.1" 201 0 "" "containers/5.32.0 (github.com/containers/image)"
Jul 31 16:38:16 cirrus-task-6448315997356032 registry[51055]: time="2024-07-31T21:38:16.029644336Z" level=info msg="response completed" go.version=go1.19.9 http.request.contenttype="application/octet-stream" http.request.host="localhost:5007" http.request.id=18e270d7-0767-465a-80c1-0f21b4fc699f http.request.method=PUT http.request.remoteaddr="10.88.0.1:35622" http.request.uri="/v2/list/blobs/uploads/78d1292d-d83d-4861-ab0e-19c0b50e2648?_state=3kht3S2mjS8JfCDVr0sVuxnndwudv5jz3KQ75jz6zid7Ik5hbWUiOiJsaXN0IiwiVVVJRCI6Ijc4ZDEyOTJkLWQ4M2QtNDg2MS1hYjBlLTE5YzBiNTBlMjY0OCIsIk9mZnNldCI6MTUxMiwiU3RhcnRlZEF0IjoiMjAyNC0wNy0zMVQyMTozODoxNloifQ%3D%3D&digest=sha256%3A915beeae46751fc564998c79e73a1026542e945ca4f73dc841d09ccc6c2c0672" http.request.useragent="containers/5.32.0 (github.com/containers/image)" http.response.duration=2.11352ms http.response.status=201 http.response.written=0
Jul 31 16:38:16 cirrus-task-6448315997356032 docker-registry[842]: time="2024-07-31T16:38:16.034052076-05:00" level=info msg="response completed" go.version=go1.19.9 http.request.host="127.0.0.1:60333" http.request.id=fe30b5da-1768-4318-af61-297aff77f0d3 http.request.method=GET http.request.remoteaddr="127.0.0.1:50086" http.request.uri="/v2/" http.request.useragent="containers/5.32.0 (github.com/containers/image)" http.response.contenttype="application/json; charset=utf-8" http.response.duration=2.215243ms http.response.status=200 http.response.written=2
Jul 31 16:38:16 cirrus-task-6448315997356032 docker-registry[842]: 127.0.0.1 - - [31/Jul/2024:16:38:16 -0500] "GET /v2/ HTTP/1.1" 200 2 "" "containers/5.32.0 (github.com/containers/image)"
Jul 31 16:38:16 cirrus-task-6448315997356032 docker-registry[842]: time="2024-07-31T16:38:16.037118603-05:00" level=info msg="response completed" go.version=go1.19.9 http.request.host="127.0.0.1:60333" http.request.id=4139f166-a771-4f51-9285-20d4e5ece6f3 http.request.method=GET http.request.remoteaddr="127.0.0.1:50090" http.request.uri="/v2/libpod/testimage/manifests/00000004" http.request.useragent="containers/5.32.0 (github.com/containers/image)" http.response.contenttype="application/vnd.docker.distribution.manifest.list.v2+json" http.response.duration=1.774727ms http.response.status=200 http.response.written=970
Jul 31 16:38:16 cirrus-task-6448315997356032 docker-registry[842]: 127.0.0.1 - - [31/Jul/2024:16:38:16 -0500] "GET /v2/libpod/testimage/manifests/00000004 HTTP/1.1" 200 970 "" "containers/5.32.0 (github.com/containers/image)"
Jul 31 16:38:16 cirrus-task-6448315997356032 registry[51055]: 10.88.0.1 - - [31/Jul/2024:21:38:16 +0000] "PUT /v2/list/manifests/sha256:e7b94296b643aa40bde82cec1ca0ba4d9832e6c4a1f5cdfbb7214e8250309b80 HTTP/1.1" 201 0 "" "containers/5.32.0 (github.com/containers/image)"
Jul 31 16:38:16 cirrus-task-6448315997356032 docker-registry[842]: time="2024-07-31T16:38:16.03982405-05:00" level=info msg="response completed" go.version=go1.19.9 http.request.host="127.0.0.1:60333" http.request.id=59e6bb1a-2751-453d-af58-bd88977bdb49 http.request.method=GET http.request.remoteaddr="127.0.0.1:50090" http.request.uri="/v2/libpod/testimage/manifests/sha256:1462c8e885d567d534d82004656c764263f98deda813eb379689729658a133fb" http.request.useragent="containers/5.32.0 (github.com/containers/image)" http.response.contenttype="application/vnd.docker.distribution.manifest.v2+json" http.response.duration=1.463489ms http.response.status=200 http.response.written=527
Jul 31 16:38:16 cirrus-task-6448315997356032 docker-registry[842]: 127.0.0.1 - - [31/Jul/2024:16:38:16 -0500] "GET /v2/libpod/testimage/manifests/sha256:1462c8e885d567d534d82004656c764263f98deda813eb379689729658a133fb HTTP/1.1" 200 527 "" "containers/5.32.0 (github.com/containers/image)"
Jul 31 16:38:16 cirrus-task-6448315997356032 registry[51055]: time="2024-07-31T21:38:16.038089378Z" level=info msg="response completed" go.version=go1.19.9 http.request.contenttype="application/vnd.docker.distribution.manifest.v2+json" http.request.host="localhost:5007" http.request.id=3400b61d-709a-4bcc-92d9-d2d20475cba1 http.request.method=PUT http.request.remoteaddr="10.88.0.1:35622" http.request.uri="/v2/list/manifests/sha256:e7b94296b643aa40bde82cec1ca0ba4d9832e6c4a1f5cdfbb7214e8250309b80" http.request.useragent="containers/5.32.0 (github.com/containers/image)" http.response.duration=3.009242ms http.response.status=201 http.response.written=0
Jul 31 16:38:16 cirrus-task-6448315997356032 systemd[1]: crun-buildah-buildah3516693085.scope: Deactivated successfully.
Jul 31 16:38:16 cirrus-task-6448315997356032 audit: BPF prog-id=597 op=LOAD
Jul 31 16:38:16 cirrus-task-6448315997356032 audit: BPF prog-id=598 op=LOAD
Jul 31 16:38:16 cirrus-task-6448315997356032 audit: BPF prog-id=577 op=UNLOAD
Jul 31 16:38:16 cirrus-task-6448315997356032 audit: BPF prog-id=578 op=UNLOAD
Jul 31 16:38:16 cirrus-task-6448315997356032 audit: BPF prog-id=599 op=LOAD
Jul 31 16:38:16 cirrus-task-6448315997356032 audit: BPF prog-id=583 op=UNLOAD
Jul 31 16:38:16 cirrus-task-6448315997356032 audit: BPF prog-id=579 op=UNLOAD
Jul 31 16:38:16 cirrus-task-6448315997356032 audit: BPF prog-id=600 op=LOAD
Jul 31 16:38:16 cirrus-task-6448315997356032 audit: BPF prog-id=580 op=UNLOAD
Jul 31 16:38:16 cirrus-task-6448315997356032 audit: BPF prog-id=601 op=LOAD
Jul 31 16:38:16 cirrus-task-6448315997356032 audit: BPF prog-id=602 op=LOAD
Jul 31 16:38:16 cirrus-task-6448315997356032 audit: BPF prog-id=581 op=UNLOAD
Jul 31 16:38:16 cirrus-task-6448315997356032 audit: BPF prog-id=582 op=UNLOAD
Jul 31 16:38:16 cirrus-task-6448315997356032 audit: BPF prog-id=603 op=LOAD
Jul 31 16:38:16 cirrus-task-6448315997356032 audit: BPF prog-id=584 op=UNLOAD
Jul 31 16:38:16 cirrus-task-6448315997356032 audit: BPF prog-id=604 op=LOAD
Jul 31 16:38:16 cirrus-task-6448315997356032 audit: BPF prog-id=585 op=UNLOAD
Jul 31 16:38:16 cirrus-task-6448315997356032 audit: BPF prog-id=605 op=LOAD
Jul 31 16:38:16 cirrus-task-6448315997356032 audit: BPF prog-id=586 op=UNLOAD
Jul 31 16:38:16 cirrus-task-6448315997356032 audit: BPF prog-id=606 op=LOAD
Jul 31 16:38:16 cirrus-task-6448315997356032 audit: BPF prog-id=607 op=LOAD
Jul 31 16:38:16 cirrus-task-6448315997356032 audit: BPF prog-id=587 op=UNLOAD
Jul 31 16:38:16 cirrus-task-6448315997356032 audit: BPF prog-id=588 op=UNLOAD
Jul 31 16:38:16 cirrus-task-6448315997356032 audit: BPF prog-id=608 op=LOAD
Jul 31 16:38:16 cirrus-task-6448315997356032 audit: BPF prog-id=589 op=UNLOAD
Jul 31 16:38:16 cirrus-task-6448315997356032 audit: BPF prog-id=609 op=LOAD
Jul 31 16:38:16 cirrus-task-6448315997356032 audit: BPF prog-id=610 op=LOAD
Jul 31 16:38:16 cirrus-task-6448315997356032 audit: BPF prog-id=590 op=UNLOAD
Jul 31 16:38:16 cirrus-task-6448315997356032 audit: BPF prog-id=591 op=UNLOAD
Jul 31 16:38:16 cirrus-task-6448315997356032 audit: BPF prog-id=611 op=LOAD
Jul 31 16:38:16 cirrus-task-6448315997356032 audit: BPF prog-id=592 op=UNLOAD
Jul 31 16:38:16 cirrus-task-6448315997356032 audit: BPF prog-id=612 op=LOAD
Jul 31 16:38:16 cirrus-task-6448315997356032 audit: BPF prog-id=613 op=LOAD
Jul 31 16:38:16 cirrus-task-6448315997356032 audit: BPF prog-id=593 op=UNLOAD
Jul 31 16:38:16 cirrus-task-6448315997356032 audit: BPF prog-id=594 op=UNLOAD
Jul 31 16:38:16 cirrus-task-6448315997356032 audit: BPF prog-id=614 op=LOAD
Jul 31 16:38:16 cirrus-task-6448315997356032 audit: BPF prog-id=615 op=LOAD
Jul 31 16:38:16 cirrus-task-6448315997356032 audit: BPF prog-id=595 op=UNLOAD
Jul 31 16:38:16 cirrus-task-6448315997356032 audit: BPF prog-id=596 op=UNLOAD
Jul 31 16:38:16 cirrus-task-6448315997356032 registry[51055]: 10.88.0.1 - - [31/Jul/2024:21:38:16 +0000] "POST /v2/list/blobs/uploads/ HTTP/1.1" 202 0 "" "containers/5.32.0 (github.com/containers/image)"
Jul 31 16:38:16 cirrus-task-6448315997356032 registry[51055]: time="2024-07-31T21:38:16.091098094Z" level=info msg="response completed" go.version=go1.19.9 http.request.host="localhost:5007" http.request.id=13938c3b-0591-499b-8c3e-fdf965116435 http.request.method=POST http.request.remoteaddr="10.88.0.1:35622" http.request.uri="/v2/list/blobs/uploads/" http.request.useragent="containers/5.32.0 (github.com/containers/image)" http.response.duration=3.177547ms http.response.status=202 http.response.written=0
Jul 31 16:38:16 cirrus-task-6448315997356032 docker-registry[842]: time="2024-07-31T16:38:16.111067149-05:00" level=info msg="response completed" go.version=go1.19.9 http.request.host="127.0.0.1:60333" http.request.id=bd5975de-cb37-47af-8ddc-186b72c5cb9d http.request.method=GET http.request.remoteaddr="127.0.0.1:50096" http.request.uri="/v2/" http.request.useragent="containers/5.32.0 (github.com/containers/image)" http.response.contenttype="application/json; charset=utf-8" http.response.duration=1.872331ms http.response.status=200 http.response.written=2
Jul 31 16:38:16 cirrus-task-6448315997356032 docker-registry[842]: 127.0.0.1 - - [31/Jul/2024:16:38:16 -0500] "GET /v2/ HTTP/1.1" 200 2 "" "containers/5.32.0 (github.com/containers/image)"
Jul 31 16:38:16 cirrus-task-6448315997356032 docker-registry[842]: time="2024-07-31T16:38:16.114078979-05:00" level=info msg="response completed" go.version=go1.19.9 http.request.host="127.0.0.1:60333" http.request.id=2c179959-3c90-4e39-b61b-d17d9493331c http.request.method=GET http.request.remoteaddr="127.0.0.1:50104" http.request.uri="/v2/libpod/testimage/manifests/00000004" http.request.useragent="containers/5.32.0 (github.com/containers/image)" http.response.contenttype="application/vnd.docker.distribution.manifest.list.v2+json" http.response.duration=1.93854ms http.response.status=200 http.response.written=970
Jul 31 16:38:16 cirrus-task-6448315997356032 docker-registry[842]: 127.0.0.1 - - [31/Jul/2024:16:38:16 -0500] "GET /v2/libpod/testimage/manifests/00000004 HTTP/1.1" 200 970 "" "containers/5.32.0 (github.com/containers/image)"
Jul 31 16:38:16 cirrus-task-6448315997356032 docker-registry[842]: time="2024-07-31T16:38:16.115965542-05:00" level=info msg="response completed" go.version=go1.19.9 http.request.host="127.0.0.1:60333" http.request.id=41fe0f5a-7371-4705-8520-0d26e2ea2d21 http.request.method=GET http.request.remoteaddr="127.0.0.1:50104" http.request.uri="/v2/libpod/testimage/manifests/sha256:1462c8e885d567d534d82004656c764263f98deda813eb379689729658a133fb" http.request.useragent="containers/5.32.0 (github.com/containers/image)" http.response.contenttype="application/vnd.docker.distribution.manifest.v2+json" http.response.duration=1.175604ms http.response.status=200 http.response.written=527
Jul 31 16:38:16 cirrus-task-6448315997356032 docker-registry[842]: 127.0.0.1 - - [31/Jul/2024:16:38:16 -0500] "GET /v2/libpod/testimage/manifests/sha256:1462c8e885d567d534d82004656c764263f98deda813eb379689729658a133fb HTTP/1.1" 200 527 "" "containers/5.32.0 (github.com/containers/image)"
Jul 31 16:38:16 cirrus-task-6448315997356032 docker-registry[842]: time="2024-07-31T16:38:16.121548742-05:00" level=info msg="response completed" go.version=go1.19.9 http.request.host="127.0.0.1:60333" http.request.id=7f3b8d1e-d4ba-459e-886f-551b162a494b http.request.method=GET http.request.remoteaddr="127.0.0.1:50110" http.request.uri="/v2/" http.request.useragent="containers/5.32.0 (github.com/containers/image)" http.response.contenttype="application/json; charset=utf-8" http.response.duration=4.824044ms http.response.status=200 http.response.written=2
Jul 31 16:38:16 cirrus-task-6448315997356032 docker-registry[842]: 127.0.0.1 - - [31/Jul/2024:16:38:16 -0500] "GET /v2/ HTTP/1.1" 200 2 "" "containers/5.32.0 (github.com/containers/image)"
Jul 31 16:38:16 cirrus-task-6448315997356032 docker-registry[842]: time="2024-07-31T16:38:16.124396672-05:00" level=info msg="response completed" go.version=go1.19.9 http.request.host="127.0.0.1:60333" http.request.id=c9f1c787-138b-4b76-9a3b-0d77179ceced http.request.method=GET http.request.remoteaddr="127.0.0.1:50126" http.request.uri="/v2/libpod/testimage/manifests/00000004" http.request.useragent="containers/5.32.0 (github.com/containers/image)" http.response.contenttype="application/vnd.docker.distribution.manifest.list.v2+json" http.response.duration=1.820321ms http.response.status=200 http.response.written=970
Jul 31 16:38:16 cirrus-task-6448315997356032 docker-registry[842]: 127.0.0.1 - - [31/Jul/2024:16:38:16 -0500] "GET /v2/libpod/testimage/manifests/00000004 HTTP/1.1" 200 970 "" "containers/5.32.0 (github.com/containers/image)"
Jul 31 16:38:16 cirrus-task-6448315997356032 docker-registry[842]: time="2024-07-31T16:38:16.127635534-05:00" level=info msg="response completed" go.version=go1.19.9 http.request.host="127.0.0.1:60333" http.request.id=4c45821d-1e91-4ae6-a676-00a613396b15 http.request.method=GET http.request.remoteaddr="127.0.0.1:50126" http.request.uri="/v2/libpod/testimage/manifests/sha256:cb68b7bfd2f4f7d36006efbe3bef04b57a343e0839588476ca336d9ff9240dbf" http.request.useragent="containers/5.32.0 (github.com/containers/image)" http.response.contenttype="application/vnd.docker.distribution.manifest.v2+json" http.response.duration=1.917425ms http.response.status=200 http.response.written=528
Jul 31 16:38:16 cirrus-task-6448315997356032 docker-registry[842]: 127.0.0.1 - - [31/Jul/2024:16:38:16 -0500] "GET /v2/libpod/testimage/manifests/sha256:cb68b7bfd2f4f7d36006efbe3bef04b57a343e0839588476ca336d9ff9240dbf HTTP/1.1" 200 528 "" "containers/5.32.0 (github.com/containers/image)"
Jul 31 16:38:16 cirrus-task-6448315997356032 docker-registry[842]: time="2024-07-31T16:38:16.135140271-05:00" level=info msg="response completed" go.version=go1.19.9 http.request.host="127.0.0.1:60333" http.request.id=5b916264-6630-45e5-976b-30abd6bef9f6 http.request.method=GET http.request.remoteaddr="127.0.0.1:50126" http.request.uri="/v2/libpod/testimage/manifests/sha256:9b7c3300f5f7cfe94e3101a28d1f0a28728f8dbc854fb16dd545b7e5aa351785" http.request.useragent="containers/5.32.0 (github.com/containers/image)" http.response.contenttype="application/vnd.docker.distribution.manifest.v2+json" http.response.duration=6.954156ms http.response.status=200 http.response.written=528
Jul 31 16:38:16 cirrus-task-6448315997356032 docker-registry[842]: 127.0.0.1 - - [31/Jul/2024:16:38:16 -0500] "GET /v2/libpod/testimage/manifests/sha256:9b7c3300f5f7cfe94e3101a28d1f0a28728f8dbc854fb16dd545b7e5aa351785 HTTP/1.1" 200 528 "" "containers/5.32.0 (github.com/containers/image)"
Jul 31 16:38:16 cirrus-task-6448315997356032 docker-registry[842]: time="2024-07-31T16:38:16.137287942-05:00" level=info msg="response completed" go.version=go1.19.9 http.request.host="127.0.0.1:60333" http.request.id=63904993-566f-4578-8e7d-cef118b698a5 http.request.method=GET http.request.remoteaddr="127.0.0.1:50126" http.request.uri="/v2/libpod/testimage/manifests/sha256:1385ce282f3a959d0d6baf45636efe686c1e14c3e7240eb31907436f7bc531fa" http.request.useragent="containers/5.32.0 (github.com/containers/image)" http.response.contenttype="application/vnd.docker.distribution.manifest.v2+json" http.response.duration=1.240839ms http.response.status=200 http.response.written=527
Jul 31 16:38:16 cirrus-task-6448315997356032 docker-registry[842]: 127.0.0.1 - - [31/Jul/2024:16:38:16 -0500] "GET /v2/libpod/testimage/manifests/sha256:1385ce282f3a959d0d6baf45636efe686c1e14c3e7240eb31907436f7bc531fa HTTP/1.1" 200 527 "" "containers/5.32.0 (github.com/containers/image)"
Jul 31 16:38:16 cirrus-task-6448315997356032 docker-registry[842]: time="2024-07-31T16:38:16.144218797-05:00" level=info msg="response completed" go.version=go1.19.9 http.request.host="127.0.0.1:60333" http.request.id=6dce70e4-345c-4784-b119-d051c3f94e39 http.request.method=GET http.request.remoteaddr="127.0.0.1:50126" http.request.uri="/v2/libpod/testimage/manifests/sha256:1462c8e885d567d534d82004656c764263f98deda813eb379689729658a133fb" http.request.useragent="containers/5.32.0 (github.com/containers/image)" http.response.contenttype="application/vnd.docker.distribution.manifest.v2+json" http.response.duration=1.349401ms http.response.status=200 http.response.written=527
Jul 31 16:38:16 cirrus-task-6448315997356032 docker-registry[842]: 127.0.0.1 - - [31/Jul/2024:16:38:16 -0500] "GET /v2/libpod/testimage/manifests/sha256:1462c8e885d567d534d82004656c764263f98deda813eb379689729658a133fb HTTP/1.1" 200 527 "" "containers/5.32.0 (github.com/containers/image)"
Jul 31 16:38:16 cirrus-task-6448315997356032 kernel: podman0: port 2(veth1) entered disabled state
Jul 31 16:38:16 cirrus-task-6448315997356032 kernel: veth1 (unregistering): left allmulticast mode
Jul 31 16:38:16 cirrus-task-6448315997356032 kernel: veth1 (unregistering): left promiscuous mode
Jul 31 16:38:16 cirrus-task-6448315997356032 docker-registry[842]: time="2024-07-31T16:38:16.149315278-05:00" level=info msg="response completed" go.version=go1.19.9 http.request.host="127.0.0.1:60333" http.request.id=4b7af15b-b6e7-47cb-918f-7ebd8ba959f2 http.request.method=GET http.request.remoteaddr="127.0.0.1:50126" http.request.uri="/v2/libpod/testimage/manifests/sha256:1462c8e885d567d534d82004656c764263f98deda813eb379689729658a133fb" http.request.useragent="containers/5.32.0 (github.com/containers/image)" http.response.contenttype="application/vnd.docker.distribution.manifest.v2+json" http.response.duration=3.642849ms http.response.status=200 http.response.written=527
Jul 31 16:38:16 cirrus-task-6448315997356032 docker-registry[842]: 127.0.0.1 - - [31/Jul/2024:16:38:16 -0500] "GET /v2/libpod/testimage/manifests/sha256:1462c8e885d567d534d82004656c764263f98deda813eb379689729658a133fb HTTP/1.1" 200 527 "" "containers/5.32.0 (github.com/containers/image)"
Jul 31 16:38:16 cirrus-task-6448315997356032 audit: ANOM_PROMISCUOUS dev=veth1 prom=0 old_prom=256 auid=4294967295 uid=0 gid=0 ses=4294967295
Jul 31 16:38:16 cirrus-task-6448315997356032 docker-registry[842]: time="2024-07-31T16:38:16.159601141-05:00" level=info msg="response completed" go.version=go1.19.9 http.request.host="127.0.0.1:60333" http.request.id=d47ae843-37c7-4249-a0d5-62f35630b21a http.request.method=GET http.request.remoteaddr="127.0.0.1:50126" http.request.uri="/v2/libpod/testimage/blobs/sha256:cecc78ee407586f0c9eec844d60b8d40698a35e8d3d59f11a45a6b19a21fb7f0" http.request.useragent="containers/5.32.0 (github.com/containers/image)" http.response.contenttype="application/octet-stream" http.response.duration=8.796842ms http.response.status=200 http.response.written=772815
Jul 31 16:38:16 cirrus-task-6448315997356032 docker-registry[842]: 127.0.0.1 - - [31/Jul/2024:16:38:16 -0500] "GET /v2/libpod/testimage/blobs/sha256:cecc78ee407586f0c9eec844d60b8d40698a35e8d3d59f11a45a6b19a21fb7f0 HTTP/1.1" 200 772815 "" "containers/5.32.0 (github.com/containers/image)"
Jul 31 16:38:16 cirrus-task-6448315997356032 kernel: podman0: port 2(veth1) entered disabled state
Jul 31 16:38:16 cirrus-task-6448315997356032 docker-registry[842]: time="2024-07-31T16:38:16.174289342-05:00" level=info msg="response completed" go.version=go1.19.9 http.request.host="127.0.0.1:60333" http.request.id=d13728b6-9db3-4ef6-9e98-0c96b80bd88d http.request.method=GET http.request.remoteaddr="127.0.0.1:50126" http.request.uri="/v2/libpod/testimage/blobs/sha256:560956ac186f909c45731174e2d2b62180b638aa44e16739d02f0fb39f7b4ffb" http.request.useragent="containers/5.32.0 (github.com/containers/image)" http.response.contenttype="application/octet-stream" http.response.duration=6.630457ms http.response.status=200 http.response.written=1454
Jul 31 16:38:16 cirrus-task-6448315997356032 docker-registry[842]: 127.0.0.1 - - [31/Jul/2024:16:38:16 -0500] "GET /v2/libpod/testimage/blobs/sha256:560956ac186f909c45731174e2d2b62180b638aa44e16739d02f0fb39f7b4ffb HTTP/1.1" 200 1454 "" "containers/5.32.0 (github.com/containers/image)"
Jul 31 16:38:16 cirrus-task-6448315997356032 docker-registry[842]: time="2024-07-31T16:38:16.219967358-05:00" level=info msg="response completed" go.version=go1.19.9 http.request.host="127.0.0.1:60333" http.request.id=2f404ee5-003c-4158-b36e-8d4dc52b8805 http.request.method=GET http.request.remoteaddr="127.0.0.1:50136" http.request.uri="/v2/" http.request.useragent="containers/5.32.0 (github.com/containers/image)" http.response.contenttype="application/json; charset=utf-8" http.response.duration=1.460392ms http.response.status=200 http.response.written=2
Jul 31 16:38:16 cirrus-task-6448315997356032 docker-registry[842]: 127.0.0.1 - - [31/Jul/2024:16:38:16 -0500] "GET /v2/ HTTP/1.1" 200 2 "" "containers/5.32.0 (github.com/containers/image)"
Jul 31 16:38:16 cirrus-task-6448315997356032 docker-registry[842]: time="2024-07-31T16:38:16.222475588-05:00" level=info msg="response completed" go.version=go1.19.9 http.request.host="127.0.0.1:60333" http.request.id=b3811ad6-3d24-49b4-9239-125f726d55da http.request.method=GET http.request.remoteaddr="127.0.0.1:50144" http.request.uri="/v2/libpod/testimage/manifests/00000004" http.request.useragent="containers/5.32.0 (github.com/containers/image)" http.response.contenttype="application/vnd.docker.distribution.manifest.list.v2+json" http.response.duration=1.895224ms http.response.status=200 http.response.written=970
Jul 31 16:38:16 cirrus-task-6448315997356032 docker-registry[842]: 127.0.0.1 - - [31/Jul/2024:16:38:16 -0500] "GET /v2/libpod/testimage/manifests/00000004 HTTP/1.1" 200 970 "" "containers/5.32.0 (github.com/containers/image)"
Jul 31 16:38:16 cirrus-task-6448315997356032 docker-registry[842]: time="2024-07-31T16:38:16.224899364-05:00" level=info msg="response completed" go.version=go1.19.9 http.request.host="127.0.0.1:60333" http.request.id=5eb67442-c5cd-4aaa-bf2e-dead6efd1244 http.request.method=GET http.request.remoteaddr="127.0.0.1:50144" http.request.uri="/v2/libpod/testimage/manifests/sha256:cb68b7bfd2f4f7d36006efbe3bef04b57a343e0839588476ca336d9ff9240dbf" http.request.useragent="containers/5.32.0 (github.com/containers/image)" http.response.contenttype="application/vnd.docker.distribution.manifest.v2+json" http.response.duration=1.521565ms http.response.status=200 http.response.written=528
Jul 31 16:38:16 cirrus-task-6448315997356032 docker-registry[842]: 127.0.0.1 - - [31/Jul/2024:16:38:16 -0500] "GET /v2/libpod/testimage/manifests/sha256:cb68b7bfd2f4f7d36006efbe3bef04b57a343e0839588476ca336d9ff9240dbf HTTP/1.1" 200 528 "" "containers/5.32.0 (github.com/containers/image)"
Jul 31 16:38:16 cirrus-task-6448315997356032 docker-registry[842]: time="2024-07-31T16:38:16.230519513-05:00" level=info msg="response completed" go.version=go1.19.9 http.request.host="127.0.0.1:60333" http.request.id=3903887d-6113-42f0-8306-daa93d6afe44 http.request.method=GET http.request.remoteaddr="127.0.0.1:50144" http.request.uri="/v2/libpod/testimage/manifests/sha256:9b7c3300f5f7cfe94e3101a28d1f0a28728f8dbc854fb16dd545b7e5aa351785" http.request.useragent="containers/5.32.0 (github.com/containers/image)" http.response.contenttype="application/vnd.docker.distribution.manifest.v2+json" http.response.duration=3.823989ms http.response.status=200 http.response.written=528
Jul 31 16:38:16 cirrus-task-6448315997356032 docker-registry[842]: 127.0.0.1 - - [31/Jul/2024:16:38:16 -0500] "GET /v2/libpod/testimage/manifests/sha256:9b7c3300f5f7cfe94e3101a28d1f0a28728f8dbc854fb16dd545b7e5aa351785 HTTP/1.1" 200 528 "" "containers/5.32.0 (github.com/containers/image)"
Jul 31 16:38:16 cirrus-task-6448315997356032 docker-registry[842]: time="2024-07-31T16:38:16.232870297-05:00" level=info msg="response completed" go.version=go1.19.9 http.request.host="127.0.0.1:60333" http.request.id=d83f4c16-03a7-4f30-8a29-89998b9f83f1 http.request.method=GET http.request.remoteaddr="127.0.0.1:50144" http.request.uri="/v2/libpod/testimage/manifests/sha256:1385ce282f3a959d0d6baf45636efe686c1e14c3e7240eb31907436f7bc531fa" http.request.useragent="containers/5.32.0 (github.com/containers/image)" http.response.contenttype="application/vnd.docker.distribution.manifest.v2+json" http.response.duration=1.72339ms http.response.status=200 http.response.written=527
Jul 31 16:38:16 cirrus-task-6448315997356032 docker-registry[842]: 127.0.0.1 - - [31/Jul/2024:16:38:16 -0500] "GET /v2/libpod/testimage/manifests/sha256:1385ce282f3a959d0d6baf45636efe686c1e14c3e7240eb31907436f7bc531fa HTTP/1.1" 200 527 "" "containers/5.32.0 (github.com/containers/image)"
Jul 31 16:38:16 cirrus-task-6448315997356032 docker-registry[842]: time="2024-07-31T16:38:16.236191556-05:00" level=info msg="response completed" go.version=go1.19.9 http.request.host="127.0.0.1:60333" http.request.id=91534ab8-f6c2-4d9c-9bdf-849529d1d3f0 http.request.method=GET http.request.remoteaddr="127.0.0.1:50144" http.request.uri="/v2/libpod/testimage/manifests/sha256:1462c8e885d567d534d82004656c764263f98deda813eb379689729658a133fb" http.request.useragent="containers/5.32.0 (github.com/containers/image)" http.response.contenttype="application/vnd.docker.distribution.manifest.v2+json" http.response.duration=1.897548ms http.response.status=200 http.response.written=527
Jul 31 16:38:16 cirrus-task-6448315997356032 docker-registry[842]: 127.0.0.1 - - [31/Jul/2024:16:38:16 -0500] "GET /v2/libpod/testimage/manifests/sha256:1462c8e885d567d534d82004656c764263f98deda813eb379689729658a133fb HTTP/1.1" 200 527 "" "containers/5.32.0 (github.com/containers/image)"
Jul 31 16:38:16 cirrus-task-6448315997356032 docker-registry[842]: time="2024-07-31T16:38:16.241194789-05:00" level=info msg="response completed" go.version=go1.19.9 http.request.host="127.0.0.1:60333" http.request.id=7ae048bd-dc5e-44e9-8b43-fe0164891be6 http.request.method=GET http.request.remoteaddr="127.0.0.1:50144" http.request.uri="/v2/libpod/testimage/manifests/sha256:1462c8e885d567d534d82004656c764263f98deda813eb379689729658a133fb" http.request.useragent="containers/5.32.0 (github.com/containers/image)" http.response.contenttype="application/vnd.docker.distribution.manifest.v2+json" http.response.duration=2.099867ms http.response.status=200 http.response.written=527
Jul 31 16:38:16 cirrus-task-6448315997356032 docker-registry[842]: 127.0.0.1 - - [31/Jul/2024:16:38:16 -0500] "GET /v2/libpod/testimage/manifests/sha256:1462c8e885d567d534d82004656c764263f98deda813eb379689729658a133fb HTTP/1.1" 200 527 "" "containers/5.32.0 (github.com/containers/image)"
Jul 31 16:38:16 cirrus-task-6448315997356032 docker-registry[842]: time="2024-07-31T16:38:16.262147463-05:00" level=info msg="response completed" go.version=go1.19.9 http.request.host="127.0.0.1:60333" http.request.id=a94fdd23-3efb-44cf-b253-641a37424aef http.request.method=GET http.request.remoteaddr="127.0.0.1:50170" http.request.uri="/v2/" http.request.useragent="containers/5.32.0 (github.com/containers/image)" http.response.contenttype="application/json; charset=utf-8" http.response.duration=1.436988ms http.response.status=200 http.response.written=2
Jul 31 16:38:16 cirrus-task-6448315997356032 docker-registry[842]: 127.0.0.1 - - [31/Jul/2024:16:38:16 -0500] "GET /v2/ HTTP/1.1" 200 2 "" "containers/5.32.0 (github.com/containers/image)"
Jul 31 16:38:16 cirrus-task-6448315997356032 docker-registry[842]: time="2024-07-31T16:38:16.264733747-05:00" level=info msg="response completed" go.version=go1.19.9 http.request.host="127.0.0.1:60333" http.request.id=b946afc8-dba7-4ac5-8581-a1b93e1c2848 http.request.method=GET http.request.remoteaddr="127.0.0.1:50182" http.request.uri="/v2/libpod/testimage/manifests/00000004" http.request.useragent="containers/5.32.0 (github.com/containers/image)" http.response.contenttype="application/vnd.docker.distribution.manifest.list.v2+json" http.response.duration=1.64582ms http.response.status=200 http.response.written=970
Jul 31 16:38:16 cirrus-task-6448315997356032 docker-registry[842]: 127.0.0.1 - - [31/Jul/2024:16:38:16 -0500] "GET /v2/libpod/testimage/manifests/00000004 HTTP/1.1" 200 970 "" "containers/5.32.0 (github.com/containers/image)"
Jul 31 16:38:16 cirrus-task-6448315997356032 docker-registry[842]: time="2024-07-31T16:38:16.26733469-05:00" level=info msg="response completed" go.version=go1.19.9 http.request.host="127.0.0.1:60333" http.request.id=17daf7fb-7952-4332-ac4b-1bd3b52fe311 http.request.method=GET http.request.remoteaddr="127.0.0.1:50182" http.request.uri="/v2/libpod/testimage/manifests/sha256:cb68b7bfd2f4f7d36006efbe3bef04b57a343e0839588476ca336d9ff9240dbf" http.request.useragent="containers/5.32.0 (github.com/containers/image)" http.response.contenttype="application/vnd.docker.distribution.manifest.v2+json" http.response.duration=1.708383ms http.response.status=200 http.response.written=528
Jul 31 16:38:16 cirrus-task-6448315997356032 docker-registry[842]: 127.0.0.1 - - [31/Jul/2024:16:38:16 -0500] "GET /v2/libpod/testimage/manifests/sha256:cb68b7bfd2f4f7d36006efbe3bef04b57a343e0839588476ca336d9ff9240dbf HTTP/1.1" 200 528 "" "containers/5.32.0 (github.com/containers/image)"
Jul 31 16:38:16 cirrus-task-6448315997356032 docker-registry[842]: time="2024-07-31T16:38:16.270479647-05:00" level=info msg="response completed" go.version=go1.19.9 http.request.host="127.0.0.1:60333" http.request.id=f73b3625-319c-42b6-88c5-44c032e3c555 http.request.method=GET http.request.remoteaddr="127.0.0.1:50182" http.request.uri="/v2/libpod/testimage/manifests/sha256:9b7c3300f5f7cfe94e3101a28d1f0a28728f8dbc854fb16dd545b7e5aa351785" http.request.useragent="containers/5.32.0 (github.com/containers/image)" http.response.contenttype="application/vnd.docker.distribution.manifest.v2+json" http.response.duration=2.239796ms http.response.status=200 http.response.written=528
