Jul 31 16:38:15 cirrus-task-6448315997356032 docker-registry[842]: time="2024-07-31T16:38:15.208579001-05:00" level=info msg="response completed" go.version=go1.19.9 http.request.host="127.0.0.1:60333" http.request.id=0b6c4398-e715-4996-98f5-84e88f4164a2 http.request.method=GET http.request.remoteaddr="127.0.0.1:50008" http.request.uri="/v2/libpod/testimage/manifests/sha256:1462c8e885d567d534d82004656c764263f98deda813eb379689729658a133fb" http.request.useragent="containers/5.32.0 (github.com/containers/image)" http.response.contenttype="application/vnd.docker.distribution.manifest.v2+json" http.response.duration=1.404711ms http.response.status=200 http.response.written=527
Jul 31 16:38:15 cirrus-task-6448315997356032 docker-registry[842]: 127.0.0.1 - - [31/Jul/2024:16:38:15 -0500] "GET /v2/libpod/testimage/manifests/sha256:1462c8e885d567d534d82004656c764263f98deda813eb379689729658a133fb HTTP/1.1" 200 527 "" "containers/5.32.0 (github.com/containers/image)"
Jul 31 16:38:15 cirrus-task-6448315997356032 docker-registry[842]: time="2024-07-31T16:38:15.215496438-05:00" level=info msg="response completed" go.version=go1.19.9 http.request.host="127.0.0.1:60333" http.request.id=a53e8091-fc5e-4392-b671-e8bb82594c56 http.request.method=GET http.request.remoteaddr="127.0.0.1:50008" http.request.uri="/v2/libpod/testimage/manifests/sha256:1462c8e885d567d534d82004656c764263f98deda813eb379689729658a133fb" http.request.useragent="containers/5.32.0 (github.com/containers/image)" http.response.contenttype="application/vnd.docker.distribution.manifest.v2+json" http.response.duration=5.283364ms http.response.status=200 http.response.written=527
Jul 31 16:38:15 cirrus-task-6448315997356032 docker-registry[842]: 127.0.0.1 - - [31/Jul/2024:16:38:15 -0500] "GET /v2/libpod/testimage/manifests/sha256:1462c8e885d567d534d82004656c764263f98deda813eb379689729658a133fb HTTP/1.1" 200 527 "" "containers/5.32.0 (github.com/containers/image)"
Jul 31 16:38:15 cirrus-task-6448315997356032 avahi-daemon[838]: Joining mDNS multicast group on interface veth0.IPv6 with address fe80::9810:4bff:fec9:e0f3.
Jul 31 16:38:15 cirrus-task-6448315997356032 avahi-daemon[838]: New relevant interface veth0.IPv6 for mDNS.
Jul 31 16:38:15 cirrus-task-6448315997356032 avahi-daemon[838]: Registering new address record for fe80::9810:4bff:fec9:e0f3 on veth0.*.
Jul 31 16:38:15 cirrus-task-6448315997356032 docker-registry[842]: time="2024-07-31T16:38:15.273774216-05:00" level=info msg="response completed" go.version=go1.19.9 http.request.host="127.0.0.1:60333" http.request.id=fd1b4f9b-59a3-4cbc-b994-24251a42f18d http.request.method=GET http.request.remoteaddr="127.0.0.1:50008" http.request.uri="/v2/libpod/testimage/blobs/sha256:cecc78ee407586f0c9eec844d60b8d40698a35e8d3d59f11a45a6b19a21fb7f0" http.request.useragent="containers/5.32.0 (github.com/containers/image)" http.response.contenttype="application/octet-stream" http.response.duration=56.525072ms http.response.status=200 http.response.written=772815
Jul 31 16:38:15 cirrus-task-6448315997356032 docker-registry[842]: 127.0.0.1 - - [31/Jul/2024:16:38:15 -0500] "GET /v2/libpod/testimage/blobs/sha256:cecc78ee407586f0c9eec844d60b8d40698a35e8d3d59f11a45a6b19a21fb7f0 HTTP/1.1" 200 772815 "" "containers/5.32.0 (github.com/containers/image)"
Jul 31 16:38:15 cirrus-task-6448315997356032 docker-registry[842]: time="2024-07-31T16:38:15.290206772-05:00" level=info msg="response completed" go.version=go1.19.9 http.request.host="127.0.0.1:60333" http.request.id=de6fb93c-acf2-4bf1-9840-7d465db3c9ee http.request.method=GET http.request.remoteaddr="127.0.0.1:50008" http.request.uri="/v2/libpod/testimage/blobs/sha256:560956ac186f909c45731174e2d2b62180b638aa44e16739d02f0fb39f7b4ffb" http.request.useragent="containers/5.32.0 (github.com/containers/image)" http.response.contenttype="application/octet-stream" http.response.duration=9.051986ms http.response.status=200 http.response.written=1454
Jul 31 16:38:15 cirrus-task-6448315997356032 docker-registry[842]: 127.0.0.1 - - [31/Jul/2024:16:38:15 -0500] "GET /v2/libpod/testimage/blobs/sha256:560956ac186f909c45731174e2d2b62180b638aa44e16739d02f0fb39f7b4ffb HTTP/1.1" 200 1454 "" "containers/5.32.0 (github.com/containers/image)"
Jul 31 16:38:15 cirrus-task-6448315997356032 docker-registry[842]: time="2024-07-31T16:38:15.293698087-05:00" level=info msg="response completed" go.version=go1.19.9 http.request.host="127.0.0.1:60333" http.request.id=206ec7da-19d1-4cd9-ac12-e0f061521074 http.request.method=GET http.request.remoteaddr="127.0.0.1:50008" http.request.uri="/v2/libpod/testimage/manifests/sha256:1385ce282f3a959d0d6baf45636efe686c1e14c3e7240eb31907436f7bc531fa" http.request.useragent="containers/5.32.0 (github.com/containers/image)" http.response.contenttype="application/vnd.docker.distribution.manifest.v2+json" http.response.duration=2.354817ms http.response.status=200 http.response.written=527
Jul 31 16:38:15 cirrus-task-6448315997356032 docker-registry[842]: 127.0.0.1 - - [31/Jul/2024:16:38:15 -0500] "GET /v2/libpod/testimage/manifests/sha256:1385ce282f3a959d0d6baf45636efe686c1e14c3e7240eb31907436f7bc531fa HTTP/1.1" 200 527 "" "containers/5.32.0 (github.com/containers/image)"
Jul 31 16:38:15 cirrus-task-6448315997356032 registry[51055]: 10.88.0.1 - - [31/Jul/2024:21:38:15 +0000] "GET /v2/ HTTP/1.1" 200 2 "" "containers/5.32.0 (github.com/containers/image)"
Jul 31 16:38:15 cirrus-task-6448315997356032 registry[51055]: time="2024-07-31T21:38:15.321431444Z" level=info msg="response completed" go.version=go1.19.9 http.request.host="localhost:5007" http.request.id=689c0a68-f7f1-4cb5-b5a5-8b5395edc17c http.request.method=GET http.request.remoteaddr="10.88.0.1:35620" http.request.uri="/v2/" http.request.useragent="containers/5.32.0 (github.com/containers/image)" http.response.contenttype="application/json; charset=utf-8" http.response.duration=1.937462ms http.response.status=200 http.response.written=2
Jul 31 16:38:15 cirrus-task-6448315997356032 registry[51055]: 10.88.0.1 - - [31/Jul/2024:21:38:15 +0000] "HEAD /v2/list/blobs/sha256:9d16cba9fb961d1aafec9542f2bf7cb64acfc55245f9e4eb5abecd4cdc38d749 HTTP/1.1" 404 157 "" "containers/5.32.0 (github.com/containers/image)"
Jul 31 16:38:15 cirrus-task-6448315997356032 registry[51055]: time="2024-07-31T21:38:15.326166272Z" level=error msg="response completed with error" err.code="blob unknown" err.detail=sha256:9d16cba9fb961d1aafec9542f2bf7cb64acfc55245f9e4eb5abecd4cdc38d749 err.message="blob unknown to registry" go.version=go1.19.9 http.request.host="localhost:5007" http.request.id=800065fd-eaf6-431f-8ebe-0fbfd47bdfb4 http.request.method=HEAD http.request.remoteaddr="10.88.0.1:35622" http.request.uri="/v2/list/blobs/sha256:9d16cba9fb961d1aafec9542f2bf7cb64acfc55245f9e4eb5abecd4cdc38d749" http.request.useragent="containers/5.32.0 (github.com/containers/image)" http.response.contenttype="application/json; charset=utf-8" http.response.duration=1.601463ms http.response.status=404 http.response.written=157 vars.digest="sha256:9d16cba9fb961d1aafec9542f2bf7cb64acfc55245f9e4eb5abecd4cdc38d749" vars.name=list
Jul 31 16:38:15 cirrus-task-6448315997356032 registry[51055]: 10.88.0.1 - - [31/Jul/2024:21:38:15 +0000] "HEAD /v2/list/blobs/sha256:bb6b46d16e58dbf20dacaeae92aa0d7418ef71a3f80de2b812b3ebf5318b7071 HTTP/1.1" 404 157 "" "containers/5.32.0 (github.com/containers/image)"
Jul 31 16:38:15 cirrus-task-6448315997356032 registry[51055]: time="2024-07-31T21:38:15.32820281Z" level=error msg="response completed with error" err.code="blob unknown" err.detail=sha256:bb6b46d16e58dbf20dacaeae92aa0d7418ef71a3f80de2b812b3ebf5318b7071 err.message="blob unknown to registry" go.version=go1.19.9 http.request.host="localhost:5007" http.request.id=7e88a018-bbc0-48f0-8f46-55ea8860a443 http.request.method=HEAD http.request.remoteaddr="10.88.0.1:35622" http.request.uri="/v2/list/blobs/sha256:bb6b46d16e58dbf20dacaeae92aa0d7418ef71a3f80de2b812b3ebf5318b7071" http.request.useragent="containers/5.32.0 (github.com/containers/image)" http.response.contenttype="application/json; charset=utf-8" http.response.duration=1.651837ms http.response.status=404 http.response.written=157 vars.digest="sha256:bb6b46d16e58dbf20dacaeae92aa0d7418ef71a3f80de2b812b3ebf5318b7071" vars.name=list
Jul 31 16:38:15 cirrus-task-6448315997356032 docker-registry[842]: time="2024-07-31T16:38:15.344058243-05:00" level=info msg="response completed" go.version=go1.19.9 http.request.host="127.0.0.1:60333" http.request.id=73d957ce-16b1-4b53-a799-fc053311b8bc http.request.method=GET http.request.remoteaddr="127.0.0.1:50008" http.request.uri="/v2/libpod/testimage/blobs/sha256:b12a2464d6ddf7ea48c8a95f4da7f96ce144c5276bbeebf602d5d5d0592e4bd2" http.request.useragent="containers/5.32.0 (github.com/containers/image)" http.response.contenttype="application/octet-stream" http.response.duration=48.702828ms http.response.status=200 http.response.written=828417
Jul 31 16:38:15 cirrus-task-6448315997356032 docker-registry[842]: 127.0.0.1 - - [31/Jul/2024:16:38:15 -0500] "GET /v2/libpod/testimage/blobs/sha256:b12a2464d6ddf7ea48c8a95f4da7f96ce144c5276bbeebf602d5d5d0592e4bd2 HTTP/1.1" 200 828417 "" "containers/5.32.0 (github.com/containers/image)"
Jul 31 16:38:15 cirrus-task-6448315997356032 docker-registry[842]: time="2024-07-31T16:38:15.361223322-05:00" level=info msg="response completed" go.version=go1.19.9 http.request.host="127.0.0.1:60333" http.request.id=76932287-6aa1-497a-93ae-0ecd5437c28d http.request.method=GET http.request.remoteaddr="127.0.0.1:50008" http.request.uri="/v2/libpod/testimage/blobs/sha256:ca9d74fb2502b1562d286fe580a20614571f2bad81654181bc35121b7869c010" http.request.useragent="containers/5.32.0 (github.com/containers/image)" http.response.contenttype="application/octet-stream" http.response.duration=5.408178ms http.response.status=200 http.response.written=1472
Jul 31 16:38:15 cirrus-task-6448315997356032 docker-registry[842]: 127.0.0.1 - - [31/Jul/2024:16:38:15 -0500] "GET /v2/libpod/testimage/blobs/sha256:ca9d74fb2502b1562d286fe580a20614571f2bad81654181bc35121b7869c010 HTTP/1.1" 200 1472 "" "containers/5.32.0 (github.com/containers/image)"
Jul 31 16:38:15 cirrus-task-6448315997356032 avahi-daemon[838]: Joining mDNS multicast group on interface podman0.IPv6 with address fe80::78c9:8dff:fe3f:118c.
Jul 31 16:38:15 cirrus-task-6448315997356032 avahi-daemon[838]: New relevant interface podman0.IPv6 for mDNS.
Jul 31 16:38:15 cirrus-task-6448315997356032 avahi-daemon[838]: Registering new address record for fe80::78c9:8dff:fe3f:118c on podman0.*.
Jul 31 16:38:15 cirrus-task-6448315997356032 docker-registry[842]: time="2024-07-31T16:38:15.366101709-05:00" level=info msg="response completed" go.version=go1.19.9 http.request.host="127.0.0.1:60333" http.request.id=ba69544c-86ba-46b0-81fd-c7d5c152870d http.request.method=GET http.request.remoteaddr="127.0.0.1:50008" http.request.uri="/v2/libpod/testimage/manifests/sha256:9b7c3300f5f7cfe94e3101a28d1f0a28728f8dbc854fb16dd545b7e5aa351785" http.request.useragent="containers/5.32.0 (github.com/containers/image)" http.response.contenttype="application/vnd.docker.distribution.manifest.v2+json" http.response.duration=3.751894ms http.response.status=200 http.response.written=528
Jul 31 16:38:15 cirrus-task-6448315997356032 docker-registry[842]: 127.0.0.1 - - [31/Jul/2024:16:38:15 -0500] "GET /v2/libpod/testimage/manifests/sha256:9b7c3300f5f7cfe94e3101a28d1f0a28728f8dbc854fb16dd545b7e5aa351785 HTTP/1.1" 200 528 "" "containers/5.32.0 (github.com/containers/image)"
Jul 31 16:38:15 cirrus-task-6448315997356032 registry[51055]: time="2024-07-31T21:38:15.372656081Z" level=info msg="response completed" go.version=go1.19.9 http.request.host="localhost:5007" http.request.id=767978a9-25e9-449f-a58e-48ca13ccd3d6 http.request.method=POST http.request.remoteaddr="10.88.0.1:35622" http.request.uri="/v2/list/blobs/uploads/" http.request.useragent="containers/5.32.0 (github.com/containers/image)" http.response.duration=4.721363ms http.response.status=202 http.response.written=0
Jul 31 16:38:15 cirrus-task-6448315997356032 registry[51055]: 10.88.0.1 - - [31/Jul/2024:21:38:15 +0000] "POST /v2/list/blobs/uploads/ HTTP/1.1" 202 0 "" "containers/5.32.0 (github.com/containers/image)"
Jul 31 16:38:15 cirrus-task-6448315997356032 docker-registry[842]: time="2024-07-31T16:38:15.466648883-05:00" level=info msg="response completed" go.version=go1.19.9 http.request.host="127.0.0.1:60333" http.request.id=75c9ddc1-9c83-459f-97a1-5a939a0c7b92 http.request.method=GET http.request.remoteaddr="127.0.0.1:50008" http.request.uri="/v2/libpod/testimage/blobs/sha256:ab2e5f71a4d6151a9bb1a817127668f0e66550791deb8463e1c6276c049d58ab" http.request.useragent="containers/5.32.0 (github.com/containers/image)" http.response.contenttype="application/octet-stream" http.response.duration=98.471706ms http.response.status=200 http.response.written=2484109
Jul 31 16:38:15 cirrus-task-6448315997356032 docker-registry[842]: 127.0.0.1 - - [31/Jul/2024:16:38:15 -0500] "GET /v2/libpod/testimage/blobs/sha256:ab2e5f71a4d6151a9bb1a817127668f0e66550791deb8463e1c6276c049d58ab HTTP/1.1" 200 2484109 "" "containers/5.32.0 (github.com/containers/image)"
Jul 31 16:38:15 cirrus-task-6448315997356032 registry[51055]: 10.88.0.1 - - [31/Jul/2024:21:38:15 +0000] "PATCH /v2/list/blobs/uploads/beb31076-b0d0-4fcb-8b3d-fa371496ac23?_state=UqrAY1jb9s8jVr1RdHaztA8IDkUGykSWNJibOdkLp657Ik5hbWUiOiJsaXN0IiwiVVVJRCI6ImJlYjMxMDc2LWIwZDAtNGZjYi04YjNkLWZhMzcxNDk2YWMyMyIsIk9mZnNldCI6MCwiU3RhcnRlZEF0IjoiMjAyNC0wNy0zMVQyMTozODoxNS4zNzA1MjI5NTVaIn0%3D HTTP/1.1" 202 0 "" "containers/5.32.0 (github.com/containers/image)"
Jul 31 16:38:15 cirrus-task-6448315997356032 registry[51055]: time="2024-07-31T21:38:15.510664649Z" level=info msg="response completed" go.version=go1.19.9 http.request.contenttype="application/octet-stream" http.request.host="localhost:5007" http.request.id=6adb9256-15cb-4142-98bd-6b89249e25d6 http.request.method=PATCH http.request.remoteaddr="10.88.0.1:35622" http.request.uri="/v2/list/blobs/uploads/beb31076-b0d0-4fcb-8b3d-fa371496ac23?_state=UqrAY1jb9s8jVr1RdHaztA8IDkUGykSWNJibOdkLp657Ik5hbWUiOiJsaXN0IiwiVVVJRCI6ImJlYjMxMDc2LWIwZDAtNGZjYi04YjNkLWZhMzcxNDk2YWMyMyIsIk9mZnNldCI6MCwiU3RhcnRlZEF0IjoiMjAyNC0wNy0zMVQyMTozODoxNS4zNzA1MjI5NTVaIn0%3D" http.request.useragent="containers/5.32.0 (github.com/containers/image)" http.response.duration=137.203802ms http.response.status=202 http.response.written=0
Jul 31 16:38:15 cirrus-task-6448315997356032 registry[51055]: 10.88.0.1 - - [31/Jul/2024:21:38:15 +0000] "PUT /v2/list/blobs/uploads/beb31076-b0d0-4fcb-8b3d-fa371496ac23?_state=BIE0Sj0LrAllT2IrSTkV7Ob3hPyaJ8hgESmqXYEe_b97Ik5hbWUiOiJsaXN0IiwiVVVJRCI6ImJlYjMxMDc2LWIwZDAtNGZjYi04YjNkLWZhMzcxNDk2YWMyMyIsIk9mZnNldCI6Mjg4NjU5NCwiU3RhcnRlZEF0IjoiMjAyNC0wNy0zMVQyMTozODoxNVoifQ%3D%3D&digest=sha256%3Abb6b46d16e58dbf20dacaeae92aa0d7418ef71a3f80de2b812b3ebf5318b7071 HTTP/1.1" 201 0 "" "containers/5.32.0 (github.com/containers/image)"
Jul 31 16:38:15 cirrus-task-6448315997356032 registry[51055]: time="2024-07-31T21:38:15.514614165Z" level=info msg="response completed" go.version=go1.19.9 http.request.contenttype="application/octet-stream" http.request.host="localhost:5007" http.request.id=008b9e75-ca0a-410f-9d08-8eb262723b6e http.request.method=PUT http.request.remoteaddr="10.88.0.1:35622" http.request.uri="/v2/list/blobs/uploads/beb31076-b0d0-4fcb-8b3d-fa371496ac23?_state=BIE0Sj0LrAllT2IrSTkV7Ob3hPyaJ8hgESmqXYEe_b97Ik5hbWUiOiJsaXN0IiwiVVVJRCI6ImJlYjMxMDc2LWIwZDAtNGZjYi04YjNkLWZhMzcxNDk2YWMyMyIsIk9mZnNldCI6Mjg4NjU5NCwiU3RhcnRlZEF0IjoiMjAyNC0wNy0zMVQyMTozODoxNVoifQ%3D%3D&digest=sha256%3Abb6b46d16e58dbf20dacaeae92aa0d7418ef71a3f80de2b812b3ebf5318b7071" http.request.useragent="containers/5.32.0 (github.com/containers/image)" http.response.duration=2.648336ms http.response.status=201 http.response.written=0
Jul 31 16:38:15 cirrus-task-6448315997356032 docker-registry[842]: time="2024-07-31T16:38:15.518785115-05:00" level=info msg="response completed" go.version=go1.19.9 http.request.host="127.0.0.1:60333" http.request.id=9d06c7a4-5071-4613-87f7-78a065053d8f http.request.method=GET http.request.remoteaddr="127.0.0.1:50008" http.request.uri="/v2/libpod/testimage/blobs/sha256:c8144b74d2570955931866eba4a0d1fdaf9a4a4adf48ded35d5a3ca8075a35df" http.request.useragent="containers/5.32.0 (github.com/containers/image)" http.response.contenttype="application/octet-stream" http.response.duration=3.599481ms http.response.status=200 http.response.written=1458
Jul 31 16:38:15 cirrus-task-6448315997356032 docker-registry[842]: 127.0.0.1 - - [31/Jul/2024:16:38:15 -0500] "GET /v2/libpod/testimage/blobs/sha256:c8144b74d2570955931866eba4a0d1fdaf9a4a4adf48ded35d5a3ca8075a35df HTTP/1.1" 200 1458 "" "containers/5.32.0 (github.com/containers/image)"
Jul 31 16:38:15 cirrus-task-6448315997356032 registry[51055]: 10.88.0.1 - - [31/Jul/2024:21:38:15 +0000] "HEAD /v2/list/blobs/sha256:961769676411f082461f9ef46626dd7a2d1e2b2a38e6a44364bcbecf51e66dd4 HTTP/1.1" 404 157 "" "containers/5.32.0 (github.com/containers/image)"
Jul 31 16:38:15 cirrus-task-6448315997356032 registry[51055]: time="2024-07-31T21:38:15.523421866Z" level=error msg="response completed with error" err.code="blob unknown" err.detail=sha256:961769676411f082461f9ef46626dd7a2d1e2b2a38e6a44364bcbecf51e66dd4 err.message="blob unknown to registry" go.version=go1.19.9 http.request.host="localhost:5007" http.request.id=6636e6e7-0368-48f0-9a03-f557c5f0a55d http.request.method=HEAD http.request.remoteaddr="10.88.0.1:35622" http.request.uri="/v2/list/blobs/sha256:961769676411f082461f9ef46626dd7a2d1e2b2a38e6a44364bcbecf51e66dd4" http.request.useragent="containers/5.32.0 (github.com/containers/image)" http.response.contenttype="application/json; charset=utf-8" http.response.duration=4.139594ms http.response.status=404 http.response.written=157 vars.digest="sha256:961769676411f082461f9ef46626dd7a2d1e2b2a38e6a44364bcbecf51e66dd4" vars.name=list
Jul 31 16:38:15 cirrus-task-6448315997356032 docker-registry[842]: time="2024-07-31T16:38:15.52565405-05:00" level=info msg="response completed" go.version=go1.19.9 http.request.host="127.0.0.1:60333" http.request.id=3f847ba8-5dbd-4744-8249-6e39771667ad http.request.method=GET http.request.remoteaddr="127.0.0.1:50008" http.request.uri="/v2/libpod/testimage/manifests/sha256:cb68b7bfd2f4f7d36006efbe3bef04b57a343e0839588476ca336d9ff9240dbf" http.request.useragent="containers/5.32.0 (github.com/containers/image)" http.response.contenttype="application/vnd.docker.distribution.manifest.v2+json" http.response.duration=1.484483ms http.response.status=200 http.response.written=528
Jul 31 16:38:15 cirrus-task-6448315997356032 docker-registry[842]: 127.0.0.1 - - [31/Jul/2024:16:38:15 -0500] "GET /v2/libpod/testimage/manifests/sha256:cb68b7bfd2f4f7d36006efbe3bef04b57a343e0839588476ca336d9ff9240dbf HTTP/1.1" 200 528 "" "containers/5.32.0 (github.com/containers/image)"
Jul 31 16:38:15 cirrus-task-6448315997356032 registry[51055]: 10.88.0.1 - - [31/Jul/2024:21:38:15 +0000] "POST /v2/list/blobs/uploads/ HTTP/1.1" 202 0 "" "containers/5.32.0 (github.com/containers/image)"
Jul 31 16:38:15 cirrus-task-6448315997356032 docker-registry[842]: time="2024-07-31T16:38:15.532083077-05:00" level=info msg="response completed" go.version=go1.19.9 http.request.host="127.0.0.1:60333" http.request.id=4c19e5c9-3063-41e2-bcbe-fbcf16691be7 http.request.method=GET http.request.remoteaddr="127.0.0.1:50022" http.request.uri="/v2/" http.request.useragent="containers/5.32.0 (github.com/containers/image)" http.response.contenttype="application/json; charset=utf-8" http.response.duration=2.183023ms http.response.status=200 http.response.written=2
Jul 31 16:38:15 cirrus-task-6448315997356032 docker-registry[842]: 127.0.0.1 - - [31/Jul/2024:16:38:15 -0500] "GET /v2/ HTTP/1.1" 200 2 "" "containers/5.32.0 (github.com/containers/image)"
Jul 31 16:38:15 cirrus-task-6448315997356032 registry[51055]: 10.88.0.1 - - [31/Jul/2024:21:38:15 +0000] "PATCH /v2/list/blobs/uploads/4d0965e3-9f1e-45da-984a-8097a51c7f65?_state=KalYKVkGDSj7hpfD7lj0G84fhEznb6qJuKdvQOZHl0d7Ik5hbWUiOiJsaXN0IiwiVVVJRCI6IjRkMDk2NWUzLTlmMWUtNDVkYS05ODRhLTgwOTdhNTFjN2Y2NSIsIk9mZnNldCI6MCwiU3RhcnRlZEF0IjoiMjAyNC0wNy0zMVQyMTozODoxNS41MjUzODY1ODFaIn0%3D HTTP/1.1" 202 0 "" "containers/5.32.0 (github.com/containers/image)"
Jul 31 16:38:15 cirrus-task-6448315997356032 registry[51055]: time="2024-07-31T21:38:15.526385995Z" level=info msg="response completed" go.version=go1.19.9 http.request.host="localhost:5007" http.request.id=9e77614b-64b0-40b6-aebc-52827c56f1e8 http.request.method=POST http.request.remoteaddr="10.88.0.1:35622" http.request.uri="/v2/list/blobs/uploads/" http.request.useragent="containers/5.32.0 (github.com/containers/image)" http.response.duration=2.549419ms http.response.status=202 http.response.written=0
Jul 31 16:38:15 cirrus-task-6448315997356032 registry[51055]: time="2024-07-31T21:38:15.530389317Z" level=info msg="response completed" go.version=go1.19.9 http.request.contenttype="application/octet-stream" http.request.host="localhost:5007" http.request.id=247fcf22-19dd-4f87-81f3-1bb81f5e652d http.request.method=PATCH http.request.remoteaddr="10.88.0.1:35622" http.request.uri="/v2/list/blobs/uploads/4d0965e3-9f1e-45da-984a-8097a51c7f65?_state=KalYKVkGDSj7hpfD7lj0G84fhEznb6qJuKdvQOZHl0d7Ik5hbWUiOiJsaXN0IiwiVVVJRCI6IjRkMDk2NWUzLTlmMWUtNDVkYS05ODRhLTgwOTdhNTFjN2Y2NSIsIk9mZnNldCI6MCwiU3RhcnRlZEF0IjoiMjAyNC0wNy0zMVQyMTozODoxNS41MjUzODY1ODFaIn0%3D" http.request.useragent="containers/5.32.0 (github.com/containers/image)" http.response.duration=3.635082ms http.response.status=202 http.response.written=0
Jul 31 16:38:15 cirrus-task-6448315997356032 registry[51055]: time="2024-07-31T21:38:15.535182971Z" level=info msg="response completed" go.version=go1.19.9 http.request.contenttype="application/octet-stream" http.request.host="localhost:5007" http.request.id=68167b31-db29-42e2-aeb6-ed08eaba3a34 http.request.method=PUT http.request.remoteaddr="10.88.0.1:35622" http.request.uri="/v2/list/blobs/uploads/4d0965e3-9f1e-45da-984a-8097a51c7f65?_state=33EjPYfYizPLElNeyx5bahy6WdyMApJYvAOIBT7whs57Ik5hbWUiOiJsaXN0IiwiVVVJRCI6IjRkMDk2NWUzLTlmMWUtNDVkYS05ODRhLTgwOTdhNTFjN2Y2NSIsIk9mZnNldCI6MTUxMiwiU3RhcnRlZEF0IjoiMjAyNC0wNy0zMVQyMTozODoxNVoifQ%3D%3D&digest=sha256%3A961769676411f082461f9ef46626dd7a2d1e2b2a38e6a44364bcbecf51e66dd4" http.request.useragent="containers/5.32.0 (github.com/containers/image)" http.response.duration=2.510808ms http.response.status=201 http.response.written=0
Jul 31 16:38:15 cirrus-task-6448315997356032 registry[51055]: 10.88.0.1 - - [31/Jul/2024:21:38:15 +0000] "PUT /v2/list/blobs/uploads/4d0965e3-9f1e-45da-984a-8097a51c7f65?_state=33EjPYfYizPLElNeyx5bahy6WdyMApJYvAOIBT7whs57Ik5hbWUiOiJsaXN0IiwiVVVJRCI6IjRkMDk2NWUzLTlmMWUtNDVkYS05ODRhLTgwOTdhNTFjN2Y2NSIsIk9mZnNldCI6MTUxMiwiU3RhcnRlZEF0IjoiMjAyNC0wNy0zMVQyMTozODoxNVoifQ%3D%3D&digest=sha256%3A961769676411f082461f9ef46626dd7a2d1e2b2a38e6a44364bcbecf51e66dd4 HTTP/1.1" 201 0 "" "containers/5.32.0 (github.com/containers/image)"
Jul 31 16:38:15 cirrus-task-6448315997356032 registry[51055]: time="2024-07-31T21:38:15.538636719Z" level=info msg="response completed" go.version=go1.19.9 http.request.contenttype="application/vnd.docker.distribution.manifest.v2+json" http.request.host="localhost:5007" http.request.id=d379b348-056b-41ae-8579-62d0bef1384a http.request.method=PUT http.request.remoteaddr="10.88.0.1:35622" http.request.uri="/v2/list/manifests/sha256:aeaa685034b386fe90ac983ff14af965366c8bd3e79cb047fc1a01efb087c054" http.request.useragent="containers/5.32.0 (github.com/containers/image)" http.response.duration=1.933974ms http.response.status=201 http.response.written=0
Jul 31 16:38:15 cirrus-task-6448315997356032 registry[51055]: 10.88.0.1 - - [31/Jul/2024:21:38:15 +0000] "PUT /v2/list/manifests/sha256:aeaa685034b386fe90ac983ff14af965366c8bd3e79cb047fc1a01efb087c054 HTTP/1.1" 201 0 "" "containers/5.32.0 (github.com/containers/image)"
Jul 31 16:38:15 cirrus-task-6448315997356032 docker-registry[842]: time="2024-07-31T16:38:15.540933207-05:00" level=info msg="response completed" go.version=go1.19.9 http.request.host="127.0.0.1:60333" http.request.id=a28dc75c-5633-4df1-afa5-6b034866928f http.request.method=GET http.request.remoteaddr="127.0.0.1:50034" http.request.uri="/v2/libpod/testimage/manifests/00000004" http.request.useragent="containers/5.32.0 (github.com/containers/image)" http.response.contenttype="application/vnd.docker.distribution.manifest.list.v2+json" http.response.duration=6.487052ms http.response.status=200 http.response.written=970
Jul 31 16:38:15 cirrus-task-6448315997356032 docker-registry[842]: 127.0.0.1 - - [31/Jul/2024:16:38:15 -0500] "GET /v2/libpod/testimage/manifests/00000004 HTTP/1.1" 200 970 "" "containers/5.32.0 (github.com/containers/image)"
Jul 31 16:38:15 cirrus-task-6448315997356032 registry[51055]: time="2024-07-31T21:38:15.541924729Z" level=error msg="response completed with error" err.code="blob unknown" err.detail=sha256:6554ea5f1e4ab40a511f1a1b88aaa2b7da12e1be67afbf03b23da0411026dea9 err.message="blob unknown to registry" go.version=go1.19.9 http.request.host="localhost:5007" http.request.id=b4cc76ed-d5f0-4a84-863f-155afce0aecd http.request.method=HEAD http.request.remoteaddr="10.88.0.1:35622" http.request.uri="/v2/list/blobs/sha256:6554ea5f1e4ab40a511f1a1b88aaa2b7da12e1be67afbf03b23da0411026dea9" http.request.useragent="containers/5.32.0 (github.com/containers/image)" http.response.contenttype="application/json; charset=utf-8" http.response.duration=1.391237ms http.response.status=404 http.response.written=157 vars.digest="sha256:6554ea5f1e4ab40a511f1a1b88aaa2b7da12e1be67afbf03b23da0411026dea9" vars.name=list
Jul 31 16:38:15 cirrus-task-6448315997356032 registry[51055]: 10.88.0.1 - - [31/Jul/2024:21:38:15 +0000] "HEAD /v2/list/blobs/sha256:6554ea5f1e4ab40a511f1a1b88aaa2b7da12e1be67afbf03b23da0411026dea9 HTTP/1.1" 404 157 "" "containers/5.32.0 (github.com/containers/image)"
Jul 31 16:38:15 cirrus-task-6448315997356032 docker-registry[842]: time="2024-07-31T16:38:15.543186236-05:00" level=info msg="response completed" go.version=go1.19.9 http.request.host="127.0.0.1:60333" http.request.id=b588990e-fc56-490e-b6b2-b698659498c3 http.request.method=GET http.request.remoteaddr="127.0.0.1:50034" http.request.uri="/v2/libpod/testimage/manifests/sha256:1462c8e885d567d534d82004656c764263f98deda813eb379689729658a133fb" http.request.useragent="containers/5.32.0 (github.com/containers/image)" http.response.contenttype="application/vnd.docker.distribution.manifest.v2+json" http.response.duration=1.686714ms http.response.status=200 http.response.written=527
Jul 31 16:38:15 cirrus-task-6448315997356032 docker-registry[842]: 127.0.0.1 - - [31/Jul/2024:16:38:15 -0500] "GET /v2/libpod/testimage/manifests/sha256:1462c8e885d567d534d82004656c764263f98deda813eb379689729658a133fb HTTP/1.1" 200 527 "" "containers/5.32.0 (github.com/containers/image)"
Jul 31 16:38:15 cirrus-task-6448315997356032 docker-registry[842]: time="2024-07-31T16:38:15.545207255-05:00" level=info msg="response completed" go.version=go1.19.9 http.request.host="127.0.0.1:60333" http.request.id=9c01cfa0-c41e-4d90-a8c7-7665b05b9d94 http.request.method=GET http.request.remoteaddr="127.0.0.1:50034" http.request.uri="/v2/libpod/testimage/manifests/sha256:1385ce282f3a959d0d6baf45636efe686c1e14c3e7240eb31907436f7bc531fa" http.request.useragent="containers/5.32.0 (github.com/containers/image)" http.response.contenttype="application/vnd.docker.distribution.manifest.v2+json" http.response.duration=1.37851ms http.response.status=200 http.response.written=527
Jul 31 16:38:15 cirrus-task-6448315997356032 docker-registry[842]: 127.0.0.1 - - [31/Jul/2024:16:38:15 -0500] "GET /v2/libpod/testimage/manifests/sha256:1385ce282f3a959d0d6baf45636efe686c1e14c3e7240eb31907436f7bc531fa HTTP/1.1" 200 527 "" "containers/5.32.0 (github.com/containers/image)"
Jul 31 16:38:15 cirrus-task-6448315997356032 docker-registry[842]: time="2024-07-31T16:38:15.547248722-05:00" level=info msg="response completed" go.version=go1.19.9 http.request.host="127.0.0.1:60333" http.request.id=9c40b2cf-9cfc-4e21-b141-56a01cd62cdc http.request.method=GET http.request.remoteaddr="127.0.0.1:50034" http.request.uri="/v2/libpod/testimage/manifests/sha256:9b7c3300f5f7cfe94e3101a28d1f0a28728f8dbc854fb16dd545b7e5aa351785" http.request.useragent="containers/5.32.0 (github.com/containers/image)" http.response.contenttype="application/vnd.docker.distribution.manifest.v2+json" http.response.duration=1.359086ms http.response.status=200 http.response.written=528
Jul 31 16:38:15 cirrus-task-6448315997356032 docker-registry[842]: 127.0.0.1 - - [31/Jul/2024:16:38:15 -0500] "GET /v2/libpod/testimage/manifests/sha256:9b7c3300f5f7cfe94e3101a28d1f0a28728f8dbc854fb16dd545b7e5aa351785 HTTP/1.1" 200 528 "" "containers/5.32.0 (github.com/containers/image)"
Jul 31 16:38:15 cirrus-task-6448315997356032 docker-registry[842]: time="2024-07-31T16:38:15.54917249-05:00" level=info msg="response completed" go.version=go1.19.9 http.request.host="127.0.0.1:60333" http.request.id=7768c780-62cb-4432-81ad-98c51ff362ae http.request.method=GET http.request.remoteaddr="127.0.0.1:50034" http.request.uri="/v2/libpod/testimage/manifests/sha256:cb68b7bfd2f4f7d36006efbe3bef04b57a343e0839588476ca336d9ff9240dbf" http.request.useragent="containers/5.32.0 (github.com/containers/image)" http.response.contenttype="application/vnd.docker.distribution.manifest.v2+json" http.response.duration=1.371275ms http.response.status=200 http.response.written=528
Jul 31 16:38:15 cirrus-task-6448315997356032 docker-registry[842]: 127.0.0.1 - - [31/Jul/2024:16:38:15 -0500] "GET /v2/libpod/testimage/manifests/sha256:cb68b7bfd2f4f7d36006efbe3bef04b57a343e0839588476ca336d9ff9240dbf HTTP/1.1" 200 528 "" "containers/5.32.0 (github.com/containers/image)"
Jul 31 16:38:15 cirrus-task-6448315997356032 registry[51055]: time="2024-07-31T21:38:15.572448567Z" level=info msg="response completed" go.version=go1.19.9 http.request.host="localhost:5007" http.request.id=18b8e02c-ccd2-4b81-8227-a0bc1537751d http.request.method=POST http.request.remoteaddr="10.88.0.1:35622" http.request.uri="/v2/list/blobs/uploads/" http.request.useragent="containers/5.32.0 (github.com/containers/image)" http.response.duration=4.405487ms http.response.status=202 http.response.written=0
Jul 31 16:38:15 cirrus-task-6448315997356032 registry[51055]: 10.88.0.1 - - [31/Jul/2024:21:38:15 +0000] "POST /v2/list/blobs/uploads/ HTTP/1.1" 202 0 "" "containers/5.32.0 (github.com/containers/image)"
Jul 31 16:38:15 cirrus-task-6448315997356032 docker-registry[842]: time="2024-07-31T16:38:15.623077172-05:00" level=info msg="response completed" go.version=go1.19.9 http.request.host="127.0.0.1:60333" http.request.id=51f7d2c2-2374-408f-b5d4-5be0fdf01a99 http.request.method=GET http.request.remoteaddr="127.0.0.1:50060" http.request.uri="/v2/" http.request.useragent="containers/5.32.0 (github.com/containers/image)" http.response.contenttype="application/json; charset=utf-8" http.response.duration=1.845159ms http.response.status=200 http.response.written=2
Jul 31 16:38:15 cirrus-task-6448315997356032 docker-registry[842]: 127.0.0.1 - - [31/Jul/2024:16:38:15 -0500] "GET /v2/ HTTP/1.1" 200 2 "" "containers/5.32.0 (github.com/containers/image)"
Jul 31 16:38:15 cirrus-task-6448315997356032 docker-registry[842]: time="2024-07-31T16:38:15.627764748-05:00" level=info msg="response completed" go.version=go1.19.9 http.request.host="127.0.0.1:60333" http.request.id=83fe58bb-f863-4b4b-aac0-c2fa07093c35 http.request.method=GET http.request.remoteaddr="127.0.0.1:50070" http.request.uri="/v2/libpod/testimage/manifests/00000004" http.request.useragent="containers/5.32.0 (github.com/containers/image)" http.response.contenttype="application/vnd.docker.distribution.manifest.list.v2+json" http.response.duration=2.358205ms http.response.status=200 http.response.written=970
Jul 31 16:38:15 cirrus-task-6448315997356032 docker-registry[842]: 127.0.0.1 - - [31/Jul/2024:16:38:15 -0500] "GET /v2/libpod/testimage/manifests/00000004 HTTP/1.1" 200 970 "" "containers/5.32.0 (github.com/containers/image)"
Jul 31 16:38:15 cirrus-task-6448315997356032 docker-registry[842]: time="2024-07-31T16:38:15.632593126-05:00" level=info msg="response completed" go.version=go1.19.9 http.request.host="127.0.0.1:60333" http.request.id=dcef65e7-efa9-4fb3-b237-45e6d922dda0 http.request.method=GET http.request.remoteaddr="127.0.0.1:50070" http.request.uri="/v2/libpod/testimage/manifests/sha256:cb68b7bfd2f4f7d36006efbe3bef04b57a343e0839588476ca336d9ff9240dbf" http.request.useragent="containers/5.32.0 (github.com/containers/image)" http.response.contenttype="application/vnd.docker.distribution.manifest.v2+json" http.response.duration=4.153386ms http.response.status=200 http.response.written=528
Jul 31 16:38:15 cirrus-task-6448315997356032 docker-registry[842]: 127.0.0.1 - - [31/Jul/2024:16:38:15 -0500] "GET /v2/libpod/testimage/manifests/sha256:cb68b7bfd2f4f7d36006efbe3bef04b57a343e0839588476ca336d9ff9240dbf HTTP/1.1" 200 528 "" "containers/5.32.0 (github.com/containers/image)"
Jul 31 16:38:15 cirrus-task-6448315997356032 docker-registry[842]: time="2024-07-31T16:38:15.635471158-05:00" level=info msg="response completed" go.version=go1.19.9 http.request.host="127.0.0.1:60333" http.request.id=a7843e51-2167-4ee8-a652-d743c2a46e0a http.request.method=GET http.request.remoteaddr="127.0.0.1:50070" http.request.uri="/v2/libpod/testimage/manifests/sha256:9b7c3300f5f7cfe94e3101a28d1f0a28728f8dbc854fb16dd545b7e5aa351785" http.request.useragent="containers/5.32.0 (github.com/containers/image)" http.response.contenttype="application/vnd.docker.distribution.manifest.v2+json" http.response.duration=2.240418ms http.response.status=200 http.response.written=528
Jul 31 16:38:15 cirrus-task-6448315997356032 docker-registry[842]: 127.0.0.1 - - [31/Jul/2024:16:38:15 -0500] "GET /v2/libpod/testimage/manifests/sha256:9b7c3300f5f7cfe94e3101a28d1f0a28728f8dbc854fb16dd545b7e5aa351785 HTTP/1.1" 200 528 "" "containers/5.32.0 (github.com/containers/image)"
Jul 31 16:38:15 cirrus-task-6448315997356032 docker-registry[842]: time="2024-07-31T16:38:15.637839846-05:00" level=info msg="response completed" go.version=go1.19.9 http.request.host="127.0.0.1:60333" http.request.id=d0601c58-714a-416d-ae85-5b8f73c67b2c http.request.method=GET http.request.remoteaddr="127.0.0.1:50070" http.request.uri="/v2/libpod/testimage/manifests/sha256:1385ce282f3a959d0d6baf45636efe686c1e14c3e7240eb31907436f7bc531fa" http.request.useragent="containers/5.32.0 (github.com/containers/image)" http.response.contenttype="application/vnd.docker.distribution.manifest.v2+json" http.response.duration=1.447485ms http.response.status=200 http.response.written=527
Jul 31 16:38:15 cirrus-task-6448315997356032 docker-registry[842]: 127.0.0.1 - - [31/Jul/2024:16:38:15 -0500] "GET /v2/libpod/testimage/manifests/sha256:1385ce282f3a959d0d6baf45636efe686c1e14c3e7240eb31907436f7bc531fa HTTP/1.1" 200 527 "" "containers/5.32.0 (github.com/containers/image)"
Jul 31 16:38:15 cirrus-task-6448315997356032 docker-registry[842]: time="2024-07-31T16:38:15.639983797-05:00" level=info msg="response completed" go.version=go1.19.9 http.request.host="127.0.0.1:60333" http.request.id=d4b5ad75-57ae-4c3f-aa06-d1d0d7180cf6 http.request.method=GET http.request.remoteaddr="127.0.0.1:50070" http.request.uri="/v2/libpod/testimage/manifests/sha256:1462c8e885d567d534d82004656c764263f98deda813eb379689729658a133fb" http.request.useragent="containers/5.32.0 (github.com/containers/image)" http.response.contenttype="application/vnd.docker.distribution.manifest.v2+json" http.response.duration=1.520699ms http.response.status=200 http.response.written=527
Jul 31 16:38:15 cirrus-task-6448315997356032 docker-registry[842]: 127.0.0.1 - - [31/Jul/2024:16:38:15 -0500] "GET /v2/libpod/testimage/manifests/sha256:1462c8e885d567d534d82004656c764263f98deda813eb379689729658a133fb HTTP/1.1" 200 527 "" "containers/5.32.0 (github.com/containers/image)"
Jul 31 16:38:15 cirrus-task-6448315997356032 docker-registry[842]: time="2024-07-31T16:38:15.645713535-05:00" level=info msg="response completed" go.version=go1.19.9 http.request.host="127.0.0.1:60333" http.request.id=c500869c-d19b-47fa-b56c-29876dfeec8a http.request.method=GET http.request.remoteaddr="127.0.0.1:50070" http.request.uri="/v2/libpod/testimage/manifests/sha256:1462c8e885d567d534d82004656c764263f98deda813eb379689729658a133fb" http.request.useragent="containers/5.32.0 (github.com/containers/image)" http.response.contenttype="application/vnd.docker.distribution.manifest.v2+json" http.response.duration=3.593495ms http.response.status=200 http.response.written=527
Jul 31 16:38:15 cirrus-task-6448315997356032 docker-registry[842]: 127.0.0.1 - - [31/Jul/2024:16:38:15 -0500] "GET /v2/libpod/testimage/manifests/sha256:1462c8e885d567d534d82004656c764263f98deda813eb379689729658a133fb HTTP/1.1" 200 527 "" "containers/5.32.0 (github.com/containers/image)"
Jul 31 16:38:15 cirrus-task-6448315997356032 docker-registry[842]: time="2024-07-31T16:38:15.646558291-05:00" level=info msg="response completed" go.version=go1.19.9 http.request.host="127.0.0.1:60333" http.request.id=b88539f0-6253-40d0-bb3e-80e78470e737 http.request.method=GET http.request.remoteaddr="127.0.0.1:50008" http.request.uri="/v2/libpod/testimage/blobs/sha256:a2b63dd54b3be40c1c489ba648c26875b4fa20723b08158cce30784a6ecafdc0" http.request.useragent="containers/5.32.0 (github.com/containers/image)" http.response.contenttype="application/octet-stream" http.response.duration=118.133019ms http.response.status=200 http.response.written=2006977
Jul 31 16:38:15 cirrus-task-6448315997356032 docker-registry[842]: 127.0.0.1 - - [31/Jul/2024:16:38:15 -0500] "GET /v2/libpod/testimage/blobs/sha256:a2b63dd54b3be40c1c489ba648c26875b4fa20723b08158cce30784a6ecafdc0 HTTP/1.1" 200 2006977 "" "containers/5.32.0 (github.com/containers/image)"
Jul 31 16:38:15 cirrus-task-6448315997356032 docker-registry[842]: time="2024-07-31T16:38:15.654864423-05:00" level=info msg="response completed" go.version=go1.19.9 http.request.host="127.0.0.1:60333" http.request.id=3bed1667-43dc-42a2-894f-50059a9db25e http.request.method=GET http.request.remoteaddr="127.0.0.1:50070" http.request.uri="/v2/libpod/testimage/blobs/sha256:cecc78ee407586f0c9eec844d60b8d40698a35e8d3d59f11a45a6b19a21fb7f0" http.request.useragent="containers/5.32.0 (github.com/containers/image)" http.response.contenttype="application/octet-stream" http.response.duration=8.157112ms http.response.status=200 http.response.written=772815
Jul 31 16:38:15 cirrus-task-6448315997356032 docker-registry[842]: 127.0.0.1 - - [31/Jul/2024:16:38:15 -0500] "GET /v2/libpod/testimage/blobs/sha256:cecc78ee407586f0c9eec844d60b8d40698a35e8d3d59f11a45a6b19a21fb7f0 HTTP/1.1" 200 772815 "" "containers/5.32.0 (github.com/containers/image)"
Jul 31 16:38:15 cirrus-task-6448315997356032 docker-registry[842]: time="2024-07-31T16:38:15.669465138-05:00" level=info msg="response completed" go.version=go1.19.9 http.request.host="127.0.0.1:60333" http.request.id=4e77a2dd-dae9-438b-9063-0f24fe90aefc http.request.method=GET http.request.remoteaddr="127.0.0.1:50070" http.request.uri="/v2/libpod/testimage/blobs/sha256:560956ac186f909c45731174e2d2b62180b638aa44e16739d02f0fb39f7b4ffb" http.request.useragent="containers/5.32.0 (github.com/containers/image)" http.response.contenttype="application/octet-stream" http.response.duration=4.328917ms http.response.status=200 http.response.written=1454
Jul 31 16:38:15 cirrus-task-6448315997356032 docker-registry[842]: 127.0.0.1 - - [31/Jul/2024:16:38:15 -0500] "GET /v2/libpod/testimage/blobs/sha256:560956ac186f909c45731174e2d2b62180b638aa44e16739d02f0fb39f7b4ffb HTTP/1.1" 200 1454 "" "containers/5.32.0 (github.com/containers/image)"
Jul 31 16:38:15 cirrus-task-6448315997356032 docker-registry[842]: time="2024-07-31T16:38:15.680206503-05:00" level=info msg="response completed" go.version=go1.19.9 http.request.host="127.0.0.1:60333" http.request.id=a374c986-bd4c-469e-8e48-c9e82e39a8e2 http.request.method=GET http.request.remoteaddr="127.0.0.1:50070" http.request.uri="/v2/libpod/testimage/manifests/sha256:1385ce282f3a959d0d6baf45636efe686c1e14c3e7240eb31907436f7bc531fa" http.request.useragent="containers/5.32.0 (github.com/containers/image)" http.response.contenttype="application/vnd.docker.distribution.manifest.v2+json" http.response.duration=4.377939ms http.response.status=200 http.response.written=527
Jul 31 16:38:15 cirrus-task-6448315997356032 docker-registry[842]: 127.0.0.1 - - [31/Jul/2024:16:38:15 -0500] "GET /v2/libpod/testimage/manifests/sha256:1385ce282f3a959d0d6baf45636efe686c1e14c3e7240eb31907436f7bc531fa HTTP/1.1" 200 527 "" "containers/5.32.0 (github.com/containers/image)"
Jul 31 16:38:15 cirrus-task-6448315997356032 docker-registry[842]: time="2024-07-31T16:38:15.680389666-05:00" level=info msg="response completed" go.version=go1.19.9 http.request.host="127.0.0.1:60333" http.request.id=a08f96f4-374c-4a72-b974-d06d7b3df1ef http.request.method=GET http.request.remoteaddr="127.0.0.1:50008" http.request.uri="/v2/libpod/testimage/blobs/sha256:516b112c951d71b8fb87870d6199670e76d5848f3b2197693e3b789d6255f255" http.request.useragent="containers/5.32.0 (github.com/containers/image)" http.response.contenttype="application/octet-stream" http.response.duration=8.79003ms http.response.status=200 http.response.written=1455
Jul 31 16:38:15 cirrus-task-6448315997356032 docker-registry[842]: 127.0.0.1 - - [31/Jul/2024:16:38:15 -0500] "GET /v2/libpod/testimage/blobs/sha256:516b112c951d71b8fb87870d6199670e76d5848f3b2197693e3b789d6255f255 HTTP/1.1" 200 1455 "" "containers/5.32.0 (github.com/containers/image)"
Jul 31 16:38:15 cirrus-task-6448315997356032 docker-registry[842]: time="2024-07-31T16:38:15.687060537-05:00" level=info msg="response completed" go.version=go1.19.9 http.request.host="127.0.0.1:60333" http.request.id=cbacc086-4058-4a81-887c-86efb310aa2b http.request.method=GET http.request.remoteaddr="127.0.0.1:50070" http.request.uri="/v2/libpod/testimage/blobs/sha256:b12a2464d6ddf7ea48c8a95f4da7f96ce144c5276bbeebf602d5d5d0592e4bd2" http.request.useragent="containers/5.32.0 (github.com/containers/image)" http.response.contenttype="application/octet-stream" http.response.duration=4.929405ms http.response.status=200 http.response.written=828417
Jul 31 16:38:15 cirrus-task-6448315997356032 docker-registry[842]: 127.0.0.1 - - [31/Jul/2024:16:38:15 -0500] "GET /v2/libpod/testimage/blobs/sha256:b12a2464d6ddf7ea48c8a95f4da7f96ce144c5276bbeebf602d5d5d0592e4bd2 HTTP/1.1" 200 828417 "" "containers/5.32.0 (github.com/containers/image)"
Jul 31 16:38:15 cirrus-task-6448315997356032 docker-registry[842]: time="2024-07-31T16:38:15.701602864-05:00" level=info msg="response completed" go.version=go1.19.9 http.request.host="127.0.0.1:60333" http.request.id=9e920eca-6fdc-46f1-b385-9e4ebb77e378 http.request.method=GET http.request.remoteaddr="127.0.0.1:50070" http.request.uri="/v2/libpod/testimage/blobs/sha256:ca9d74fb2502b1562d286fe580a20614571f2bad81654181bc35121b7869c010" http.request.useragent="containers/5.32.0 (github.com/containers/image)" http.response.contenttype="application/octet-stream" http.response.duration=3.754993ms http.response.status=200 http.response.written=1472
Jul 31 16:38:15 cirrus-task-6448315997356032 docker-registry[842]: 127.0.0.1 - - [31/Jul/2024:16:38:15 -0500] "GET /v2/libpod/testimage/blobs/sha256:ca9d74fb2502b1562d286fe580a20614571f2bad81654181bc35121b7869c010 HTTP/1.1" 200 1472 "" "containers/5.32.0 (github.com/containers/image)"
Jul 31 16:38:15 cirrus-task-6448315997356032 docker-registry[842]: time="2024-07-31T16:38:15.706673973-05:00" level=info msg="response completed" go.version=go1.19.9 http.request.host="127.0.0.1:60333" http.request.id=ea7eb468-c15f-4f46-a06a-fe4315e55123 http.request.method=GET http.request.remoteaddr="127.0.0.1:50070" http.request.uri="/v2/libpod/testimage/manifests/sha256:9b7c3300f5f7cfe94e3101a28d1f0a28728f8dbc854fb16dd545b7e5aa351785" http.request.useragent="containers/5.32.0 (github.com/containers/image)" http.response.contenttype="application/vnd.docker.distribution.manifest.v2+json" http.response.duration=4.000353ms http.response.status=200 http.response.written=528
Jul 31 16:38:15 cirrus-task-6448315997356032 docker-registry[842]: 127.0.0.1 - - [31/Jul/2024:16:38:15 -0500] "GET /v2/libpod/testimage/manifests/sha256:9b7c3300f5f7cfe94e3101a28d1f0a28728f8dbc854fb16dd545b7e5aa351785 HTTP/1.1" 200 528 "" "containers/5.32.0 (github.com/containers/image)"
Jul 31 16:38:15 cirrus-task-6448315997356032 docker-registry[842]: time="2024-07-31T16:38:15.72006897-05:00" level=info msg="response completed" go.version=go1.19.9 http.request.host="127.0.0.1:60333" http.request.id=cacd2e6c-2987-4804-8082-c312dd5ee3c9 http.request.method=GET http.request.remoteaddr="127.0.0.1:50070" http.request.uri="/v2/libpod/testimage/blobs/sha256:ab2e5f71a4d6151a9bb1a817127668f0e66550791deb8463e1c6276c049d58ab" http.request.useragent="containers/5.32.0 (github.com/containers/image)" http.response.contenttype="application/octet-stream" http.response.duration=11.600362ms http.response.status=200 http.response.written=2484109
Jul 31 16:38:15 cirrus-task-6448315997356032 docker-registry[842]: 127.0.0.1 - - [31/Jul/2024:16:38:15 -0500] "GET /v2/libpod/testimage/blobs/sha256:ab2e5f71a4d6151a9bb1a817127668f0e66550791deb8463e1c6276c049d58ab HTTP/1.1" 200 2484109 "" "containers/5.32.0 (github.com/containers/image)"
Jul 31 16:38:15 cirrus-task-6448315997356032 registry[51055]: 10.88.0.1 - - [31/Jul/2024:21:38:15 +0000] "PATCH /v2/list/blobs/uploads/ad2f1c36-7c1a-4235-a312-349372d36367?_state=-MBc8JwzmN8Q9JSCxHadYGx5zMzP6IeNpDpJGaC0-g97Ik5hbWUiOiJsaXN0IiwiVVVJRCI6ImFkMmYxYzM2LTdjMWEtNDIzNS1hMzEyLTM0OTM3MmQzNjM2NyIsIk9mZnNldCI6MCwiU3RhcnRlZEF0IjoiMjAyNC0wNy0zMVQyMTozODoxNS41NzIwMzAwMThaIn0%3D HTTP/1.1" 202 0 "" "containers/5.32.0 (github.com/containers/image)"
Jul 31 16:38:15 cirrus-task-6448315997356032 registry[51055]: time="2024-07-31T21:38:15.741543715Z" level=info msg="response completed" go.version=go1.19.9 http.request.contenttype="application/octet-stream" http.request.host="localhost:5007" http.request.id=1053edd4-824a-4cac-8686-096ff8cb95d9 http.request.method=PATCH http.request.remoteaddr="10.88.0.1:35622" http.request.uri="/v2/list/blobs/uploads/ad2f1c36-7c1a-4235-a312-349372d36367?_state=-MBc8JwzmN8Q9JSCxHadYGx5zMzP6IeNpDpJGaC0-g97Ik5hbWUiOiJsaXN0IiwiVVVJRCI6ImFkMmYxYzM2LTdjMWEtNDIzNS1hMzEyLTM0OTM3MmQzNjM2NyIsIk9mZnNldCI6MCwiU3RhcnRlZEF0IjoiMjAyNC0wNy0zMVQyMTozODoxNS41NzIwMzAwMThaIn0%3D" http.request.useragent="containers/5.32.0 (github.com/containers/image)" http.response.duration=168.243928ms http.response.status=202 http.response.written=0
Jul 31 16:38:15 cirrus-task-6448315997356032 registry[51055]: time="2024-07-31T21:38:15.747399824Z" level=info msg="response completed" go.version=go1.19.9 http.request.contenttype="application/octet-stream" http.request.host="localhost:5007" http.request.id=6f5877fc-906d-4fb3-adb0-f67b18a2e29a http.request.method=PUT http.request.remoteaddr="10.88.0.1:35622" http.request.uri="/v2/list/blobs/uploads/ad2f1c36-7c1a-4235-a312-349372d36367?_state=U9DUR6QNDuBNWFx5QwfhyE5nSr3DvC6Fdm0nCHbfTep7Ik5hbWUiOiJsaXN0IiwiVVVJRCI6ImFkMmYxYzM2LTdjMWEtNDIzNS1hMzEyLTM0OTM3MmQzNjM2NyIsIk9mZnNldCI6Mjg1MjEzNiwiU3RhcnRlZEF0IjoiMjAyNC0wNy0zMVQyMTozODoxNVoifQ%3D%3D&digest=sha256%3A6554ea5f1e4ab40a511f1a1b88aaa2b7da12e1be67afbf03b23da0411026dea9" http.request.useragent="containers/5.32.0 (github.com/containers/image)" http.response.duration=5.308683ms http.response.status=201 http.response.written=0
Jul 31 16:38:15 cirrus-task-6448315997356032 docker-registry[842]: time="2024-07-31T16:38:15.746309216-05:00" level=info msg="response completed" go.version=go1.19.9 http.request.host="127.0.0.1:60333" http.request.id=5cc1c923-f41f-4df1-a0c7-548a0c116de1 http.request.method=GET http.request.remoteaddr="127.0.0.1:50070" http.request.uri="/v2/libpod/testimage/blobs/sha256:c8144b74d2570955931866eba4a0d1fdaf9a4a4adf48ded35d5a3ca8075a35df" http.request.useragent="containers/5.32.0 (github.com/containers/image)" http.response.contenttype="application/octet-stream" http.response.duration=5.573273ms http.response.status=200 http.response.written=1458
Jul 31 16:38:15 cirrus-task-6448315997356032 docker-registry[842]: 127.0.0.1 - - [31/Jul/2024:16:38:15 -0500] "GET /v2/libpod/testimage/blobs/sha256:c8144b74d2570955931866eba4a0d1fdaf9a4a4adf48ded35d5a3ca8075a35df HTTP/1.1" 200 1458 "" "containers/5.32.0 (github.com/containers/image)"
Jul 31 16:38:15 cirrus-task-6448315997356032 registry[51055]: 10.88.0.1 - - [31/Jul/2024:21:38:15 +0000] "PUT /v2/list/blobs/uploads/ad2f1c36-7c1a-4235-a312-349372d36367?_state=U9DUR6QNDuBNWFx5QwfhyE5nSr3DvC6Fdm0nCHbfTep7Ik5hbWUiOiJsaXN0IiwiVVVJRCI6ImFkMmYxYzM2LTdjMWEtNDIzNS1hMzEyLTM0OTM3MmQzNjM2NyIsIk9mZnNldCI6Mjg1MjEzNiwiU3RhcnRlZEF0IjoiMjAyNC0wNy0zMVQyMTozODoxNVoifQ%3D%3D&digest=sha256%3A6554ea5f1e4ab40a511f1a1b88aaa2b7da12e1be67afbf03b23da0411026dea9 HTTP/1.1" 201 0 "" "containers/5.32.0 (github.com/containers/image)"
Jul 31 16:38:15 cirrus-task-6448315997356032 docker-registry[842]: time="2024-07-31T16:38:15.751307051-05:00" level=info msg="response completed" go.version=go1.19.9 http.request.host="127.0.0.1:60333" http.request.id=d473e63d-3977-4d11-a2a8-4967505c1310 http.request.method=GET http.request.remoteaddr="127.0.0.1:50070" http.request.uri="/v2/libpod/testimage/manifests/sha256:cb68b7bfd2f4f7d36006efbe3bef04b57a343e0839588476ca336d9ff9240dbf" http.request.useragent="containers/5.32.0 (github.com/containers/image)" http.response.contenttype="application/vnd.docker.distribution.manifest.v2+json" http.response.duration=3.757937ms http.response.status=200 http.response.written=528
