Sep 10 06:10:43 cirrus-task-6632208376528896 docker-registry[725]: time="2025-09-10T06:10:43.622518462-05:00" level=info msg="response completed" go.version=go1.19.9 http.request.host="127.0.0.1:60333" http.request.id=4b96dcd4-5342-4411-b8bf-53f3ba255fad http.request.method=GET http.request.remoteaddr="127.0.0.1:39628" http.request.uri="/v2/" http.request.useragent="containers/5.37.0 (github.com/containers/image)" http.response.contenttype="application/json; charset=utf-8" http.response.duration=1.240757ms http.response.status=200 http.response.written=2
Sep 10 06:10:43 cirrus-task-6632208376528896 docker-registry[725]: 127.0.0.1 - - [10/Sep/2025:06:10:43 -0500] "GET /v2/ HTTP/1.1" 200 2 "" "containers/5.37.0 (github.com/containers/image)"
Sep 10 06:10:43 cirrus-task-6632208376528896 systemd[5965]: Started podman-56268.scope.
Sep 10 06:10:43 cirrus-task-6632208376528896 docker-registry[725]: time="2025-09-10T06:10:43.654163164-05:00" level=info msg="response completed" go.version=go1.19.9 http.request.host="127.0.0.1:60333" http.request.id=a24c71c4-37d0-4067-bbc5-8a11658cd735 http.request.method=GET http.request.remoteaddr="127.0.0.1:39634" http.request.uri="/v2/libpod/testimage/manifests/00000004" http.request.useragent="containers/5.37.0 (github.com/containers/image)" http.response.contenttype="application/vnd.docker.distribution.manifest.list.v2+json" http.response.duration=1.432823ms http.response.status=200 http.response.written=970
Sep 10 06:10:43 cirrus-task-6632208376528896 docker-registry[725]: 127.0.0.1 - - [10/Sep/2025:06:10:43 -0500] "GET /v2/libpod/testimage/manifests/00000004 HTTP/1.1" 200 970 "" "containers/5.37.0 (github.com/containers/image)"
Sep 10 06:10:43 cirrus-task-6632208376528896 docker-registry[725]: time="2025-09-10T06:10:43.65693408-05:00" level=info msg="response completed" go.version=go1.19.9 http.request.host="127.0.0.1:60333" http.request.id=3e4e9b8b-1bfd-4dcf-b9ec-64806cfe80e1 http.request.method=GET http.request.remoteaddr="127.0.0.1:39634" http.request.uri="/v2/libpod/testimage/manifests/sha256:1462c8e885d567d534d82004656c764263f98deda813eb379689729658a133fb" http.request.useragent="containers/5.37.0 (github.com/containers/image)" http.response.contenttype="application/vnd.docker.distribution.manifest.v2+json" http.response.duration=1.437877ms http.response.status=200 http.response.written=527
Sep 10 06:10:43 cirrus-task-6632208376528896 docker-registry[725]: 127.0.0.1 - - [10/Sep/2025:06:10:43 -0500] "GET /v2/libpod/testimage/manifests/sha256:1462c8e885d567d534d82004656c764263f98deda813eb379689729658a133fb HTTP/1.1" 200 527 "" "containers/5.37.0 (github.com/containers/image)"
Sep 10 06:10:43 cirrus-task-6632208376528896 docker-registry[725]: time="2025-09-10T06:10:43.714707709-05:00" level=info msg="response completed" go.version=go1.19.9 http.request.host="127.0.0.1:60333" http.request.id=88e38d26-84db-4454-af1d-bd6246156462 http.request.method=GET http.request.remoteaddr="127.0.0.1:39640" http.request.uri="/v2/" http.request.useragent="containers/5.37.0 (github.com/containers/image)" http.response.contenttype="application/json; charset=utf-8" http.response.duration=2.305389ms http.response.status=200 http.response.written=2
Sep 10 06:10:43 cirrus-task-6632208376528896 docker-registry[725]: 127.0.0.1 - - [10/Sep/2025:06:10:43 -0500] "GET /v2/ HTTP/1.1" 200 2 "" "containers/5.37.0 (github.com/containers/image)"
Sep 10 06:10:43 cirrus-task-6632208376528896 docker-registry[725]: time="2025-09-10T06:10:43.749555058-05:00" level=info msg="response completed" go.version=go1.19.9 http.request.host="127.0.0.1:60333" http.request.id=114a6687-da7a-4bd1-bfb4-6e68ffeee7e8 http.request.method=GET http.request.remoteaddr="127.0.0.1:39642" http.request.uri="/v2/libpod/testimage/manifests/00000004" http.request.useragent="containers/5.37.0 (github.com/containers/image)" http.response.contenttype="application/vnd.docker.distribution.manifest.list.v2+json" http.response.duration=4.425124ms http.response.status=200 http.response.written=970
Sep 10 06:10:43 cirrus-task-6632208376528896 docker-registry[725]: 127.0.0.1 - - [10/Sep/2025:06:10:43 -0500] "GET /v2/libpod/testimage/manifests/00000004 HTTP/1.1" 200 970 "" "containers/5.37.0 (github.com/containers/image)"
Sep 10 06:10:43 cirrus-task-6632208376528896 systemd[5965]: Started podman-56278.scope.
Sep 10 06:10:43 cirrus-task-6632208376528896 docker-registry[725]: time="2025-09-10T06:10:43.75566167-05:00" level=info msg="response completed" go.version=go1.19.9 http.request.host="127.0.0.1:60333" http.request.id=14ab3dd1-6cde-4393-a68e-6c0004b987ac http.request.method=GET http.request.remoteaddr="127.0.0.1:39642" http.request.uri="/v2/libpod/testimage/manifests/sha256:1462c8e885d567d534d82004656c764263f98deda813eb379689729658a133fb" http.request.useragent="containers/5.37.0 (github.com/containers/image)" http.response.contenttype="application/vnd.docker.distribution.manifest.v2+json" http.response.duration=2.886931ms http.response.status=200 http.response.written=527
Sep 10 06:10:43 cirrus-task-6632208376528896 docker-registry[725]: 127.0.0.1 - - [10/Sep/2025:06:10:43 -0500] "GET /v2/libpod/testimage/manifests/sha256:1462c8e885d567d534d82004656c764263f98deda813eb379689729658a133fb HTTP/1.1" 200 527 "" "containers/5.37.0 (github.com/containers/image)"
Sep 10 06:10:43 cirrus-task-6632208376528896 systemd[5965]: Started podman-56287.scope.
Sep 10 06:10:43 cirrus-task-6632208376528896 systemd[5965]: Started podman-56295.scope.
Sep 10 06:10:43 cirrus-task-6632208376528896 docker-registry[725]: time="2025-09-10T06:10:43.935526846-05:00" level=info msg="response completed" go.version=go1.19.9 http.request.host="127.0.0.1:60333" http.request.id=b778efa1-1373-4d76-bd8c-58b24bf13af8 http.request.method=GET http.request.remoteaddr="127.0.0.1:39650" http.request.uri="/v2/" http.request.useragent="containers/5.37.0 (github.com/containers/image)" http.response.contenttype="application/json; charset=utf-8" http.response.duration=1.97444ms http.response.status=200 http.response.written=2
Sep 10 06:10:43 cirrus-task-6632208376528896 docker-registry[725]: 127.0.0.1 - - [10/Sep/2025:06:10:43 -0500] "GET /v2/ HTTP/1.1" 200 2 "" "containers/5.37.0 (github.com/containers/image)"
Sep 10 06:10:43 cirrus-task-6632208376528896 registry[55525]: time="2025-09-10T11:10:43.956218782Z" level=info msg="response completed" go.version=go1.19.9 http.request.host="localhost:5007" http.request.id=7e2c14f0-bf44-4e21-8fdb-053128945578 http.request.method=GET http.request.remoteaddr="10.128.15.222:43668" http.request.uri="/v2/" http.request.useragent="skopeo/1.20.0" http.response.contenttype="application/json; charset=utf-8" http.response.duration=2.144465ms http.response.status=200 http.response.written=2
Sep 10 06:10:43 cirrus-task-6632208376528896 registry[55525]: 10.128.15.222 - - [10/Sep/2025:11:10:43 +0000] "GET /v2/ HTTP/1.1" 200 2 "" "skopeo/1.20.0"
Sep 10 06:10:43 cirrus-task-6632208376528896 registry[55525]: 10.128.15.222 - - [10/Sep/2025:11:10:43 +0000] "GET /v2/list/manifests/latest HTTP/1.1" 200 1041 "" "skopeo/1.20.0"
Sep 10 06:10:43 cirrus-task-6632208376528896 registry[55525]: time="2025-09-10T11:10:43.964817011Z" level=info msg="response completed" go.version=go1.19.9 http.request.host="localhost:5007" http.request.id=c8cd6feb-a825-40ed-b551-a341309aad05 http.request.method=GET http.request.remoteaddr="10.128.15.222:43682" http.request.uri="/v2/list/manifests/latest" http.request.useragent="skopeo/1.20.0" http.response.contenttype="application/vnd.oci.image.index.v1+json" http.response.duration=5.638627ms http.response.status=200 http.response.written=1041
Sep 10 06:10:43 cirrus-task-6632208376528896 docker-registry[725]: time="2025-09-10T06:10:43.975864509-05:00" level=info msg="response completed" go.version=go1.19.9 http.request.host="127.0.0.1:60333" http.request.id=7cb7e04a-756b-45bb-8417-98a5fd9c0a89 http.request.method=GET http.request.remoteaddr="127.0.0.1:39656" http.request.uri="/v2/libpod/testimage/manifests/00000004" http.request.useragent="containers/5.37.0 (github.com/containers/image)" http.response.contenttype="application/vnd.docker.distribution.manifest.list.v2+json" http.response.duration=2.866863ms http.response.status=200 http.response.written=970
Sep 10 06:10:43 cirrus-task-6632208376528896 docker-registry[725]: 127.0.0.1 - - [10/Sep/2025:06:10:43 -0500] "GET /v2/libpod/testimage/manifests/00000004 HTTP/1.1" 200 970 "" "containers/5.37.0 (github.com/containers/image)"
Sep 10 06:10:43 cirrus-task-6632208376528896 docker-registry[725]: time="2025-09-10T06:10:43.979705343-05:00" level=info msg="response completed" go.version=go1.19.9 http.request.host="127.0.0.1:60333" http.request.id=5dd8d348-7b3e-4c38-9500-0a6a4a20880b http.request.method=GET http.request.remoteaddr="127.0.0.1:39656" http.request.uri="/v2/libpod/testimage/manifests/sha256:cb68b7bfd2f4f7d36006efbe3bef04b57a343e0839588476ca336d9ff9240dbf" http.request.useragent="containers/5.37.0 (github.com/containers/image)" http.response.contenttype="application/vnd.docker.distribution.manifest.v2+json" http.response.duration=2.22549ms http.response.status=200 http.response.written=528
Sep 10 06:10:43 cirrus-task-6632208376528896 docker-registry[725]: 127.0.0.1 - - [10/Sep/2025:06:10:43 -0500] "GET /v2/libpod/testimage/manifests/sha256:cb68b7bfd2f4f7d36006efbe3bef04b57a343e0839588476ca336d9ff9240dbf HTTP/1.1" 200 528 "" "containers/5.37.0 (github.com/containers/image)"
Sep 10 06:10:43 cirrus-task-6632208376528896 docker-registry[725]: time="2025-09-10T06:10:43.98443269-05:00" level=info msg="response completed" go.version=go1.19.9 http.request.host="127.0.0.1:60333" http.request.id=2c726fe4-311b-4e72-9bed-9800d6b7123b http.request.method=GET http.request.remoteaddr="127.0.0.1:39656" http.request.uri="/v2/libpod/testimage/manifests/sha256:9b7c3300f5f7cfe94e3101a28d1f0a28728f8dbc854fb16dd545b7e5aa351785" http.request.useragent="containers/5.37.0 (github.com/containers/image)" http.response.contenttype="application/vnd.docker.distribution.manifest.v2+json" http.response.duration=3.637939ms http.response.status=200 http.response.written=528
Sep 10 06:10:43 cirrus-task-6632208376528896 docker-registry[725]: 127.0.0.1 - - [10/Sep/2025:06:10:43 -0500] "GET /v2/libpod/testimage/manifests/sha256:9b7c3300f5f7cfe94e3101a28d1f0a28728f8dbc854fb16dd545b7e5aa351785 HTTP/1.1" 200 528 "" "containers/5.37.0 (github.com/containers/image)"
Sep 10 06:10:43 cirrus-task-6632208376528896 docker-registry[725]: time="2025-09-10T06:10:43.988287719-05:00" level=info msg="response completed" go.version=go1.19.9 http.request.host="127.0.0.1:60333" http.request.id=58d6b5d8-7497-426c-a7bf-0308ed04ff1b http.request.method=GET http.request.remoteaddr="127.0.0.1:39656" http.request.uri="/v2/libpod/testimage/manifests/sha256:1385ce282f3a959d0d6baf45636efe686c1e14c3e7240eb31907436f7bc531fa" http.request.useragent="containers/5.37.0 (github.com/containers/image)" http.response.contenttype="application/vnd.docker.distribution.manifest.v2+json" http.response.duration=2.988777ms http.response.status=200 http.response.written=527
Sep 10 06:10:43 cirrus-task-6632208376528896 docker-registry[725]: 127.0.0.1 - - [10/Sep/2025:06:10:43 -0500] "GET /v2/libpod/testimage/manifests/sha256:1385ce282f3a959d0d6baf45636efe686c1e14c3e7240eb31907436f7bc531fa HTTP/1.1" 200 527 "" "containers/5.37.0 (github.com/containers/image)"
Sep 10 06:10:43 cirrus-task-6632208376528896 docker-registry[725]: time="2025-09-10T06:10:43.992236675-05:00" level=info msg="response completed" go.version=go1.19.9 http.request.host="127.0.0.1:60333" http.request.id=bc3c5b80-0a50-4722-9952-413acc92a45d http.request.method=GET http.request.remoteaddr="127.0.0.1:39656" http.request.uri="/v2/libpod/testimage/manifests/sha256:1462c8e885d567d534d82004656c764263f98deda813eb379689729658a133fb" http.request.useragent="containers/5.37.0 (github.com/containers/image)" http.response.contenttype="application/vnd.docker.distribution.manifest.v2+json" http.response.duration=3.401374ms http.response.status=200 http.response.written=527
Sep 10 06:10:43 cirrus-task-6632208376528896 docker-registry[725]: 127.0.0.1 - - [10/Sep/2025:06:10:43 -0500] "GET /v2/libpod/testimage/manifests/sha256:1462c8e885d567d534d82004656c764263f98deda813eb379689729658a133fb HTTP/1.1" 200 527 "" "containers/5.37.0 (github.com/containers/image)"
Sep 10 06:10:43 cirrus-task-6632208376528896 docker-registry[725]: time="2025-09-10T06:10:43.998170683-05:00" level=info msg="response completed" go.version=go1.19.9 http.request.host="127.0.0.1:60333" http.request.id=55de201a-6787-4618-b9ba-b0fa8bcf52b4 http.request.method=GET http.request.remoteaddr="127.0.0.1:39656" http.request.uri="/v2/libpod/testimage/manifests/sha256:1462c8e885d567d534d82004656c764263f98deda813eb379689729658a133fb" http.request.useragent="containers/5.37.0 (github.com/containers/image)" http.response.contenttype="application/vnd.docker.distribution.manifest.v2+json" http.response.duration=2.472131ms http.response.status=200 http.response.written=527
Sep 10 06:10:43 cirrus-task-6632208376528896 docker-registry[725]: 127.0.0.1 - - [10/Sep/2025:06:10:43 -0500] "GET /v2/libpod/testimage/manifests/sha256:1462c8e885d567d534d82004656c764263f98deda813eb379689729658a133fb HTTP/1.1" 200 527 "" "containers/5.37.0 (github.com/containers/image)"
Sep 10 06:10:44 cirrus-task-6632208376528896 docker-registry[725]: time="2025-09-10T06:10:44.010977544-05:00" level=info msg="response completed" go.version=go1.19.9 http.request.host="127.0.0.1:60333" http.request.id=525005ee-f303-4761-8a7c-6670b95a7ff4 http.request.method=GET http.request.remoteaddr="127.0.0.1:39656" http.request.uri="/v2/libpod/testimage/blobs/sha256:560956ac186f909c45731174e2d2b62180b638aa44e16739d02f0fb39f7b4ffb" http.request.useragent="containers/5.37.0 (github.com/containers/image)" http.response.contenttype="application/octet-stream" http.response.duration=11.602688ms http.response.status=200 http.response.written=1454
Sep 10 06:10:44 cirrus-task-6632208376528896 docker-registry[725]: 127.0.0.1 - - [10/Sep/2025:06:10:43 -0500] "GET /v2/libpod/testimage/blobs/sha256:560956ac186f909c45731174e2d2b62180b638aa44e16739d02f0fb39f7b4ffb HTTP/1.1" 200 1454 "" "containers/5.37.0 (github.com/containers/image)"
Sep 10 06:10:44 cirrus-task-6632208376528896 docker-registry[725]: time="2025-09-10T06:10:44.019404094-05:00" level=info msg="response completed" go.version=go1.19.9 http.request.host="127.0.0.1:60333" http.request.id=c237b3c5-b445-40a5-804b-b5b1ef0fe1df http.request.method=GET http.request.remoteaddr="127.0.0.1:39670" http.request.uri="/v2/" http.request.useragent="containers/5.37.0 (github.com/containers/image)" http.response.contenttype="application/json; charset=utf-8" http.response.duration=3.382561ms http.response.status=200 http.response.written=2
Sep 10 06:10:44 cirrus-task-6632208376528896 docker-registry[725]: 127.0.0.1 - - [10/Sep/2025:06:10:44 -0500] "GET /v2/ HTTP/1.1" 200 2 "" "containers/5.37.0 (github.com/containers/image)"
Sep 10 06:10:44 cirrus-task-6632208376528896 docker-registry[725]: time="2025-09-10T06:10:44.022022787-05:00" level=info msg="response completed" go.version=go1.19.9 http.request.host="127.0.0.1:60333" http.request.id=69ce4173-6d86-4c22-b159-7fa1da8f9538 http.request.method=GET http.request.remoteaddr="127.0.0.1:39656" http.request.uri="/v2/libpod/testimage/blobs/sha256:cecc78ee407586f0c9eec844d60b8d40698a35e8d3d59f11a45a6b19a21fb7f0" http.request.useragent="containers/5.37.0 (github.com/containers/image)" http.response.contenttype="application/octet-stream" http.response.duration=10.097782ms http.response.status=200 http.response.written=772815
Sep 10 06:10:44 cirrus-task-6632208376528896 docker-registry[725]: 127.0.0.1 - - [10/Sep/2025:06:10:44 -0500] "GET /v2/libpod/testimage/blobs/sha256:cecc78ee407586f0c9eec844d60b8d40698a35e8d3d59f11a45a6b19a21fb7f0 HTTP/1.1" 200 772815 "" "containers/5.37.0 (github.com/containers/image)"
Sep 10 06:10:44 cirrus-task-6632208376528896 systemd[5965]: Started podman-56314.scope.
Sep 10 06:10:44 cirrus-task-6632208376528896 docker-registry[725]: time="2025-09-10T06:10:44.059942021-05:00" level=info msg="response completed" go.version=go1.19.9 http.request.host="127.0.0.1:60333" http.request.id=b1f922fd-dd09-4921-b12a-e3ebb1081803 http.request.method=GET http.request.remoteaddr="127.0.0.1:39684" http.request.uri="/v2/libpod/testimage/manifests/00000004" http.request.useragent="containers/5.37.0 (github.com/containers/image)" http.response.contenttype="application/vnd.docker.distribution.manifest.list.v2+json" http.response.duration=2.109323ms http.response.status=200 http.response.written=970
Sep 10 06:10:44 cirrus-task-6632208376528896 docker-registry[725]: 127.0.0.1 - - [10/Sep/2025:06:10:44 -0500] "GET /v2/libpod/testimage/manifests/00000004 HTTP/1.1" 200 970 "" "containers/5.37.0 (github.com/containers/image)"
Sep 10 06:10:44 cirrus-task-6632208376528896 docker-registry[725]: time="2025-09-10T06:10:44.063094354-05:00" level=info msg="response completed" go.version=go1.19.9 http.request.host="127.0.0.1:60333" http.request.id=b1d34597-3be6-46fb-b689-4f5c88be0566 http.request.method=GET http.request.remoteaddr="127.0.0.1:39684" http.request.uri="/v2/libpod/testimage/manifests/sha256:cb68b7bfd2f4f7d36006efbe3bef04b57a343e0839588476ca336d9ff9240dbf" http.request.useragent="containers/5.37.0 (github.com/containers/image)" http.response.contenttype="application/vnd.docker.distribution.manifest.v2+json" http.response.duration=1.853778ms http.response.status=200 http.response.written=528
Sep 10 06:10:44 cirrus-task-6632208376528896 docker-registry[725]: 127.0.0.1 - - [10/Sep/2025:06:10:44 -0500] "GET /v2/libpod/testimage/manifests/sha256:cb68b7bfd2f4f7d36006efbe3bef04b57a343e0839588476ca336d9ff9240dbf HTTP/1.1" 200 528 "" "containers/5.37.0 (github.com/containers/image)"
Sep 10 06:10:44 cirrus-task-6632208376528896 docker-registry[725]: time="2025-09-10T06:10:44.065945765-05:00" level=info msg="response completed" go.version=go1.19.9 http.request.host="127.0.0.1:60333" http.request.id=526da815-8627-4486-a53d-8e01315c1dee http.request.method=GET http.request.remoteaddr="127.0.0.1:39684" http.request.uri="/v2/libpod/testimage/manifests/sha256:9b7c3300f5f7cfe94e3101a28d1f0a28728f8dbc854fb16dd545b7e5aa351785" http.request.useragent="containers/5.37.0 (github.com/containers/image)" http.response.contenttype="application/vnd.docker.distribution.manifest.v2+json" http.response.duration=1.658598ms http.response.status=200 http.response.written=528
Sep 10 06:10:44 cirrus-task-6632208376528896 docker-registry[725]: 127.0.0.1 - - [10/Sep/2025:06:10:44 -0500] "GET /v2/libpod/testimage/manifests/sha256:9b7c3300f5f7cfe94e3101a28d1f0a28728f8dbc854fb16dd545b7e5aa351785 HTTP/1.1" 200 528 "" "containers/5.37.0 (github.com/containers/image)"
Sep 10 06:10:44 cirrus-task-6632208376528896 docker-registry[725]: time="2025-09-10T06:10:44.068870267-05:00" level=info msg="response completed" go.version=go1.19.9 http.request.host="127.0.0.1:60333" http.request.id=d91ee100-7c7c-4389-97e2-e83b93d9fe89 http.request.method=GET http.request.remoteaddr="127.0.0.1:39684" http.request.uri="/v2/libpod/testimage/manifests/sha256:1385ce282f3a959d0d6baf45636efe686c1e14c3e7240eb31907436f7bc531fa" http.request.useragent="containers/5.37.0 (github.com/containers/image)" http.response.contenttype="application/vnd.docker.distribution.manifest.v2+json" http.response.duration=2.132612ms http.response.status=200 http.response.written=527
Sep 10 06:10:44 cirrus-task-6632208376528896 docker-registry[725]: 127.0.0.1 - - [10/Sep/2025:06:10:44 -0500] "GET /v2/libpod/testimage/manifests/sha256:1385ce282f3a959d0d6baf45636efe686c1e14c3e7240eb31907436f7bc531fa HTTP/1.1" 200 527 "" "containers/5.37.0 (github.com/containers/image)"
Sep 10 06:10:44 cirrus-task-6632208376528896 docker-registry[725]: time="2025-09-10T06:10:44.071578484-05:00" level=info msg="response completed" go.version=go1.19.9 http.request.host="127.0.0.1:60333" http.request.id=39c7be8b-d340-4a6f-9ab2-1a10cff876f8 http.request.method=GET http.request.remoteaddr="127.0.0.1:39684" http.request.uri="/v2/libpod/testimage/manifests/sha256:1462c8e885d567d534d82004656c764263f98deda813eb379689729658a133fb" http.request.useragent="containers/5.37.0 (github.com/containers/image)" http.response.contenttype="application/vnd.docker.distribution.manifest.v2+json" http.response.duration=1.787016ms http.response.status=200 http.response.written=527
Sep 10 06:10:44 cirrus-task-6632208376528896 docker-registry[725]: 127.0.0.1 - - [10/Sep/2025:06:10:44 -0500] "GET /v2/libpod/testimage/manifests/sha256:1462c8e885d567d534d82004656c764263f98deda813eb379689729658a133fb HTTP/1.1" 200 527 "" "containers/5.37.0 (github.com/containers/image)"
Sep 10 06:10:44 cirrus-task-6632208376528896 docker-registry[725]: time="2025-09-10T06:10:44.079439754-05:00" level=info msg="response completed" go.version=go1.19.9 http.request.host="127.0.0.1:60333" http.request.id=7244ca9a-4bcd-46f3-ae64-c18fb77f9bb8 http.request.method=GET http.request.remoteaddr="127.0.0.1:39684" http.request.uri="/v2/libpod/testimage/manifests/sha256:1462c8e885d567d534d82004656c764263f98deda813eb379689729658a133fb" http.request.useragent="containers/5.37.0 (github.com/containers/image)" http.response.contenttype="application/vnd.docker.distribution.manifest.v2+json" http.response.duration=3.748162ms http.response.status=200 http.response.written=527
Sep 10 06:10:44 cirrus-task-6632208376528896 docker-registry[725]: 127.0.0.1 - - [10/Sep/2025:06:10:44 -0500] "GET /v2/libpod/testimage/manifests/sha256:1462c8e885d567d534d82004656c764263f98deda813eb379689729658a133fb HTTP/1.1" 200 527 "" "containers/5.37.0 (github.com/containers/image)"
Sep 10 06:10:44 cirrus-task-6632208376528896 registry[55525]: time="2025-09-10T11:10:44.082705684Z" level=info msg="response completed" go.version=go1.19.9 http.request.host="localhost:5007" http.request.id=8ce61069-a0cb-4737-8125-3bd2a2ccb4dd http.request.method=GET http.request.remoteaddr="10.128.15.222:43700" http.request.uri="/v2/" http.request.useragent="containers/5.37.0 (github.com/containers/image)" http.response.contenttype="application/json; charset=utf-8" http.response.duration=2.863844ms http.response.status=200 http.response.written=2
Sep 10 06:10:44 cirrus-task-6632208376528896 registry[55525]: 10.128.15.222 - - [10/Sep/2025:11:10:44 +0000] "GET /v2/ HTTP/1.1" 200 2 "" "containers/5.37.0 (github.com/containers/image)"
Sep 10 06:10:44 cirrus-task-6632208376528896 docker-registry[725]: time="2025-09-10T06:10:44.085545509-05:00" level=info msg="response completed" go.version=go1.19.9 http.request.host="127.0.0.1:60333" http.request.id=765392e0-a881-4566-839a-9807ca7f8f69 http.request.method=GET http.request.remoteaddr="127.0.0.1:39684" http.request.uri="/v2/libpod/testimage/blobs/sha256:560956ac186f909c45731174e2d2b62180b638aa44e16739d02f0fb39f7b4ffb" http.request.useragent="containers/5.37.0 (github.com/containers/image)" http.response.contenttype="application/octet-stream" http.response.duration=5.044356ms http.response.status=200 http.response.written=1454
Sep 10 06:10:44 cirrus-task-6632208376528896 docker-registry[725]: 127.0.0.1 - - [10/Sep/2025:06:10:44 -0500] "GET /v2/libpod/testimage/blobs/sha256:560956ac186f909c45731174e2d2b62180b638aa44e16739d02f0fb39f7b4ffb HTTP/1.1" 200 1454 "" "containers/5.37.0 (github.com/containers/image)"
Sep 10 06:10:44 cirrus-task-6632208376528896 registry[55525]: 10.128.15.222 - - [10/Sep/2025:11:10:44 +0000] "HEAD /v2/list/blobs/sha256:bb6b46d16e58dbf20dacaeae92aa0d7418ef71a3f80de2b812b3ebf5318b7071 HTTP/1.1" 200 0 "" "containers/5.37.0 (github.com/containers/image)"
Sep 10 06:10:44 cirrus-task-6632208376528896 registry[55525]: time="2025-09-10T11:10:44.090781879Z" level=info msg="response completed" go.version=go1.19.9 http.request.host="localhost:5007" http.request.id=7ad3c4ca-a04f-491c-900b-c8ce68276d5b http.request.method=HEAD http.request.remoteaddr="10.128.15.222:43710" http.request.uri="/v2/list/blobs/sha256:bb6b46d16e58dbf20dacaeae92aa0d7418ef71a3f80de2b812b3ebf5318b7071" http.request.useragent="containers/5.37.0 (github.com/containers/image)" http.response.contenttype="application/octet-stream" http.response.duration=2.506522ms http.response.status=200 http.response.written=0
Sep 10 06:10:44 cirrus-task-6632208376528896 registry[55525]: time="2025-09-10T11:10:44.097794366Z" level=info msg="response completed" go.version=go1.19.9 http.request.host="localhost:5007" http.request.id=9d533e2f-2279-4fc6-96d3-df3c4ea5d657 http.request.method=HEAD http.request.remoteaddr="10.128.15.222:43710" http.request.uri="/v2/list/blobs/sha256:961769676411f082461f9ef46626dd7a2d1e2b2a38e6a44364bcbecf51e66dd4" http.request.useragent="containers/5.37.0 (github.com/containers/image)" http.response.contenttype="application/octet-stream" http.response.duration=4.601841ms http.response.status=200 http.response.written=0
Sep 10 06:10:44 cirrus-task-6632208376528896 registry[55525]: 10.128.15.222 - - [10/Sep/2025:11:10:44 +0000] "HEAD /v2/list/blobs/sha256:961769676411f082461f9ef46626dd7a2d1e2b2a38e6a44364bcbecf51e66dd4 HTTP/1.1" 200 0 "" "containers/5.37.0 (github.com/containers/image)"
Sep 10 06:10:44 cirrus-task-6632208376528896 registry[55525]: time="2025-09-10T11:10:44.102156298Z" level=info msg="response completed" go.version=go1.19.9 http.request.contenttype="application/vnd.docker.distribution.manifest.v2+json" http.request.host="localhost:5007" http.request.id=10afebf9-2c31-4466-8f9b-f87e26b97b99 http.request.method=PUT http.request.remoteaddr="10.128.15.222:43710" http.request.uri="/v2/list/manifests/sha256:aeaa685034b386fe90ac983ff14af965366c8bd3e79cb047fc1a01efb087c054" http.request.useragent="containers/5.37.0 (github.com/containers/image)" http.response.duration=2.377637ms http.response.status=201 http.response.written=0
Sep 10 06:10:44 cirrus-task-6632208376528896 registry[55525]: 10.128.15.222 - - [10/Sep/2025:11:10:44 +0000] "PUT /v2/list/manifests/sha256:aeaa685034b386fe90ac983ff14af965366c8bd3e79cb047fc1a01efb087c054 HTTP/1.1" 201 0 "" "containers/5.37.0 (github.com/containers/image)"
Sep 10 06:10:44 cirrus-task-6632208376528896 registry[55525]: time="2025-09-10T11:10:44.107424879Z" level=info msg="response completed" go.version=go1.19.9 http.request.host="localhost:5007" http.request.id=8290da3e-9f70-421c-b814-5e614c6a5bc8 http.request.method=HEAD http.request.remoteaddr="10.128.15.222:43710" http.request.uri="/v2/list/blobs/sha256:6554ea5f1e4ab40a511f1a1b88aaa2b7da12e1be67afbf03b23da0411026dea9" http.request.useragent="containers/5.37.0 (github.com/containers/image)" http.response.contenttype="application/octet-stream" http.response.duration=1.932828ms http.response.status=200 http.response.written=0
Sep 10 06:10:44 cirrus-task-6632208376528896 registry[55525]: 10.128.15.222 - - [10/Sep/2025:11:10:44 +0000] "HEAD /v2/list/blobs/sha256:6554ea5f1e4ab40a511f1a1b88aaa2b7da12e1be67afbf03b23da0411026dea9 HTTP/1.1" 200 0 "" "containers/5.37.0 (github.com/containers/image)"
Sep 10 06:10:44 cirrus-task-6632208376528896 registry[55525]: time="2025-09-10T11:10:44.111514779Z" level=info msg="response completed" go.version=go1.19.9 http.request.host="localhost:5007" http.request.id=ce6e10fa-3a31-4c37-863c-ce9303e06d6c http.request.method=HEAD http.request.remoteaddr="10.128.15.222:43710" http.request.uri="/v2/list/blobs/sha256:4819930274ea2bd6ab611972f9928e07b84edcbfe1d2462fb2941957308dfae2" http.request.useragent="containers/5.37.0 (github.com/containers/image)" http.response.contenttype="application/octet-stream" http.response.duration=2.099263ms http.response.status=200 http.response.written=0
Sep 10 06:10:44 cirrus-task-6632208376528896 registry[55525]: 10.128.15.222 - - [10/Sep/2025:11:10:44 +0000] "HEAD /v2/list/blobs/sha256:4819930274ea2bd6ab611972f9928e07b84edcbfe1d2462fb2941957308dfae2 HTTP/1.1" 200 0 "" "containers/5.37.0 (github.com/containers/image)"
Sep 10 06:10:44 cirrus-task-6632208376528896 registry[55525]: time="2025-09-10T11:10:44.11614059Z" level=info msg="response completed" go.version=go1.19.9 http.request.contenttype="application/vnd.oci.image.manifest.v1+json" http.request.host="localhost:5007" http.request.id=e8b4a18a-fa5d-47c9-b2b2-18783d38c5a3 http.request.method=PUT http.request.remoteaddr="10.128.15.222:43710" http.request.uri="/v2/list/manifests/sha256:6b0dc7cfab8a6435dc5063cd775028b24b4a8d2a4b2a88675efbbf48d3bcfd9b" http.request.useragent="containers/5.37.0 (github.com/containers/image)" http.response.duration=2.750508ms http.response.status=201 http.response.written=0
Sep 10 06:10:44 cirrus-task-6632208376528896 registry[55525]: 10.128.15.222 - - [10/Sep/2025:11:10:44 +0000] "PUT /v2/list/manifests/sha256:6b0dc7cfab8a6435dc5063cd775028b24b4a8d2a4b2a88675efbbf48d3bcfd9b HTTP/1.1" 201 0 "" "containers/5.37.0 (github.com/containers/image)"
Sep 10 06:10:44 cirrus-task-6632208376528896 registry[55525]: time="2025-09-10T11:10:44.120541775Z" level=info msg="response completed" go.version=go1.19.9 http.request.host="localhost:5007" http.request.id=1b646cd0-ad16-4c7a-a0ad-cc56adec1e05 http.request.method=HEAD http.request.remoteaddr="10.128.15.222:43710" http.request.uri="/v2/list/blobs/sha256:d8761bb9b4751d85618813b8f32d545dfb8dabc79ec8c2a59429851e8e5ee6f5" http.request.useragent="containers/5.37.0 (github.com/containers/image)" http.response.contenttype="application/octet-stream" http.response.duration=2.065471ms http.response.status=200 http.response.written=0
Sep 10 06:10:44 cirrus-task-6632208376528896 registry[55525]: 10.128.15.222 - - [10/Sep/2025:11:10:44 +0000] "HEAD /v2/list/blobs/sha256:d8761bb9b4751d85618813b8f32d545dfb8dabc79ec8c2a59429851e8e5ee6f5 HTTP/1.1" 200 0 "" "containers/5.37.0 (github.com/containers/image)"
Sep 10 06:10:44 cirrus-task-6632208376528896 registry[55525]: time="2025-09-10T11:10:44.123875067Z" level=info msg="response completed" go.version=go1.19.9 http.request.host="localhost:5007" http.request.id=86c37eb7-ed8a-481a-a078-291d3c89f8ab http.request.method=HEAD http.request.remoteaddr="10.128.15.222:43710" http.request.uri="/v2/list/blobs/sha256:915beeae46751fc564998c79e73a1026542e945ca4f73dc841d09ccc6c2c0672" http.request.useragent="containers/5.37.0 (github.com/containers/image)" http.response.contenttype="application/octet-stream" http.response.duration=1.671056ms http.response.status=200 http.response.written=0
Sep 10 06:10:44 cirrus-task-6632208376528896 registry[55525]: 10.128.15.222 - - [10/Sep/2025:11:10:44 +0000] "HEAD /v2/list/blobs/sha256:915beeae46751fc564998c79e73a1026542e945ca4f73dc841d09ccc6c2c0672 HTTP/1.1" 200 0 "" "containers/5.37.0 (github.com/containers/image)"
Sep 10 06:10:44 cirrus-task-6632208376528896 systemd[5965]: Started podman-56324.scope.
Sep 10 06:10:44 cirrus-task-6632208376528896 registry[55525]: time="2025-09-10T11:10:44.127194742Z" level=info msg="response completed" go.version=go1.19.9 http.request.contenttype="application/vnd.docker.distribution.manifest.v2+json" http.request.host="localhost:5007" http.request.id=e2587131-9eb8-4403-bd84-74b52408dd60 http.request.method=PUT http.request.remoteaddr="10.128.15.222:43710" http.request.uri="/v2/list/manifests/sha256:e7b94296b643aa40bde82cec1ca0ba4d9832e6c4a1f5cdfbb7214e8250309b80" http.request.useragent="containers/5.37.0 (github.com/containers/image)" http.response.duration=1.829689ms http.response.status=201 http.response.written=0
Sep 10 06:10:44 cirrus-task-6632208376528896 registry[55525]: 10.128.15.222 - - [10/Sep/2025:11:10:44 +0000] "PUT /v2/list/manifests/sha256:e7b94296b643aa40bde82cec1ca0ba4d9832e6c4a1f5cdfbb7214e8250309b80 HTTP/1.1" 201 0 "" "containers/5.37.0 (github.com/containers/image)"
Sep 10 06:10:44 cirrus-task-6632208376528896 registry[55525]: time="2025-09-10T11:10:44.134135466Z" level=info msg="response completed" go.version=go1.19.9 http.request.host="localhost:5007" http.request.id=5418861c-8e47-4e6b-ab77-f228ce300556 http.request.method=HEAD http.request.remoteaddr="10.128.15.222:43710" http.request.uri="/v2/list/blobs/sha256:c962052998c1448e97cc04d3fff976b30b846004878d22f674d4029f478faa79" http.request.useragent="containers/5.37.0 (github.com/containers/image)" http.response.contenttype="application/octet-stream" http.response.duration=3.832958ms http.response.status=200 http.response.written=0
Sep 10 06:10:44 cirrus-task-6632208376528896 registry[55525]: 10.128.15.222 - - [10/Sep/2025:11:10:44 +0000] "HEAD /v2/list/blobs/sha256:c962052998c1448e97cc04d3fff976b30b846004878d22f674d4029f478faa79 HTTP/1.1" 200 0 "" "containers/5.37.0 (github.com/containers/image)"
Sep 10 06:10:44 cirrus-task-6632208376528896 registry[55525]: time="2025-09-10T11:10:44.136839771Z" level=info msg="response completed" go.version=go1.19.9 http.request.host="localhost:5007" http.request.id=3f429806-a455-433d-9d51-341d3443bf3e http.request.method=HEAD http.request.remoteaddr="10.128.15.222:43710" http.request.uri="/v2/list/blobs/sha256:31003e2979e8f5fec9358644591ce51df452fb489624bd09a999f2d6e091e936" http.request.useragent="containers/5.37.0 (github.com/containers/image)" http.response.contenttype="application/octet-stream" http.response.duration=1.275408ms http.response.status=200 http.response.written=0
Sep 10 06:10:44 cirrus-task-6632208376528896 registry[55525]: 10.128.15.222 - - [10/Sep/2025:11:10:44 +0000] "HEAD /v2/list/blobs/sha256:31003e2979e8f5fec9358644591ce51df452fb489624bd09a999f2d6e091e936 HTTP/1.1" 200 0 "" "containers/5.37.0 (github.com/containers/image)"
Sep 10 06:10:44 cirrus-task-6632208376528896 registry[55525]: time="2025-09-10T11:10:44.139951877Z" level=info msg="response completed" go.version=go1.19.9 http.request.contenttype="application/vnd.oci.image.manifest.v1+json" http.request.host="localhost:5007" http.request.id=a508f000-8c7c-49d2-886d-971a8b06301f http.request.method=PUT http.request.remoteaddr="10.128.15.222:43710" http.request.uri="/v2/list/manifests/sha256:254d73c56eb349906a83d73c8e4c8031734697851795044dc99025d679e22ca0" http.request.useragent="containers/5.37.0 (github.com/containers/image)" http.response.duration=1.595904ms http.response.status=201 http.response.written=0
Sep 10 06:10:44 cirrus-task-6632208376528896 registry[55525]: 10.128.15.222 - - [10/Sep/2025:11:10:44 +0000] "PUT /v2/list/manifests/sha256:254d73c56eb349906a83d73c8e4c8031734697851795044dc99025d679e22ca0 HTTP/1.1" 201 0 "" "containers/5.37.0 (github.com/containers/image)"
Sep 10 06:10:44 cirrus-task-6632208376528896 registry[55525]: time="2025-09-10T11:10:44.142791079Z" level=info msg="response completed" go.version=go1.19.9 http.request.contenttype="application/vnd.oci.image.index.v1+json" http.request.host="localhost:5007" http.request.id=d451197c-405a-4dc6-945a-6db903348393 http.request.method=PUT http.request.remoteaddr="10.128.15.222:43710" http.request.uri="/v2/list/manifests/latest" http.request.useragent="containers/5.37.0 (github.com/containers/image)" http.response.duration=2.215697ms http.response.status=201 http.response.written=0
Sep 10 06:10:44 cirrus-task-6632208376528896 registry[55525]: 10.128.15.222 - - [10/Sep/2025:11:10:44 +0000] "PUT /v2/list/manifests/latest HTTP/1.1" 201 0 "" "containers/5.37.0 (github.com/containers/image)"
Sep 10 06:10:44 cirrus-task-6632208376528896 registry[55525]: time="2025-09-10T11:10:44.201819804Z" level=info msg="response completed" go.version=go1.19.9 http.request.host="localhost:5007" http.request.id=382bedb9-8a89-4bbb-bef6-fc7cb2422073 http.request.method=GET http.request.remoteaddr="10.128.15.222:43738" http.request.uri="/v2/" http.request.useragent="skopeo/1.20.0" http.response.contenttype="application/json; charset=utf-8" http.response.duration=7.773833ms http.response.status=200 http.response.written=2
Sep 10 06:10:44 cirrus-task-6632208376528896 registry[55525]: 10.128.15.222 - - [10/Sep/2025:11:10:44 +0000] "GET /v2/ HTTP/1.1" 200 2 "" "skopeo/1.20.0"
Sep 10 06:10:44 cirrus-task-6632208376528896 registry[55525]: time="2025-09-10T11:10:44.205719241Z" level=info msg="response completed" go.version=go1.19.9 http.request.host="localhost:5007" http.request.id=64045148-74f7-4c92-9320-8144201bff3f http.request.method=GET http.request.remoteaddr="10.128.15.222:43754" http.request.uri="/v2/list/manifests/latest" http.request.useragent="skopeo/1.20.0" http.response.contenttype="application/vnd.oci.image.index.v1+json" http.response.duration=1.839873ms http.response.status=200 http.response.written=1041
Sep 10 06:10:44 cirrus-task-6632208376528896 registry[55525]: 10.128.15.222 - - [10/Sep/2025:11:10:44 +0000] "GET /v2/list/manifests/latest HTTP/1.1" 200 1041 "" "skopeo/1.20.0"
Sep 10 06:10:44 cirrus-task-6632208376528896 systemd[5965]: Started podman-56341.scope.
Sep 10 06:10:44 cirrus-task-6632208376528896 docker-registry[725]: time="2025-09-10T06:10:44.291782768-05:00" level=info msg="response completed" go.version=go1.19.9 http.request.host="127.0.0.1:60333" http.request.id=be820df8-54ab-4156-b18a-972a5e866fb7 http.request.method=GET http.request.remoteaddr="127.0.0.1:39700" http.request.uri="/v2/" http.request.useragent="containers/5.37.0 (github.com/containers/image)" http.response.contenttype="application/json; charset=utf-8" http.response.duration=2.047738ms http.response.status=200 http.response.written=2
Sep 10 06:10:44 cirrus-task-6632208376528896 docker-registry[725]: 127.0.0.1 - - [10/Sep/2025:06:10:44 -0500] "GET /v2/ HTTP/1.1" 200 2 "" "containers/5.37.0 (github.com/containers/image)"
Sep 10 06:10:44 cirrus-task-6632208376528896 registry[55525]: time="2025-09-10T11:10:44.314060715Z" level=info msg="response completed" go.version=go1.19.9 http.request.host="localhost:5007" http.request.id=b665867f-ad25-46bd-86bf-ef4e44929d14 http.request.method=GET http.request.remoteaddr="10.128.15.222:43776" http.request.uri="/v2/" http.request.useragent="containers/5.37.0 (github.com/containers/image)" http.response.contenttype="application/json; charset=utf-8" http.response.duration=1.679292ms http.response.status=200 http.response.written=2
Sep 10 06:10:44 cirrus-task-6632208376528896 registry[55525]: 10.128.15.222 - - [10/Sep/2025:11:10:44 +0000] "GET /v2/ HTTP/1.1" 200 2 "" "containers/5.37.0 (github.com/containers/image)"
Sep 10 06:10:44 cirrus-task-6632208376528896 registry[55525]: 10.128.15.222 - - [10/Sep/2025:11:10:44 +0000] "HEAD /v2/list/blobs/sha256:bb6b46d16e58dbf20dacaeae92aa0d7418ef71a3f80de2b812b3ebf5318b7071 HTTP/1.1" 200 0 "" "containers/5.37.0 (github.com/containers/image)"
Sep 10 06:10:44 cirrus-task-6632208376528896 registry[55525]: time="2025-09-10T11:10:44.319546649Z" level=info msg="response completed" go.version=go1.19.9 http.request.host="localhost:5007" http.request.id=9183329b-a166-4d41-883a-2837a692a003 http.request.method=HEAD http.request.remoteaddr="10.128.15.222:43790" http.request.uri="/v2/list/blobs/sha256:bb6b46d16e58dbf20dacaeae92aa0d7418ef71a3f80de2b812b3ebf5318b7071" http.request.useragent="containers/5.37.0 (github.com/containers/image)" http.response.contenttype="application/octet-stream" http.response.duration=3.850269ms http.response.status=200 http.response.written=0
Sep 10 06:10:44 cirrus-task-6632208376528896 registry[55525]: time="2025-09-10T11:10:44.323413916Z" level=info msg="response completed" go.version=go1.19.9 http.request.host="localhost:5007" http.request.id=9aa5fc27-8492-416c-88e4-cd1d9aac95d8 http.request.method=HEAD http.request.remoteaddr="10.128.15.222:43790" http.request.uri="/v2/list/blobs/sha256:961769676411f082461f9ef46626dd7a2d1e2b2a38e6a44364bcbecf51e66dd4" http.request.useragent="containers/5.37.0 (github.com/containers/image)" http.response.contenttype="application/octet-stream" http.response.duration=1.891034ms http.response.status=200 http.response.written=0
Sep 10 06:10:44 cirrus-task-6632208376528896 registry[55525]: 10.128.15.222 - - [10/Sep/2025:11:10:44 +0000] "HEAD /v2/list/blobs/sha256:961769676411f082461f9ef46626dd7a2d1e2b2a38e6a44364bcbecf51e66dd4 HTTP/1.1" 200 0 "" "containers/5.37.0 (github.com/containers/image)"
Sep 10 06:10:44 cirrus-task-6632208376528896 docker-registry[725]: time="2025-09-10T06:10:44.327952798-05:00" level=info msg="response completed" go.version=go1.19.9 http.request.host="127.0.0.1:60333" http.request.id=3987f026-32b4-4db5-a06d-4484ebdc089e http.request.method=GET http.request.remoteaddr="127.0.0.1:39712" http.request.uri="/v2/libpod/testimage/manifests/00000004" http.request.useragent="containers/5.37.0 (github.com/containers/image)" http.response.contenttype="application/vnd.docker.distribution.manifest.list.v2+json" http.response.duration=2.335442ms http.response.status=200 http.response.written=970
Sep 10 06:10:44 cirrus-task-6632208376528896 docker-registry[725]: 127.0.0.1 - - [10/Sep/2025:06:10:44 -0500] "GET /v2/libpod/testimage/manifests/00000004 HTTP/1.1" 200 970 "" "containers/5.37.0 (github.com/containers/image)"
Sep 10 06:10:44 cirrus-task-6632208376528896 registry[55525]: 10.128.15.222 - - [10/Sep/2025:11:10:44 +0000] "PUT /v2/list/manifests/sha256:aeaa685034b386fe90ac983ff14af965366c8bd3e79cb047fc1a01efb087c054 HTTP/1.1" 201 0 "" "containers/5.37.0 (github.com/containers/image)"
Sep 10 06:10:44 cirrus-task-6632208376528896 registry[55525]: time="2025-09-10T11:10:44.328426688Z" level=info msg="response completed" go.version=go1.19.9 http.request.contenttype="application/vnd.docker.distribution.manifest.v2+json" http.request.host="localhost:5007" http.request.id=4f7d723c-3492-4b3d-959a-cb39781c0340 http.request.method=PUT http.request.remoteaddr="10.128.15.222:43790" http.request.uri="/v2/list/manifests/sha256:aeaa685034b386fe90ac983ff14af965366c8bd3e79cb047fc1a01efb087c054" http.request.useragent="containers/5.37.0 (github.com/containers/image)" http.response.duration=3.148241ms http.response.status=201 http.response.written=0
Sep 10 06:10:44 cirrus-task-6632208376528896 docker-registry[725]: time="2025-09-10T06:10:44.330405517-05:00" level=info msg="response completed" go.version=go1.19.9 http.request.host="127.0.0.1:60333" http.request.id=71242b43-31ac-4060-897d-701e77ccac18 http.request.method=GET http.request.remoteaddr="127.0.0.1:39712" http.request.uri="/v2/libpod/testimage/manifests/sha256:cb68b7bfd2f4f7d36006efbe3bef04b57a343e0839588476ca336d9ff9240dbf" http.request.useragent="containers/5.37.0 (github.com/containers/image)" http.response.contenttype="application/vnd.docker.distribution.manifest.v2+json" http.response.duration=1.464019ms http.response.status=200 http.response.written=528
Sep 10 06:10:44 cirrus-task-6632208376528896 docker-registry[725]: 127.0.0.1 - - [10/Sep/2025:06:10:44 -0500] "GET /v2/libpod/testimage/manifests/sha256:cb68b7bfd2f4f7d36006efbe3bef04b57a343e0839588476ca336d9ff9240dbf HTTP/1.1" 200 528 "" "containers/5.37.0 (github.com/containers/image)"
Sep 10 06:10:44 cirrus-task-6632208376528896 docker-registry[725]: time="2025-09-10T06:10:44.332810185-05:00" level=info msg="response completed" go.version=go1.19.9 http.request.host="127.0.0.1:60333" http.request.id=ba80e2a3-a05b-46eb-9888-9d0897d92b46 http.request.method=GET http.request.remoteaddr="127.0.0.1:39712" http.request.uri="/v2/libpod/testimage/manifests/sha256:9b7c3300f5f7cfe94e3101a28d1f0a28728f8dbc854fb16dd545b7e5aa351785" http.request.useragent="containers/5.37.0 (github.com/containers/image)" http.response.contenttype="application/vnd.docker.distribution.manifest.v2+json" http.response.duration=1.292999ms http.response.status=200 http.response.written=528
Sep 10 06:10:44 cirrus-task-6632208376528896 docker-registry[725]: 127.0.0.1 - - [10/Sep/2025:06:10:44 -0500] "GET /v2/libpod/testimage/manifests/sha256:9b7c3300f5f7cfe94e3101a28d1f0a28728f8dbc854fb16dd545b7e5aa351785 HTTP/1.1" 200 528 "" "containers/5.37.0 (github.com/containers/image)"
Sep 10 06:10:44 cirrus-task-6632208376528896 docker-registry[725]: time="2025-09-10T06:10:44.336645942-05:00" level=info msg="response completed" go.version=go1.19.9 http.request.host="127.0.0.1:60333" http.request.id=314c01ba-15bd-49fb-be0d-751972d4aa8b http.request.method=GET http.request.remoteaddr="127.0.0.1:39712" http.request.uri="/v2/libpod/testimage/manifests/sha256:1385ce282f3a959d0d6baf45636efe686c1e14c3e7240eb31907436f7bc531fa" http.request.useragent="containers/5.37.0 (github.com/containers/image)" http.response.contenttype="application/vnd.docker.distribution.manifest.v2+json" http.response.duration=2.96428ms http.response.status=200 http.response.written=527
Sep 10 06:10:44 cirrus-task-6632208376528896 docker-registry[725]: 127.0.0.1 - - [10/Sep/2025:06:10:44 -0500] "GET /v2/libpod/testimage/manifests/sha256:1385ce282f3a959d0d6baf45636efe686c1e14c3e7240eb31907436f7bc531fa HTTP/1.1" 200 527 "" "containers/5.37.0 (github.com/containers/image)"
Sep 10 06:10:44 cirrus-task-6632208376528896 registry[55525]: time="2025-09-10T11:10:44.339473841Z" level=info msg="response completed" go.version=go1.19.9 http.request.host="localhost:5007" http.request.id=95134d13-8c67-4c89-a13d-bd54fff6991f http.request.method=HEAD http.request.remoteaddr="10.128.15.222:43790" http.request.uri="/v2/list/blobs/sha256:6554ea5f1e4ab40a511f1a1b88aaa2b7da12e1be67afbf03b23da0411026dea9" http.request.useragent="containers/5.37.0 (github.com/containers/image)" http.response.contenttype="application/octet-stream" http.response.duration=8.237197ms http.response.status=200 http.response.written=0
Sep 10 06:10:44 cirrus-task-6632208376528896 registry[55525]: 10.128.15.222 - - [10/Sep/2025:11:10:44 +0000] "HEAD /v2/list/blobs/sha256:6554ea5f1e4ab40a511f1a1b88aaa2b7da12e1be67afbf03b23da0411026dea9 HTTP/1.1" 200 0 "" "containers/5.37.0 (github.com/containers/image)"
Sep 10 06:10:44 cirrus-task-6632208376528896 docker-registry[725]: time="2025-09-10T06:10:44.340293837-05:00" level=info msg="response completed" go.version=go1.19.9 http.request.host="127.0.0.1:60333" http.request.id=4781c43f-83ac-44f5-962c-807ceeec9e4d http.request.method=GET http.request.remoteaddr="127.0.0.1:39712" http.request.uri="/v2/libpod/testimage/manifests/sha256:1462c8e885d567d534d82004656c764263f98deda813eb379689729658a133fb" http.request.useragent="containers/5.37.0 (github.com/containers/image)" http.response.contenttype="application/vnd.docker.distribution.manifest.v2+json" http.response.duration=2.966417ms http.response.status=200 http.response.written=527
Sep 10 06:10:44 cirrus-task-6632208376528896 docker-registry[725]: 127.0.0.1 - - [10/Sep/2025:06:10:44 -0500] "GET /v2/libpod/testimage/manifests/sha256:1462c8e885d567d534d82004656c764263f98deda813eb379689729658a133fb HTTP/1.1" 200 527 "" "containers/5.37.0 (github.com/containers/image)"
Sep 10 06:10:44 cirrus-task-6632208376528896 registry[55525]: time="2025-09-10T11:10:44.342857101Z" level=info msg="response completed" go.version=go1.19.9 http.request.host="localhost:5007" http.request.id=3222c31c-9946-4657-a4e2-53b009ac7765 http.request.method=HEAD http.request.remoteaddr="10.128.15.222:43790" http.request.uri="/v2/list/blobs/sha256:4819930274ea2bd6ab611972f9928e07b84edcbfe1d2462fb2941957308dfae2" http.request.useragent="containers/5.37.0 (github.com/containers/image)" http.response.contenttype="application/octet-stream" http.response.duration=1.556074ms http.response.status=200 http.response.written=0
Sep 10 06:10:44 cirrus-task-6632208376528896 registry[55525]: 10.128.15.222 - - [10/Sep/2025:11:10:44 +0000] "HEAD /v2/list/blobs/sha256:4819930274ea2bd6ab611972f9928e07b84edcbfe1d2462fb2941957308dfae2 HTTP/1.1" 200 0 "" "containers/5.37.0 (github.com/containers/image)"
Sep 10 06:10:44 cirrus-task-6632208376528896 registry[55525]: 10.128.15.222 - - [10/Sep/2025:11:10:44 +0000] "PUT /v2/list/manifests/sha256:6b0dc7cfab8a6435dc5063cd775028b24b4a8d2a4b2a88675efbbf48d3bcfd9b HTTP/1.1" 201 0 "" "containers/5.37.0 (github.com/containers/image)"
Sep 10 06:10:44 cirrus-task-6632208376528896 registry[55525]: time="2025-09-10T11:10:44.346400362Z" level=info msg="response completed" go.version=go1.19.9 http.request.contenttype="application/vnd.oci.image.manifest.v1+json" http.request.host="localhost:5007" http.request.id=aed5e97f-6186-495a-b941-cb8f56e1e1d5 http.request.method=PUT http.request.remoteaddr="10.128.15.222:43790" http.request.uri="/v2/list/manifests/sha256:6b0dc7cfab8a6435dc5063cd775028b24b4a8d2a4b2a88675efbbf48d3bcfd9b" http.request.useragent="containers/5.37.0 (github.com/containers/image)" http.response.duration=1.72382ms http.response.status=201 http.response.written=0
Sep 10 06:10:44 cirrus-task-6632208376528896 registry[55525]: time="2025-09-10T11:10:44.351741742Z" level=info msg="response completed" go.version=go1.19.9 http.request.host="localhost:5007" http.request.id=e7a07973-dea9-4485-91b6-4960bf0fb335 http.request.method=HEAD http.request.remoteaddr="10.128.15.222:43790" http.request.uri="/v2/list/blobs/sha256:d8761bb9b4751d85618813b8f32d545dfb8dabc79ec8c2a59429851e8e5ee6f5" http.request.useragent="containers/5.37.0 (github.com/containers/image)" http.response.contenttype="application/octet-stream" http.response.duration=2.679499ms http.response.status=200 http.response.written=0
Sep 10 06:10:44 cirrus-task-6632208376528896 registry[55525]: 10.128.15.222 - - [10/Sep/2025:11:10:44 +0000] "HEAD /v2/list/blobs/sha256:d8761bb9b4751d85618813b8f32d545dfb8dabc79ec8c2a59429851e8e5ee6f5 HTTP/1.1" 200 0 "" "containers/5.37.0 (github.com/containers/image)"
